{"id":3,"date":"2009-02-18T13:53:35","date_gmt":"2009-02-18T12:53:35","guid":{"rendered":"https:\/\/blogs.fu-berlin.de\/bibliotheken\/?page_id=3"},"modified":"2025-09-16T11:17:25","modified_gmt":"2025-09-16T10:17:25","slug":"blog-info","status":"publish","type":"page","link":"https:\/\/blogs.fu-berlin.de\/bibliotheken\/blog-info\/","title":{"rendered":"Info"},"content":{"rendered":"\n<p><strong>BIBLIOBLOG <\/strong>ist das Weblog der <a href=\"https:\/\/blogs.fu-berlin.de\/bibliotheken\/system\/\">Universit\u00e4tsbibliothek<\/a> (UB) der Freien Universit\u00e4t Berlin. BIBLIOBLOG informiert \u00fcber vielf\u00e4ltige \u2013 digitale wie analoge \u2013 Angebote, Services und Aktivit\u00e4ten aus allen Bereichen und Standorten der Universit\u00e4tsbibliothek: \u00dcber Lernangebote, Schulungen, Fortbildungen u. a. Veranstaltungen, \u00fcber neue Datenbanken und Testdatenbanken, Wissenswertes zum Thema Nachhaltigkeit in Bibliotheken, Interessantes aus dem Bibliotheksalltag \u2013 und vieles mehr.<\/p>\n\n\n\n<p>Folgen Sie uns au\u00dferdem gerne auch bei <a href=\"https:\/\/www.instagram.com\/ub.fu.berlin\/\">Instagram<\/a> und <a rel=\"noreferrer noopener\" href=\"https:\/\/www.linkedin.com\/showcase\/ubfuberlin\/\" data-type=\"URL\" data-id=\"https:\/\/www.linkedin.com\/showcase\/ubfuberlin\/\" target=\"_blank\">LinkedIn<\/a> oder abonnieren Sie unseren <a href=\"https:\/\/www.fu-berlin.de\/sites\/ub\/service\/newsletter-archiv\/index.html\" data-type=\"URL\" data-id=\"https:\/\/www.fu-berlin.de\/sites\/ub\/service\/newsletter-archiv\/index.html\">Newsletter<\/a>.<\/p>\n\n\n\n<hr class=\"wp-block-separator has-alpha-channel-opacity\" \/>\n\n\n\n<h2 class=\"wp-block-heading\">Machen Sie mit &#8211; sagen Sie uns die Meinung!<\/h2>\n\n\n\n<p>Nutzen Sie die Kommentarfunktion, denn Ihre Meinung interessiert uns: einfach Name, E-Mail-Adresse und Kommentar eintragen und absenden.<\/p>\n\n\n\n<p>Wir freuen uns \u00fcber ein m\u00f6glichst lebendiges Blog \u2013 dennoch m\u00fcssen ein paar Regeln eingehalten werden, um eine sachliche Diskussion zu erm\u00f6glichen. Die Redaktion beh\u00e4lt sich vor, Beitr\u00e4ge nicht zu ver\u00f6ffentlichen, die einer sachlichen Diskussion nicht f\u00f6rderlich sind.<\/p>\n\n\n\n<p><strong>Bitte beachten Sie die <a href=\"https:\/\/de.wikipedia.org\/wiki\/Netiquette\">Netiquette<\/a>.<br>Was wir nicht dulden und auch nicht ver\u00f6ffentlichen:<\/strong><\/p>\n\n\n\n<ul class=\"wp-block-list\"><li>Der Missbrauch der Kommentarfunktion als Werbefl\u00e4che f\u00fcr Webseiten oder Dienste (Spamming)<\/li><li>Das kommerzielle oder private Anbieten von Waren oder Dienstleistungen.<\/li><li>Rassismus und Hasspropaganda<\/li><li>Pornografie und Obsz\u00f6nit\u00e4ten<\/li><li>Aufforderungen zu Gewalt gegen Personen, Institutionen oder Unternehmen<\/li><li>Beleidigungen und Entw\u00fcrdigungen von Personen in jeglicher Form<\/li><li>Verletzungen von Rechten Dritter (Personen, Institutionen, Organisationen, Unternehmen)<\/li><li>Aufruf zu Demonstrationen und Kundgebungen jeglicher politischen Richtung<\/li><li>Zitate ohne die Angabe einer Quelle bzw. des Urhebers.<\/li><li>Beitr\u00e4ge, die von den thematischen Vorgaben im Blog abweichen<\/li><\/ul>\n\n\n\n<p>Diese genannten Regeln gelten auch f\u00fcr die Verwendung von Benutzer*innennamen.<\/p>\n\n\n\n<p>Alle Nutzenden sind f\u00fcr die von ihnen publizierten Beitr\u00e4ge selbst verantwortlich.<\/p>\n\n\n\n<p>Die Redaktion beh\u00e4lt sich das Recht vor, Themen und Beitr\u00e4ge zu l\u00f6schen, zu bearbeiten, zu verschieben oder zu schlie\u00dfen.<br><\/p>\n\n\n\n<hr class=\"wp-block-separator has-alpha-channel-opacity\" \/>\n\n\n\n<h2 class=\"wp-block-heading\">Datenschutz<\/h2>\n\n\n\n<p>Wer einen Kommentar posten will, muss in der hierf\u00fcr vorgesehenen Eingabemaske einen Namen und eine E-Mail-Adresse eingeben. Daf\u00fcr muss nicht der Realname angegeben werden. Die E-Mail-Adresse wird nicht ver\u00f6ffentlicht.<\/p>\n\n\n\n<hr class=\"wp-block-separator has-alpha-channel-opacity\" \/>\n\n\n\n<p>Inhaltliche \u00c4nderungen und Erg\u00e4nzungen dieser Richtlinien behalten wir uns vor.<\/p>\n","protected":false},"excerpt":{"rendered":"<p>BIBLIOBLOG ist das Weblog der Universit\u00e4tsbibliothek (UB) der Freien Universit\u00e4t Berlin. BIBLIOBLOG informiert \u00fcber vielf\u00e4ltige \u2013 digitale wie analoge \u2013 Angebote, Services und Aktivit\u00e4ten aus allen Bereichen und Standorten der Universit\u00e4tsbibliothek: \u00dcber Lernangebote, Schulungen, Fortbildungen u. a. Veranstaltungen, \u00fcber neue Datenbanken und Testdatenbanken, Wissenswertes zum Thema Nachhaltigkeit in Bibliotheken, Interessantes aus dem Bibliotheksalltag \u2013 und &hellip; <a href=\"https:\/\/blogs.fu-berlin.de\/bibliotheken\/blog-info\/\" class=\"more-link\"><span class=\"screen-reader-text\">\u201eInfo\u201c<\/span> weiterlesen<\/a><\/p>\n","protected":false},"author":5,"featured_media":0,"parent":0,"menu_order":0,"comment_status":"closed","ping_status":"open","template":"","meta":{"footnotes":""},"class_list":["post-3","page","type-page","status-publish","hentry"],"_links":{"self":[{"href":"https:\/\/blogs.fu-berlin.de\/bibliotheken\/wp-json\/wp\/v2\/pages\/3","targetHints":{"allow":["GET"]}}],"collection":[{"href":"https:\/\/blogs.fu-berlin.de\/bibliotheken\/wp-json\/wp\/v2\/pages"}],"about":[{"href":"https:\/\/blogs.fu-berlin.de\/bibliotheken\/wp-json\/wp\/v2\/types\/page"}],"author":[{"embeddable":true,"href":"https:\/\/blogs.fu-berlin.de\/bibliotheken\/wp-json\/wp\/v2\/users\/5"}],"replies":[{"embeddable":true,"href":"https:\/\/blogs.fu-berlin.de\/bibliotheken\/wp-json\/wp\/v2\/comments?post=3"}],"version-history":[{"count":48,"href":"https:\/\/blogs.fu-berlin.de\/bibliotheken\/wp-json\/wp\/v2\/pages\/3\/revisions"}],"predecessor-version":[{"id":34184,"href":"https:\/\/blogs.fu-berlin.de\/bibliotheken\/wp-json\/wp\/v2\/pages\/3\/revisions\/34184"}],"wp:attachment":[{"href":"https:\/\/blogs.fu-berlin.de\/bibliotheken\/wp-json\/wp\/v2\/media?parent=3"}],"curies":[{"name":"wp","href":"https:\/\/api.w.org\/{rel}","templated":true}]}}

<p><strong>BIBLIOBLOG </strong>ist das Weblog der <a href="https://blogs.fu-berlin.de/bibliotheken/system/">Universitätsbibliothek</a> (UB) der Freien Universität Berlin. BIBLIOBLOG informiert über vielfältige – digitale wie analoge – Angebote, Services und Aktivitäten aus allen Bereichen und Standorten der Universitätsbibliothek: Über Lernangebote, Schulungen, Fortbildungen u. a. Veranstaltungen, über neue Datenbanken und Testdatenbanken, Wissenswertes zum Thema Nachhaltigkeit in Bibliotheken, Interessantes aus dem Bibliotheksalltag – und vieles mehr.</p>



<p>Folgen Sie uns außerdem gerne auch bei <a href="https://www.instagram.com/ub.fu.berlin/">Instagram</a> und <a rel="noreferrer noopener" href="https://www.linkedin.com/showcase/ubfuberlin/" data-type="URL" data-id="https://www.linkedin.com/showcase/ubfuberlin/" target="_blank">LinkedIn</a> oder abonnieren Sie unseren <a href="https://www.fu-berlin.de/sites/ub/service/newsletter-archiv/index.html" data-type="URL" data-id="https://www.fu-berlin.de/sites/ub/service/newsletter-archiv/index.html">Newsletter</a>.</p>



<hr class="wp-block-separator has-alpha-channel-opacity" />



<h2 class="wp-block-heading">Machen Sie mit &#8211; sagen Sie uns die Meinung!</h2>



<p>Nutzen Sie die Kommentarfunktion, denn Ihre Meinung interessiert uns: einfach Name, E-Mail-Adresse und Kommentar eintragen und absenden.</p>



<p>Wir freuen uns über ein möglichst lebendiges Blog – dennoch müssen ein paar Regeln eingehalten werden, um eine sachliche Diskussion zu ermöglichen. Die Redaktion behält sich vor, Beiträge nicht zu veröffentlichen, die einer sachlichen Diskussion nicht förderlich sind.</p>



<p><strong>Bitte beachten Sie die <a href="https://de.wikipedia.org/wiki/Netiquette">Netiquette</a>.<br>Was wir nicht dulden und auch nicht veröffentlichen:</strong></p>



<ul class="wp-block-list"><li>Der Missbrauch der Kommentarfunktion als Werbefläche für Webseiten oder Dienste (Spamming)</li><li>Das kommerzielle oder private Anbieten von Waren oder Dienstleistungen.</li><li>Rassismus und Hasspropaganda</li><li>Pornografie und Obszönitäten</li><li>Aufforderungen zu Gewalt gegen Personen, Institutionen oder Unternehmen</li><li>Beleidigungen und Entwürdigungen von Personen in jeglicher Form</li><li>Verletzungen von Rechten Dritter (Personen, Institutionen, Organisationen, Unternehmen)</li><li>Aufruf zu Demonstrationen und Kundgebungen jeglicher politischen Richtung</li><li>Zitate ohne die Angabe einer Quelle bzw. des Urhebers.</li><li>Beiträge, die von den thematischen Vorgaben im Blog abweichen</li></ul>



<p>Diese genannten Regeln gelten auch für die Verwendung von Benutzer*innennamen.</p>



<p>Alle Nutzenden sind für die von ihnen publizierten Beiträge selbst verantwortlich.</p>



<p>Die Redaktion behält sich das Recht vor, Themen und Beiträge zu löschen, zu bearbeiten, zu verschieben oder zu schließen.<br></p>



<hr class="wp-block-separator has-alpha-channel-opacity" />



<h2 class="wp-block-heading">Datenschutz</h2>



<p>Wer einen Kommentar posten will, muss in der hierfür vorgesehenen Eingabemaske einen Namen und eine E-Mail-Adresse eingeben. Dafür muss nicht der Realname angegeben werden. Die E-Mail-Adresse wird nicht veröffentlicht.</p>



<hr class="wp-block-separator has-alpha-channel-opacity" />



<p>Inhaltliche Änderungen und Ergänzungen dieser Richtlinien behalten wir uns vor.</p>

<p>BIBLIOBLOG ist das Weblog der Universitätsbibliothek (UB) der Freien Universität Berlin. BIBLIOBLOG informiert über vielfältige – digitale wie analoge – Angebote, Services und Aktivitäten aus allen Bereichen und Standorten der Universitätsbibliothek: Über Lernangebote, Schulungen, Fortbildungen u. a. Veranstaltungen, über neue Datenbanken und Testdatenbanken, Wissenswertes zum Thema Nachhaltigkeit in Bibliotheken, Interessantes aus dem Bibliotheksalltag – und &hellip; <a href="https://blogs.fu-berlin.de/bibliotheken/blog-info/" class="more-link"><span class="screen-reader-text">„Info“</span> weiterlesen</a></p>
