{"id":1681,"date":"2022-05-13T13:52:51","date_gmt":"2022-05-13T11:52:51","guid":{"rendered":"https:\/\/blogs.fu-berlin.de\/campusrun\/?page_id=1681"},"modified":"2026-01-06T13:40:49","modified_gmt":"2026-01-06T12:40:49","slug":"einschraenkungen-rund-um-die-veranstaltung","status":"publish","type":"page","link":"https:\/\/blogs.fu-berlin.de\/campusrun\/einschraenkungen-rund-um-die-veranstaltung\/","title":{"rendered":"Einschr\u00e4nkungen rund um die Veranstaltung"},"content":{"rendered":"\n<p>Im Rahmen des Campus Runs und Sommerfestes kommt es am 25.6.2026 zu einigen Einschr\u00e4nkungen, \u00fcber die wir an dieser Stelle informieren m\u00f6chten.<\/p>\n\n\n\n<h2 class=\"wp-block-heading\"><strong>Parkplatzsituation<\/strong><\/h2>\n\n\n\n<p>Aufgrund des <a href=\"https:\/\/blogs.fu-berlin.de\/sommerfest\/files\/2023\/05\/streckenplan23.jpg\">Streckenverlaufs<\/a> beim Campus Run gibt es einige Halteverbotszonen, die durch entsprechende Schilder rechtzeitig vorher angek\u00fcndigt werden. Um die Sicherheit der L\u00e4ufer*innen zu gew\u00e4hrleisten, werden wir auch alle Fahrzeuge abschleppen lassen, die am Veranstaltungstag im Halteverbot stehen.<br>Das Parkdeck in der Otto-von-Simson-Stra\u00dfe (Zufahrt nur bis 16 Uhr und dann wieder ab 18:30 Uhr) sowie der Parkplatz mit Zufahrt von der Habelschwerdter Allee sind auch am 25.6. verf\u00fcgbar und k\u00f6nnen genutzt werden.<br> <br><\/p>\n\n\n\n<h2 class=\"wp-block-heading\"><strong>Stra\u00dfensperrungen<\/strong><\/h2>\n\n\n\n<p>Auf der gesamten <a href=\"https:\/\/blogs.fu-berlin.de\/sommerfest\/files\/2023\/05\/streckenplan23.jpg\">Strecke<\/a> kommt es zwischen 16 und voraussichtlich 18.30 Uhr zu Stra\u00dfensperrungen. Wir raten, den Bereich weitr\u00e4umig zu umfahren. Bitte folgen Sie den Anweisungen unserer Streckenposten und haben Verst\u00e4ndnis f\u00fcr die Einschr\u00e4nkungen. Auch Radfahrer*innen und Fu\u00dfg\u00e4nger*innen m\u00fcssen sich auf Behinderungen rund um die Veranstaltungen einstellen.<br> <br><\/p>\n\n\n\n<h2 class=\"wp-block-heading\"><strong>L\u00e4rmbel\u00e4stigung<\/strong><\/h2>\n\n\n\n<p>Zwischen 16 und 21 Uhr ist aufgrund der Livemusik und der Moderation mit einer erh\u00f6hten akustischen Belastung zu rechnen. Wir haben jedoch Auflagen hinsichtlich der Lautst\u00e4rke erhalten, an die wir uns auch halten werden. Dennoch ist damit zu rechnen, dass Anlieger*innen, Besch\u00e4ftigte und Studierende in der N\u00e4he des Start-\/Zielbereiches (Platz vor der Holzlaube in der Fabeckstra\u00dfe) durch L\u00e4rm beeintr\u00e4chtigt werden k\u00f6nnen.<br> <br><\/p>\n\n\n\n<h2 class=\"wp-block-heading\"><strong>Einschr\u00e4nkungen f\u00fcr Anwohner*innen<\/strong><\/h2>\n\n\n\n<p>Alle von der <a href=\"https:\/\/blogs.fu-berlin.de\/sommerfest\/files\/2023\/05\/streckenplan23.jpg\">Stra\u00dfensperrung<\/a> betroffenen Anlieger*innen erhalten von uns eine postalische Benachrichtigung \u00fcber die Stra\u00dfensperrungen. In den angegebenen Zeiten wird es nicht m\u00f6glich sein, Stra\u00dfen zu befahren. Dieses gilt auch f\u00fcr Anlieger*innen!<br> <\/p>\n\n\n\n<p>Insgesamt werden wir versuchen, die Einschr\u00e4nkungen auf ein Minimum zu reduzieren und rechtzeitig alle Beteiligten zu informieren. Wir bitten um Verst\u00e4ndnis, dass es trotzdem zu Einschr\u00e4nkungen kommen kann und laden alle Beteiligten herzlich ein, gemeinsam mit uns auf dem Festgel\u00e4nde zu feiern. Der Eintritt ist frei!<\/p>\n","protected":false},"excerpt":{"rendered":"<p>Im Rahmen des Campus Runs und Sommerfestes kommt es am 25.6.2026 zu einigen Einschr\u00e4nkungen, \u00fcber die wir an dieser Stelle informieren m\u00f6chten. Parkplatzsituation Aufgrund des Streckenverlaufs beim Campus Run gibt es einige Halteverbotszonen, die durch entsprechende Schilder rechtzeitig vorher angek\u00fcndigt werden. Um die Sicherheit der L\u00e4ufer*innen zu gew\u00e4hrleisten, werden wir auch alle Fahrzeuge abschleppen lassen, &hellip; <a href=\"https:\/\/blogs.fu-berlin.de\/campusrun\/einschraenkungen-rund-um-die-veranstaltung\/\" class=\"more-link\"><span class=\"screen-reader-text\">\u201eEinschr\u00e4nkungen rund um die Veranstaltung\u201c<\/span> weiterlesen<\/a><\/p>\n","protected":false},"author":2541,"featured_media":2718,"parent":0,"menu_order":0,"comment_status":"closed","ping_status":"closed","template":"","meta":{"footnotes":""},"class_list":["post-1681","page","type-page","status-publish","has-post-thumbnail","hentry"],"_links":{"self":[{"href":"https:\/\/blogs.fu-berlin.de\/campusrun\/wp-json\/wp\/v2\/pages\/1681","targetHints":{"allow":["GET"]}}],"collection":[{"href":"https:\/\/blogs.fu-berlin.de\/campusrun\/wp-json\/wp\/v2\/pages"}],"about":[{"href":"https:\/\/blogs.fu-berlin.de\/campusrun\/wp-json\/wp\/v2\/types\/page"}],"author":[{"embeddable":true,"href":"https:\/\/blogs.fu-berlin.de\/campusrun\/wp-json\/wp\/v2\/users\/2541"}],"replies":[{"embeddable":true,"href":"https:\/\/blogs.fu-berlin.de\/campusrun\/wp-json\/wp\/v2\/comments?post=1681"}],"version-history":[{"count":17,"href":"https:\/\/blogs.fu-berlin.de\/campusrun\/wp-json\/wp\/v2\/pages\/1681\/revisions"}],"predecessor-version":[{"id":2732,"href":"https:\/\/blogs.fu-berlin.de\/campusrun\/wp-json\/wp\/v2\/pages\/1681\/revisions\/2732"}],"wp:featuredmedia":[{"embeddable":true,"href":"https:\/\/blogs.fu-berlin.de\/campusrun\/wp-json\/wp\/v2\/media\/2718"}],"wp:attachment":[{"href":"https:\/\/blogs.fu-berlin.de\/campusrun\/wp-json\/wp\/v2\/media?parent=1681"}],"curies":[{"name":"wp","href":"https:\/\/api.w.org\/{rel}","templated":true}]}}