{"id":1973,"date":"2023-05-08T09:42:48","date_gmt":"2023-05-08T07:42:48","guid":{"rendered":"https:\/\/blogs.fu-berlin.de\/campusrun\/?page_id=1973"},"modified":"2026-01-06T13:34:48","modified_gmt":"2026-01-06T12:34:48","slug":"mehrwegbecher","status":"publish","type":"page","link":"https:\/\/blogs.fu-berlin.de\/campusrun\/mehrwegbecher\/","title":{"rendered":"Mehrwegbecher"},"content":{"rendered":"\n<p>Die Campus Run Streckenverpflegung arbeitet mit dem neuen SPRINT Mehrwegbecher, wir verzichten somit komplett auf \u00fcber 3.000 Einwegbecher und tuen etwas Gutes f\u00fcr die Umwelt.<\/p>\n\n\n\n<p>Der SPRINT Mehrwegbecher stellt kein Risiko f\u00fcr unsere L\u00e4ufer*innen dar, da er mit sechs Sollbruchstellen konzipiert wurde. Der neue Becher wird dar\u00fcber hinaus aus einem Granulat produziert, das \u00fcberwiegend aus nachwachsenden Rohstoffen besteht. Sollte der Becher nach dem Einsatz defekt sein oder ist seine Lebensdauer nach bis zu 300 Sp\u00fclvorg\u00e4ngen erreicht, wird er zu 100% recycelt und das Material neu verarbeitet.&nbsp;<\/p>\n\n\n\n<p><strong>So kannst du uns unterst\u00fctzen:<\/strong><\/p>\n\n\n\n<p>Wirf nach dem Trinken die Becher in die markierten Tonnen neben der Laufstrecke. So k\u00f6nnen wir die Becher einsammeln und nach einer gr\u00fcndlichen Reinigung f\u00fcr die n\u00e4chsten Events wieder nutzen.<\/p>\n","protected":false},"excerpt":{"rendered":"<p>Die Campus Run Streckenverpflegung arbeitet mit dem neuen SPRINT Mehrwegbecher, wir verzichten somit komplett auf \u00fcber 3.000 Einwegbecher und tuen etwas Gutes f\u00fcr die Umwelt. Der SPRINT Mehrwegbecher stellt kein Risiko f\u00fcr unsere L\u00e4ufer*innen dar, da er mit sechs Sollbruchstellen konzipiert wurde. Der neue Becher wird dar\u00fcber hinaus aus einem Granulat produziert, das \u00fcberwiegend aus &hellip; <a href=\"https:\/\/blogs.fu-berlin.de\/campusrun\/mehrwegbecher\/\" class=\"more-link\"><span class=\"screen-reader-text\">\u201eMehrwegbecher\u201c<\/span> weiterlesen<\/a><\/p>\n","protected":false},"author":4131,"featured_media":2718,"parent":0,"menu_order":0,"comment_status":"closed","ping_status":"closed","template":"","meta":{"footnotes":""},"class_list":["post-1973","page","type-page","status-publish","has-post-thumbnail","hentry"],"_links":{"self":[{"href":"https:\/\/blogs.fu-berlin.de\/campusrun\/wp-json\/wp\/v2\/pages\/1973","targetHints":{"allow":["GET"]}}],"collection":[{"href":"https:\/\/blogs.fu-berlin.de\/campusrun\/wp-json\/wp\/v2\/pages"}],"about":[{"href":"https:\/\/blogs.fu-berlin.de\/campusrun\/wp-json\/wp\/v2\/types\/page"}],"author":[{"embeddable":true,"href":"https:\/\/blogs.fu-berlin.de\/campusrun\/wp-json\/wp\/v2\/users\/4131"}],"replies":[{"embeddable":true,"href":"https:\/\/blogs.fu-berlin.de\/campusrun\/wp-json\/wp\/v2\/comments?post=1973"}],"version-history":[{"count":6,"href":"https:\/\/blogs.fu-berlin.de\/campusrun\/wp-json\/wp\/v2\/pages\/1973\/revisions"}],"predecessor-version":[{"id":2248,"href":"https:\/\/blogs.fu-berlin.de\/campusrun\/wp-json\/wp\/v2\/pages\/1973\/revisions\/2248"}],"wp:featuredmedia":[{"embeddable":true,"href":"https:\/\/blogs.fu-berlin.de\/campusrun\/wp-json\/wp\/v2\/media\/2718"}],"wp:attachment":[{"href":"https:\/\/blogs.fu-berlin.de\/campusrun\/wp-json\/wp\/v2\/media?parent=1973"}],"curies":[{"name":"wp","href":"https:\/\/api.w.org\/{rel}","templated":true}]}}