{"id":859,"date":"2020-07-28T16:28:48","date_gmt":"2020-07-28T14:28:48","guid":{"rendered":"https:\/\/blogs.fu-berlin.de\/campusrun\/?page_id=859"},"modified":"2026-01-06T13:33:01","modified_gmt":"2026-01-06T12:33:01","slug":"laufrouten","status":"publish","type":"page","link":"https:\/\/blogs.fu-berlin.de\/campusrun\/laufrouten\/","title":{"rendered":"Laufstrecke"},"content":{"rendered":"\n<p>Die Teilnehmerinnen und Teilnehmer des&nbsp;Campus Runs&nbsp;k\u00f6nnen in vier Kategorien je nach Altersklasse und Lauftempo an den Start gehen: <\/p>\n\n\n\n<h2 class=\"wp-block-heading\">KIDS Lauf (1 km)<\/h2>\n\n\n\n<p>F\u00fcr Kinder bis zehn Jahre (Jahrgang 2016 und j\u00fcnger) <br>Start: 16:30 Uhr I <a href=\"https:\/\/www.alltrails.com\/explore\/map\/karte-7-juni-2022-6-18-uhr-41f860e?u=m\" target=\"_blank\" rel=\"noreferrer noopener\">Streckenverlauf<\/a><\/p>\n\n\n\n<figure class=\"wp-block-image size-full is-style-default\"><img loading=\"lazy\" decoding=\"async\" width=\"690\" height=\"640\" src=\"https:\/\/blogs.fu-berlin.de\/campusrun\/files\/2022\/06\/KIDS-Lauf-1.jpg\" alt=\"\" class=\"wp-image-1761\" srcset=\"https:\/\/blogs.fu-berlin.de\/campusrun\/files\/2022\/06\/KIDS-Lauf-1.jpg 690w, https:\/\/blogs.fu-berlin.de\/campusrun\/files\/2022\/06\/KIDS-Lauf-1-300x278.jpg 300w\" sizes=\"auto, (max-width: 690px) 85vw, 690px\" \/><\/figure>\n\n\n\n<h2 class=\"wp-block-heading\">2,5km (1 Runde) und 5 km (2 Runden)<\/h2>\n\n\n\n<p>F\u00fcr alle, die sich erst noch &#8222;herantasten&#8220; wollen!<br>Start: 17:15 Uhr I  <a href=\"https:\/\/www.alltrails.com\/de\/explore\/map\/campus-run-2022-2-5-km-runde-45c166d?u=m&amp;sh=kn7eiq\" target=\"_blank\" rel=\"noreferrer noopener\">Streckenverlauf<\/a><\/p>\n\n\n\n<h2 class=\"wp-block-heading\">7,5 km (3 Runden)<\/h2>\n\n\n\n<p>F\u00fcr alle sportliche Ambitionierten!<br>Start: 17:15 Uhr I  <a href=\"https:\/\/www.alltrails.com\/de\/explore\/map\/campus-run-2022-2-5-km-runde-45c166d?u=m&amp;sh=kn7eiq\" target=\"_blank\" rel=\"noreferrer noopener\">Streckenverlauf<\/a><\/p>\n\n\n\n<h2 class=\"wp-block-heading\">10 km (4 Runden)<\/h2>\n\n\n\n<p>Die Herausforderung f\u00fcr alle Laufbegeisterten!<br>Start: 17:15 Uhr I  <a href=\"https:\/\/www.alltrails.com\/de\/explore\/map\/campus-run-2022-2-5-km-runde-45c166d?u=m&amp;sh=kn7eiq\" target=\"_blank\" rel=\"noreferrer noopener\">Streckenverlauf<\/a><\/p>\n\n\n\n<p><br><strong>Die Strecken sind nicht amtlich vermessen und damit nicht bestenlistentauglich.<\/strong><\/p>\n\n\n\n<h2 class=\"wp-block-heading\">Streckenplan 2,5 km Runde<\/h2>\n\n\n\n<figure class=\"wp-block-image size-large\"><a href=\"https:\/\/blogs.fu-berlin.de\/campusrun\/files\/2023\/05\/Laufstrecke_CR_2023.jpg\"><img loading=\"lazy\" decoding=\"async\" width=\"1024\" height=\"979\" src=\"https:\/\/blogs.fu-berlin.de\/campusrun\/files\/2023\/05\/Laufstrecke_CR_2023-1024x979.jpg\" alt=\"\" class=\"wp-image-2044\" srcset=\"https:\/\/blogs.fu-berlin.de\/campusrun\/files\/2023\/05\/Laufstrecke_CR_2023-1024x979.jpg 1024w, https:\/\/blogs.fu-berlin.de\/campusrun\/files\/2023\/05\/Laufstrecke_CR_2023-300x287.jpg 300w, https:\/\/blogs.fu-berlin.de\/campusrun\/files\/2023\/05\/Laufstrecke_CR_2023-768x734.jpg 768w, https:\/\/blogs.fu-berlin.de\/campusrun\/files\/2023\/05\/Laufstrecke_CR_2023.jpg 1027w\" sizes=\"auto, (max-width: 709px) 85vw, (max-width: 909px) 67vw, (max-width: 1362px) 62vw, 840px\" \/><\/a><\/figure>\n\n\n\n<p><\/p>\n\n\n\n<h2 class=\"wp-block-heading\">F\u00fcr euch auf der Strecke<\/h2>\n\n\n\n<h2 class=\"wp-block-heading\">TBA<\/h2>\n\n\n\n<p><\/p>\n","protected":false},"excerpt":{"rendered":"<p>Die Teilnehmerinnen und Teilnehmer des&nbsp;Campus Runs&nbsp;k\u00f6nnen in vier Kategorien je nach Altersklasse und Lauftempo an den Start gehen: KIDS Lauf (1 km) F\u00fcr Kinder bis zehn Jahre (Jahrgang 2016 und j\u00fcnger) Start: 16:30 Uhr I Streckenverlauf 2,5km (1 Runde) und 5 km (2 Runden) F\u00fcr alle, die sich erst noch &#8222;herantasten&#8220; wollen!Start: 17:15 Uhr I &hellip; <a href=\"https:\/\/blogs.fu-berlin.de\/campusrun\/laufrouten\/\" class=\"more-link\"><span class=\"screen-reader-text\">\u201eLaufstrecke\u201c<\/span> weiterlesen<\/a><\/p>\n","protected":false},"author":4131,"featured_media":2718,"parent":0,"menu_order":0,"comment_status":"closed","ping_status":"closed","template":"","meta":{"footnotes":""},"class_list":["post-859","page","type-page","status-publish","has-post-thumbnail","hentry"],"_links":{"self":[{"href":"https:\/\/blogs.fu-berlin.de\/campusrun\/wp-json\/wp\/v2\/pages\/859","targetHints":{"allow":["GET"]}}],"collection":[{"href":"https:\/\/blogs.fu-berlin.de\/campusrun\/wp-json\/wp\/v2\/pages"}],"about":[{"href":"https:\/\/blogs.fu-berlin.de\/campusrun\/wp-json\/wp\/v2\/types\/page"}],"author":[{"embeddable":true,"href":"https:\/\/blogs.fu-berlin.de\/campusrun\/wp-json\/wp\/v2\/users\/4131"}],"replies":[{"embeddable":true,"href":"https:\/\/blogs.fu-berlin.de\/campusrun\/wp-json\/wp\/v2\/comments?post=859"}],"version-history":[{"count":64,"href":"https:\/\/blogs.fu-berlin.de\/campusrun\/wp-json\/wp\/v2\/pages\/859\/revisions"}],"predecessor-version":[{"id":2730,"href":"https:\/\/blogs.fu-berlin.de\/campusrun\/wp-json\/wp\/v2\/pages\/859\/revisions\/2730"}],"wp:featuredmedia":[{"embeddable":true,"href":"https:\/\/blogs.fu-berlin.de\/campusrun\/wp-json\/wp\/v2\/media\/2718"}],"wp:attachment":[{"href":"https:\/\/blogs.fu-berlin.de\/campusrun\/wp-json\/wp\/v2\/media?parent=859"}],"curies":[{"name":"wp","href":"https:\/\/api.w.org\/{rel}","templated":true}]}}