{"id":877,"date":"2020-07-29T10:05:10","date_gmt":"2020-07-29T08:05:10","guid":{"rendered":"https:\/\/blogs.fu-berlin.de\/campusrun\/?page_id=877"},"modified":"2026-04-23T17:06:50","modified_gmt":"2026-04-23T15:06:50","slug":"faq","status":"publish","type":"page","link":"https:\/\/blogs.fu-berlin.de\/campusrun\/faq\/","title":{"rendered":"FAQs"},"content":{"rendered":"\n<p>Noch nicht alles klar? Hier hast Du die wichtigsten Fragen und Antworten auf einem Blick.<\/p>\n\n\n\n<hr class=\"wp-block-separator has-alpha-channel-opacity\" \/>\n\n\n\n<p class=\"has-large-font-size\"><strong>Anmeldung<\/strong><\/p>\n\n\n\n<p><strong>Bis wann muss ich mich anmelden?<\/strong><\/p>\n\n\n\n<p class=\"has-dark-gray-color has-text-color\">Eine Anmeldung f\u00fcr den Campus Run 2026 ist bis zum 18.06.2026 m\u00f6glich.<\/p>\n\n\n\n<p><strong>Darf ich als Externe:r, Student:in oder Mitarbeiter:in einer anderen Universit\u00e4t am Campus Run teilnehmen?<\/strong><\/p>\n\n\n\n<p class=\"has-dark-gray-color has-text-color\">Ja, am Campus Run d\u00fcrfen auch externe Personen teilnehmen. Beachte, dass Du bei Deiner Anmeldung Deinen aktuellen Status angibst.<\/p>\n\n\n\n<p><strong>Wie k\u00f6nnen wir uns als Team anmelden?<\/strong><\/p>\n\n\n\n<p class=\"has-dark-gray-color has-text-color\">Bei der Anmeldung f\u00fcr den Campus Run bitte den Teamnamen angeben. Achtet darauf, dass der Teamname von Dir und Deinen Teammitgliedern bei der Anmeldung identisch ist. <\/p>\n\n\n\n<p><strong>Kann ich mich auf eine andere Streckenl\u00e4nge ummelden?<\/strong><\/p>\n\n\n\n<p>Ja, solltest Du Deine Laufdistanz noch einmal \u00e4ndern wollen, kannst Du das mit einer Email an info@hochschulsport.fu-berlin.de beantragen.<\/p>\n\n\n\n<p><strong>Kann ich meinen Startplatz an jemanden \u00fcbertragen?<\/strong><\/p>\n\n\n\n<p>Ja, auch das ist bis Meldeschluss m\u00f6glich. Melde Dich daf\u00fcr mit den Daten der Person, die f\u00fcr Dich an den Start geht, bei info@hochschulsport.fu-berlin.de<\/p>\n\n\n\n<p><strong>Wie kann ich meine Buchung stornieren?<\/strong><\/p>\n\n\n\n<p>Eine Stornierung und R\u00fcckerstattung der Startgeb\u00fchren ist nur im Krankheitsfall und mit Vorlage eines Attests <strong>bis 7 Tage vor der Laufveranstaltung<\/strong> m\u00f6glich. Melde dich daf\u00fcr bei info@hochschulsport.fu-berlin.de<\/p>\n\n\n\n<hr class=\"wp-block-separator has-alpha-channel-opacity\" \/>\n\n\n\n<p class=\"has-large-font-size\"><strong>Startunterlagen <\/strong><\/p>\n\n\n\n<p><strong>Kann ich meine Startunterlagen schon im Vorfeld abholen?<\/strong><\/p>\n\n\n\n<p>Damit der Lauftag m\u00f6glichst entspannt f\u00fcr alle Beteiligten verl\u00e4uft, m\u00f6chten wir <strong>dringend darum bitten,<\/strong>&nbsp;<strong>die Startunterlagen<\/strong>&nbsp;<strong>bereits vor dem Lauftag abzuholen<\/strong>! Die Ausgabe erfolgt an folgenden Tagen:<br><br><strong>22.06. (Mo)&nbsp;&nbsp;&nbsp;&nbsp;&nbsp;&nbsp;12:00 \u2013 18:00 Uhr<br>23.06. (Di)&nbsp;&nbsp;&nbsp;&nbsp;&nbsp;&nbsp;&nbsp;&nbsp;08:00 \u2013 13:00 Uhr und 14:00 \u2013 18:00 Uhr<br>24.06. (Mi)&nbsp;&nbsp;&nbsp;&nbsp;&nbsp;&nbsp;&nbsp;08:00 \u2013 13:00 Uhr und 14:00 \u2013 18:00 Uhr<\/strong><br><br>Wo?&nbsp;<a href=\"https:\/\/goo.gl\/maps\/Txct7Q9rKzhN1Me86\" target=\"_blank\" rel=\"noreferrer noopener\"><strong>UniSport Gesch\u00e4ftsstelle<\/strong><\/a>, K\u00f6nigin-Luise-Stra\u00dfe 47, n\u00e4he Haltestelle U-Dahlem Dorf<\/p>\n\n\n\n<p>Damit der Lauftag m\u00f6glichst entspannt f\u00fcr alle Beteiligten verl\u00e4uft, m\u00f6chten wir dringend darum bitten, die Startunterlagen bereits vor dem 25.06. abzuholen!<\/p>\n\n\n\n<p>Am Lauftag selber k\u00f6nnen die Unterlagen ab 15 Uhr abgeholt werden, die Ausgabe erfolgt am Infozelt des UniSports in der N\u00e4he des Start- und Zielbereiches.<\/p>\n\n\n\n<p><strong>Kann ich Unterlagen f\u00fcr ein Team gesammelt abholen?<\/strong><\/p>\n\n\n\n<p>Gerne! F\u00fcr Teams ab 5 Personen k\u00f6nnen die Unterlagen gesammelt abgeholt werden. Bitte hier die Mitl\u00e4ufer*innen entsprechend informieren, damit alle Bescheid wissen und niemand umsonst kommt! Bitte bis zum 21.6. eine Mail an&nbsp;<a href=\"mailto:franziska.hessmann@fu-berlin.de\">franziska.hessmann@fu-berlin.de<\/a>&nbsp;schicken, damit wir die Unterlagen vorab sortieren. Dann geht es bei der Abholung schneller!<\/p>\n\n\n\n<hr class=\"wp-block-separator has-alpha-channel-opacity\" \/>\n\n\n\n<p class=\"has-large-font-size\"><strong>Ergebnisse<\/strong><\/p>\n\n\n\n<p><strong>Wo kann ich die Ergebnisse einsehen?<\/strong><\/p>\n\n\n\n<p class=\"has-dark-gray-color has-text-color\">Die Live-Ergebnisse sind noch w\u00e4hrend des Laufes unter&nbsp;<a href=\"https:\/\/www.berlin-timing.de\/\" target=\"_blank\" rel=\"noreferrer noopener\">https:\/\/www.berlin-timing.de<\/a>&nbsp;&nbsp;(unter \u201eLive-Ergebnisse\u201c) zu finden. Alle Ergebnislisten inklusive Urkundendruck stehen nach dem Lauf online unter:&nbsp;<a href=\"https:\/\/www.berlin-timing.de\/Campus-Run-Berlin\" target=\"_blank\" rel=\"noreferrer noopener\">https:\/\/www.berlin-timing.de\/Campus-Run-Berlin<\/a>&nbsp;zur Verf\u00fcgung! Sollte es Probleme mit der Zeitnahme gegeben haben, bitte an&nbsp;&nbsp;<a href=\"mailto:Info@Berlin-Timing.de\" target=\"_blank\" rel=\"noreferrer noopener\">Info@Berlin-Timing.de<\/a>&nbsp;wenden. <\/p>\n\n\n\n<p><strong>Wird mein Name auf den Ergebnislisten sichtbar sein?<\/strong><\/p>\n\n\n\n<p>Ja, durch deine Anmeldung erscheinst du auf der Ergebnisliste unseres Zeitnehmers. Nur so kann eine eindeutiges Dokumentieren der Ergebnisse gew\u00e4hrleistet werden.<\/p>\n\n\n\n<hr class=\"wp-block-separator has-alpha-channel-opacity\" \/>\n\n\n\n<p class=\"has-large-font-size\"><strong>Wertungen<\/strong><\/p>\n\n\n\n<p class=\"has-dark-gray-color has-text-color\">Einzelwertungen f\u00fcr die Strecken 1km (KIDS-Lauf), 2,5km, 5km, 7,5km und 10km: keine Ehrung vor Ort, online abrufbar, Urkundendruck online<\/p>\n\n\n\n<hr class=\"wp-block-separator has-alpha-channel-opacity\" \/>\n\n\n\n<p class=\"has-large-font-size\"><strong>Ehrungen und Preise<\/strong><\/p>\n\n\n\n<p>Alle Kinder erhalten direkt nach dem Lauf eine Medaille, Urkunden k\u00f6nnen online ausgedruckt werden.&nbsp;Ab ca. 18:30 Uhr findet die Ehrung auf der gro\u00dfen Eventb\u00fchne statt. Wir haben diese extrem gek\u00fcrzt und m\u00f6chten alle L\u00e4ufer*innen herzlich einladen, f\u00fcr einen w\u00fcrdigen Rahmen zu sorgen. Es gibt lediglich folgende Wertungen, die im Rahmen der Ehrung ausgezeichnet werden:<\/p>\n\n\n\n<ol class=\"wp-block-list\">\n<li><strong>Teamwertung<\/strong>: Platz 1-3 (zahlenm\u00e4\u00dfig gr\u00f6\u00dfte Teams) &gt; 500 \u20ac I 300 \u20ac I 200 \u20ac<br><em>pr\u00e4sentiert von ERNST-REUTER-GESELLSCHAFT<\/em><br><\/li>\n\n\n\n<li><strong>Kost\u00fcmwertung (Hauptlauf)<\/strong><em>:<br><\/em>Wirf\u2018 dich in Schale und zeige allen L\u00e4ufer*innen deine kreative Ader!&nbsp;F\u00fcr&nbsp;die Gewinner*innen haben wir ph\u00e4nomenale Preise parat: Heide Park Tickets uvm.. \u00dcberzeuge unsere Jury, die sich am Ende des Tunnels (ca. bei KM 2) befindet!&nbsp;<\/li>\n<\/ol>\n\n\n\n<p class=\"has-dark-gray-color has-text-color\"><strong>Details zur Teamwertung<\/strong><\/p>\n\n\n\n<p class=\"has-dark-gray-color has-text-color\">Die drei teilnehmerst\u00e4rksten Teams werden durch die Ernst-Reuter-Gesellschaft mit Preisen geehrt (Platz 1: 500 Euro, Platz 2: 300 Euro, Platz 3: 200 Euro). <br>Zus\u00e4tzlich erh\u00e4lt das gr\u00f6\u00dfte \u201eFU-interne\u201c Team noch einmal 500 Euro als Bonus! Es lohnt sich also, m\u00f6glichst viele Kolleg*innen und\/oder Kommilitonen*innen zusammenzutrommeln, die sich alle mit gleichem Teamnamen anmelden!<\/p>\n\n\n\n<hr class=\"wp-block-separator has-alpha-channel-opacity\" \/>\n\n\n\n<p class=\"has-large-font-size\"><strong>Sonstiges<\/strong><\/p>\n\n\n\n<p><strong>Wo kann ich meine Sachen ablegen bzw. gibt es eine Garderobe?<\/strong><\/p>\n\n\n\n<p>Wir bieten allen Teilnehmenden des Campus Runs die kostenfreie M\u00f6glichkeit, pers\u00f6nliche Sachen in einer Garderobe abzugeben. Die Garderobe befindet sich in der N\u00e4he des Start- &amp;  Zielbereichs. Die Sachen m\u00fcssen bis zur Schlie\u00dfung der Garderobe, um 19 Uhr, abgeholt werden! Wer die M\u00f6glichkeit hat, Tasche oder Rucksack anderweitig zu lagern (B\u00fcro oder Schlie\u00dffach), sollte davon Gebrauch machen, um lange Wartezeiten zu vermeiden.&nbsp;<\/p>\n\n\n\n<p><strong>Wird es Duschen auf dem Gel\u00e4nde geben?<\/strong> <\/p>\n\n\n\n<p class=\"has-dark-gray-color has-text-color\">Leider k\u00f6nnen wir keine Duschen zur Verf\u00fcgung stellen.<\/p>\n\n\n\n<p><strong>Wann wird das FU-Sommerfest offiziell beginnen?<\/strong><\/p>\n\n\n\n<p class=\"has-dark-gray-color has-text-color\">Das FU-Sommerfest wird um 16 Uhr offiziell er\u00f6ffnet, Ende ist ca. 21 Uhr. Der Eintritt ist frei. Es wird eine gro\u00dfe B\u00fchne mit Livemusik von verschiedenen Bands, leckeres Essen und Getr\u00e4nke, sowie viele Mach-mit-Module f\u00fcr Gro\u00df und Klein, geben.<\/p>\n\n\n\n<p><strong>Wie kann ich Euch kontaktieren?<\/strong><\/p>\n\n\n\n<p class=\"has-dark-gray-color has-text-color\">Solltest Du noch Fragen haben, kannst Du uns per E-Mail unter <a href=\"mailto:info@hochschulsport.fu-berlin.de\">info@hochschulsport.fu-berlin.de<\/a> erreichen.<\/p>\n\n\n\n<p><\/p>\n","protected":false},"excerpt":{"rendered":"<p>Noch nicht alles klar? Hier hast Du die wichtigsten Fragen und Antworten auf einem Blick. Anmeldung Bis wann muss ich mich anmelden? Eine Anmeldung f\u00fcr den Campus Run 2026 ist bis zum 18.06.2026 m\u00f6glich. Darf ich als Externe:r, Student:in oder Mitarbeiter:in einer anderen Universit\u00e4t am Campus Run teilnehmen? Ja, am Campus Run d\u00fcrfen auch externe &hellip; <a href=\"https:\/\/blogs.fu-berlin.de\/campusrun\/faq\/\" class=\"more-link\"><span class=\"screen-reader-text\">\u201eFAQs\u201c<\/span> weiterlesen<\/a><\/p>\n","protected":false},"author":4131,"featured_media":2718,"parent":0,"menu_order":0,"comment_status":"closed","ping_status":"closed","template":"","meta":{"footnotes":""},"class_list":["post-877","page","type-page","status-publish","has-post-thumbnail","hentry"],"_links":{"self":[{"href":"https:\/\/blogs.fu-berlin.de\/campusrun\/wp-json\/wp\/v2\/pages\/877","targetHints":{"allow":["GET"]}}],"collection":[{"href":"https:\/\/blogs.fu-berlin.de\/campusrun\/wp-json\/wp\/v2\/pages"}],"about":[{"href":"https:\/\/blogs.fu-berlin.de\/campusrun\/wp-json\/wp\/v2\/types\/page"}],"author":[{"embeddable":true,"href":"https:\/\/blogs.fu-berlin.de\/campusrun\/wp-json\/wp\/v2\/users\/4131"}],"replies":[{"embeddable":true,"href":"https:\/\/blogs.fu-berlin.de\/campusrun\/wp-json\/wp\/v2\/comments?post=877"}],"version-history":[{"count":126,"href":"https:\/\/blogs.fu-berlin.de\/campusrun\/wp-json\/wp\/v2\/pages\/877\/revisions"}],"predecessor-version":[{"id":2795,"href":"https:\/\/blogs.fu-berlin.de\/campusrun\/wp-json\/wp\/v2\/pages\/877\/revisions\/2795"}],"wp:featuredmedia":[{"embeddable":true,"href":"https:\/\/blogs.fu-berlin.de\/campusrun\/wp-json\/wp\/v2\/media\/2718"}],"wp:attachment":[{"href":"https:\/\/blogs.fu-berlin.de\/campusrun\/wp-json\/wp\/v2\/media?parent=877"}],"curies":[{"name":"wp","href":"https:\/\/api.w.org\/{rel}","templated":true}]}}