{"id":2,"date":"2023-01-19T12:25:25","date_gmt":"2023-01-19T11:25:25","guid":{"rendered":""},"modified":"2026-04-21T09:29:43","modified_gmt":"2026-04-21T07:29:43","slug":"impressum","status":"publish","type":"page","link":"https:\/\/blogs.fu-berlin.de\/drs_podcast\/impressum\/","title":{"rendered":"Impressum"},"content":{"rendered":"\n<p>nach \u00a7 5 TMG\/ \u00a7 55 RfStV<\/p>\n\n\n<h2>Dienstanbieter:<\/h2>\n<p>Freie Universit\u00e4t Berlin, vertreten durch den <a href=\"http:\/\/www.fu-berlin.de\/einrichtungen\/organe\/praesidium\/praesident\/index.html\" target=\"_self\" rel=\"noopener\">Pr\u00e4sidenten<\/a>.<\/p>\n<h2>Anschrift:<\/h2>\n<p>Freie Universit\u00e4t Berlin<br \/>Kaiserswerther Str. 16\/18<br \/>14195 Berlin<\/p>\n<h2><strong>Umsatzsteueridentifikationsnummer:<\/strong><\/h2>\n<p>DE 811304768<\/p>\n<h2>Kontakt und Redaktion:<\/h2>\n<p>Freie Universit\u00e4t Berlin<br \/>Dahlem Research School<br \/>Hittorfstr. 16<br \/>14195 Berlin<br \/>Email: <a href=\"mailto:drs@fu-berlin.de\">drs@fu-berlin.de<\/a><\/p>\n<h2>Rechtsform:<\/h2>\n<p>Die Freie Universit\u00e4t Berlin ist eine K\u00f6rperschaft des \u00f6ffentlichen Rechts gem. \u00a7\u00a7 1 und 2 Berliner Hochschulgesetz (BerlHG). Das Webangebot der Freien Universit\u00e4t Berlin unterliegt dem geltenden <a title=\"Freie Universit\u00e4t Berlin: Urheberrecht\/Copyright\" href=\"http:\/\/www.fu-berlin.de\/redaktion\/copyright\/index.html\">Urheberrecht<\/a>. Beachten Sie bitte auch unseren <a title=\"Haftungsausschluss - Disclaimer, FU Berlin\" href=\"http:\/\/www.fu-berlin.de\/redaktion\/disclaimer\/index.html\">Haftungsausschluss\/Disclaimer.<\/a><\/p>\n<h2>Aufsichtsbeh\u00f6rde<\/h2>\n<p>Aufsichtsbeh\u00f6rde ist die nach \u00a7 89 BerlHG zust\u00e4ndige Berliner Senatsverwaltung f\u00fcr Bildung, Wissenschaft und Forschung.<\/p>\n\n\n<p><\/p>\n\n\n\n<p><\/p>\n\n\n\n<pre class=\"wp-block-preformatted\"><strong>Editorial note\/ Disclaimer<\/strong><br><br>The Dahlem Research School podcast is edited by Aleksandra Skoric, who is responsible for planning topics, selecting interview partners, and organizational implementation. Neither Ms. Skoric nor the Dahlem Research School assume responsibility for the content, opinions, and statements expressed in the interviews. These are the sole responsibility of the respective interviewees. The content is not reviewed, nor are the views expressed endorsed. Preliminary research is carried out with the support of the Dahlem Research School's qualification team, especially Lito Kyriakidou, Antonia St\u00e4cker and Fleur-Nicole Riskin. The interviews are conducted by external moderators who are involved in both the preparation of content and the follow-up work for the episodes. No liability is accepted for the accuracy, completeness, or timeliness of the statements made in the podcast. No legally binding information can be derived from the content.<\/pre>\n\n\n\n<h2 class=\"wp-block-heading\">Bildrechte:<\/h2>\n\n\n\n<p>Die Illustrationen und Icons sind von Pudelskern und Florian S\u00e4nger erstellt.<\/p>\n\n\n\n<p><\/p>\n","protected":false},"excerpt":{"rendered":"<p>nach \u00a7 5 TMG\/ \u00a7 55 RfStV Dienstanbieter: Freie Universit\u00e4t Berlin, vertreten durch den Pr\u00e4sidenten. Anschrift: Freie Universit\u00e4t BerlinKaiserswerther Str. 16\/1814195 Berlin Umsatzsteueridentifikationsnummer: DE 811304768 Kontakt und Redaktion: Freie Universit\u00e4t BerlinDahlem Research SchoolHittorfstr. 1614195 BerlinEmail: drs@fu-berlin.de Rechtsform: Die Freie Universit\u00e4t Berlin ist eine K\u00f6rperschaft des \u00f6ffentlichen Rechts gem. \u00a7\u00a7 1 und 2 Berliner Hochschulgesetz (BerlHG). &hellip; <a href=\"https:\/\/blogs.fu-berlin.de\/drs_podcast\/impressum\/\" class=\"more-link\"><span class=\"screen-reader-text\">\u201eImpressum\u201c<\/span> weiterlesen<\/a><\/p>\n","protected":false},"author":6863,"featured_media":0,"parent":0,"menu_order":0,"comment_status":"open","ping_status":"open","template":"","meta":{"footnotes":""},"class_list":["post-2","page","type-page","status-publish","hentry"],"_links":{"self":[{"href":"https:\/\/blogs.fu-berlin.de\/drs_podcast\/wp-json\/wp\/v2\/pages\/2","targetHints":{"allow":["GET"]}}],"collection":[{"href":"https:\/\/blogs.fu-berlin.de\/drs_podcast\/wp-json\/wp\/v2\/pages"}],"about":[{"href":"https:\/\/blogs.fu-berlin.de\/drs_podcast\/wp-json\/wp\/v2\/types\/page"}],"author":[{"embeddable":true,"href":"https:\/\/blogs.fu-berlin.de\/drs_podcast\/wp-json\/wp\/v2\/users\/6863"}],"replies":[{"embeddable":true,"href":"https:\/\/blogs.fu-berlin.de\/drs_podcast\/wp-json\/wp\/v2\/comments?post=2"}],"version-history":[{"count":10,"href":"https:\/\/blogs.fu-berlin.de\/drs_podcast\/wp-json\/wp\/v2\/pages\/2\/revisions"}],"predecessor-version":[{"id":1343,"href":"https:\/\/blogs.fu-berlin.de\/drs_podcast\/wp-json\/wp\/v2\/pages\/2\/revisions\/1343"}],"wp:attachment":[{"href":"https:\/\/blogs.fu-berlin.de\/drs_podcast\/wp-json\/wp\/v2\/media?parent=2"}],"curies":[{"name":"wp","href":"https:\/\/api.w.org\/{rel}","templated":true}]}}