{"id":42,"date":"2021-09-01T11:09:09","date_gmt":"2021-09-01T09:09:09","guid":{"rendered":"https:\/\/blogs.fu-berlin.de\/dual_use\/?page_id=42"},"modified":"2025-07-02T11:00:26","modified_gmt":"2025-07-02T09:00:26","slug":"arbeitsgruppe","status":"publish","type":"page","link":"https:\/\/blogs.fu-berlin.de\/dual_use\/arbeitsgruppe\/","title":{"rendered":"Arbeitsgruppe"},"content":{"rendered":"\n<p>Wir sind eine interdisziplin\u00e4re Arbeitsgruppe an der FU Berlin, die das  verstreute Wissen \u00fcber die <em>Dual Use<\/em>-Problematik am Campus zusammenf\u00fchren und einen offenen Diskussionsrahmen zu den damit verbundenen Herausforderungen er\u00f6ffnen m\u00f6chte. Die Arbeitsgruppe besteht aus Wissenschaftler*innen aus der Breite der an der FU vertretenen Disziplinen. Dadurch soll ein explizit f\u00e4cher\u00fcbergreifender Austausch \u00fcber unterschiedliche <em>Dual Use<\/em>-Verstrickungen und die Verantwortung von Wissenschaften gelingen.<\/p>\n\n\n\n<p>Die bestehende Arbeitsgruppe soll zu einem gr\u00f6\u00dferen Netzwerk an interessierten Forschenden und Lehrenden an der FU ausgebaut werden. Ein Ziel des Netzwerkes sehen wir darin, gemeinsam danach zu fragen, wie sich mit der Geschichte der historisch belasteten Orte am Campus in Berlin-Dahlem auseinandergesetzt und an diese angemessen erinnert werden kann. Gleichzeitig soll das Netzwerk eine M\u00f6glichkeit schaffen, sich konstruktiv und (selbst\u2011)kritisch \u00fcber gegenw\u00e4rtige Forschungen auszutauschen sowie Ideen zur Verankerung der Thematik an der FU und in der breiten \u00d6ffentlichkeit auszuloten.<\/p>\n\n\n\n<div class=\"wp-block-group\"><div class=\"wp-block-group__inner-container is-layout-flow wp-block-group-is-layout-flow\">\n<h3 class=\"wp-block-heading\">Mitglieder der Arbeitsgruppe sind:<\/h3>\n\n\n\n<ul class=\"wp-block-list\"><li><a rel=\"noreferrer noopener\" href=\"https:\/\/www.mi.fu-berlin.de\/inf\/groups\/ag-ki\/members\/Professoren\/Benzm__ller.html\" target=\"_blank\">Prof. Dr. Christoph Benzm\u00fcller<\/a> (Informatik)<\/li><li><a rel=\"noreferrer noopener\" href=\"https:\/\/www.geschkult.fu-berlin.de\/e\/vaa\/vaa\/mitarbeiter\/emeriti\/bernbeck.html\" target=\"_blank\">Prof. Dr. Reinhard Bernbeck<\/a> (Arch\u00e4ologie)<\/li><li><a rel=\"noreferrer noopener\" href=\"https:\/\/www.polsoz.fu-berlin.de\/polwiss\/forschung\/international\/frieden\/Team\/chojnacki\/index.html\" target=\"_blank\">Prof. Dr. Sven Chojnacki<\/a> (Politikwissenschaft)<\/li><li><a href=\"https:\/\/www.geisteswissenschaften.fu-berlin.de\/we01\/institut\/mitarbeiter\/akademische-raete\/dietrich\/index.html\" target=\"_blank\" rel=\"noreferrer noopener\">Dr. Julia Dietrich<\/a> (Philosophie)<\/li><li><a rel=\"noreferrer noopener\" href=\"https:\/\/www.fhi.mpg.de\/584837\/Group-Leader\" target=\"_blank\">Prof. Dr. Bretislav Friedrich<\/a> (Max-Planck-Gesellschaft)<\/li><li><a rel=\"noreferrer noopener\" href=\"https:\/\/jeannette-hagen.de\/\" target=\"_blank\">Jeannette Hagen<\/a> (Politikwissenschaft)<\/li><li><a rel=\"noreferrer noopener\" href=\"https:\/\/www.bcp.fu-berlin.de\/pharmazie\/faecher\/klinische_pharmazie\/kloft\/index.html\" target=\"_blank\">Prof. Dr. Charlotte Kloft<\/a> (Pharmazie)<\/li><li><a rel=\"noreferrer noopener\" href=\"https:\/\/www.polsoz.fu-berlin.de\/polwiss\/forschung\/international\/frieden\/Team\/David-Niebauer\/index.html\" target=\"_blank\">David Niebauer, M.A.<\/a> (Politikwissenschaft)<\/li><li><a rel=\"noreferrer noopener\" href=\"https:\/\/www.bcp.fu-berlin.de\/chemie\/chemie\/forschung\/PhysTheoChem\/agpaulus\/index.html\" target=\"_blank\">Prof. Dr. Beate Paulus<\/a> (Chemie)<\/li><li><a rel=\"noreferrer noopener\" href=\"https:\/\/www.geschkult.fu-berlin.de\/e\/vaa\/vaa\/mitarbeiter\/emeriti\/pollock.html\" target=\"_blank\">Prof. Dr. Susan Pollock<\/a> (Arch\u00e4ologie)<\/li><li><a rel=\"noreferrer noopener\" href=\"https:\/\/www.bcp.fu-berlin.de\/biologie\/arbeitsgruppen\/zoologie\/ag_rolff\/people\/100_leitung\/rolff.html\" target=\"_blank\">Prof. Dr. Jens Rolff<\/a> (Biologie)<\/li><li><a rel=\"noreferrer noopener\" href=\"https:\/\/medizingeschichte.charite.de\/metas\/person\/person\/address_detail\/annett_wienmeister\/\" target=\"_blank\">Dr. Annett Wienmeister<\/a> (Philosophie)<\/li><li>&#8230;und weitere<\/li><\/ul>\n<\/div><\/div>\n\n\n\n<p>Koordiniert wird die Arbeitsgruppe von <a rel=\"noreferrer noopener\" href=\"https:\/\/www.polsoz.fu-berlin.de\/polwiss\/forschung\/international\/frieden\/Team\/chojnacki\/index.html\" target=\"_blank\">Prof. Dr. Sven Chojnacki<\/a> (Politikwissenschaft), <a href=\"https:\/\/www.bcp.fu-berlin.de\/biologie\/arbeitsgruppen\/zoologie\/ag_rolff\/people\/100_leitung\/rolff.html\" target=\"_blank\" rel=\"noreferrer noopener\">Prof. Dr. Jens Rolff<\/a> (Biologie) und <a rel=\"noreferrer noopener\" href=\"https:\/\/www.polsoz.fu-berlin.de\/polwiss\/forschung\/international\/frieden\/Team\/David-Niebauer\/index.html\" target=\"_blank\">David Niebauer, M.A.<\/a> (Politikwissenschaft).<\/p>\n","protected":false},"excerpt":{"rendered":"<p>Wir sind eine interdisziplin\u00e4re Arbeitsgruppe an der FU Berlin, die das verstreute Wissen \u00fcber die Dual Use-Problematik am Campus zusammenf\u00fchren und einen offenen Diskussionsrahmen zu den damit verbundenen Herausforderungen er\u00f6ffnen m\u00f6chte. Die Arbeitsgruppe besteht aus Wissenschaftler*innen aus der Breite der an der FU vertretenen Disziplinen. Dadurch soll ein explizit f\u00e4cher\u00fcbergreifender Austausch \u00fcber unterschiedliche Dual Use-Verstrickungen &hellip; <a href=\"https:\/\/blogs.fu-berlin.de\/dual_use\/arbeitsgruppe\/\" class=\"more-link\"><span class=\"screen-reader-text\">\u201eArbeitsgruppe\u201c<\/span> weiterlesen<\/a><\/p>\n","protected":false},"author":6411,"featured_media":0,"parent":0,"menu_order":0,"comment_status":"closed","ping_status":"closed","template":"","meta":{"footnotes":""},"class_list":["post-42","page","type-page","status-publish","hentry"],"_links":{"self":[{"href":"https:\/\/blogs.fu-berlin.de\/dual_use\/wp-json\/wp\/v2\/pages\/42","targetHints":{"allow":["GET"]}}],"collection":[{"href":"https:\/\/blogs.fu-berlin.de\/dual_use\/wp-json\/wp\/v2\/pages"}],"about":[{"href":"https:\/\/blogs.fu-berlin.de\/dual_use\/wp-json\/wp\/v2\/types\/page"}],"author":[{"embeddable":true,"href":"https:\/\/blogs.fu-berlin.de\/dual_use\/wp-json\/wp\/v2\/users\/6411"}],"replies":[{"embeddable":true,"href":"https:\/\/blogs.fu-berlin.de\/dual_use\/wp-json\/wp\/v2\/comments?post=42"}],"version-history":[{"count":42,"href":"https:\/\/blogs.fu-berlin.de\/dual_use\/wp-json\/wp\/v2\/pages\/42\/revisions"}],"predecessor-version":[{"id":402,"href":"https:\/\/blogs.fu-berlin.de\/dual_use\/wp-json\/wp\/v2\/pages\/42\/revisions\/402"}],"wp:attachment":[{"href":"https:\/\/blogs.fu-berlin.de\/dual_use\/wp-json\/wp\/v2\/media?parent=42"}],"curies":[{"name":"wp","href":"https:\/\/api.w.org\/{rel}","templated":true}]}}

<p>Wir sind eine interdisziplinäre Arbeitsgruppe an der FU Berlin, die das  verstreute Wissen über die <em>Dual Use</em>-Problematik am Campus zusammenführen und einen offenen Diskussionsrahmen zu den damit verbundenen Herausforderungen eröffnen möchte. Die Arbeitsgruppe besteht aus Wissenschaftler*innen aus der Breite der an der FU vertretenen Disziplinen. Dadurch soll ein explizit fächerübergreifender Austausch über unterschiedliche <em>Dual Use</em>-Verstrickungen und die Verantwortung von Wissenschaften gelingen.</p>



<p>Die bestehende Arbeitsgruppe soll zu einem größeren Netzwerk an interessierten Forschenden und Lehrenden an der FU ausgebaut werden. Ein Ziel des Netzwerkes sehen wir darin, gemeinsam danach zu fragen, wie sich mit der Geschichte der historisch belasteten Orte am Campus in Berlin-Dahlem auseinandergesetzt und an diese angemessen erinnert werden kann. Gleichzeitig soll das Netzwerk eine Möglichkeit schaffen, sich konstruktiv und (selbst‑)kritisch über gegenwärtige Forschungen auszutauschen sowie Ideen zur Verankerung der Thematik an der FU und in der breiten Öffentlichkeit auszuloten.</p>



<div class="wp-block-group"><div class="wp-block-group__inner-container is-layout-flow wp-block-group-is-layout-flow">
<h3 class="wp-block-heading">Mitglieder der Arbeitsgruppe sind:</h3>



<ul class="wp-block-list"><li><a rel="noreferrer noopener" href="https://www.mi.fu-berlin.de/inf/groups/ag-ki/members/Professoren/Benzm__ller.html" target="_blank">Prof. Dr. Christoph Benzmüller</a> (Informatik)</li><li><a rel="noreferrer noopener" href="https://www.geschkult.fu-berlin.de/e/vaa/vaa/mitarbeiter/emeriti/bernbeck.html" target="_blank">Prof. Dr. Reinhard Bernbeck</a> (Archäologie)</li><li><a rel="noreferrer noopener" href="https://www.polsoz.fu-berlin.de/polwiss/forschung/international/frieden/Team/chojnacki/index.html" target="_blank">Prof. Dr. Sven Chojnacki</a> (Politikwissenschaft)</li><li><a href="https://www.geisteswissenschaften.fu-berlin.de/we01/institut/mitarbeiter/akademische-raete/dietrich/index.html" target="_blank" rel="noreferrer noopener">Dr. Julia Dietrich</a> (Philosophie)</li><li><a rel="noreferrer noopener" href="https://www.fhi.mpg.de/584837/Group-Leader" target="_blank">Prof. Dr. Bretislav Friedrich</a> (Max-Planck-Gesellschaft)</li><li><a rel="noreferrer noopener" href="https://jeannette-hagen.de/" target="_blank">Jeannette Hagen</a> (Politikwissenschaft)</li><li><a rel="noreferrer noopener" href="https://www.bcp.fu-berlin.de/pharmazie/faecher/klinische_pharmazie/kloft/index.html" target="_blank">Prof. Dr. Charlotte Kloft</a> (Pharmazie)</li><li><a rel="noreferrer noopener" href="https://www.polsoz.fu-berlin.de/polwiss/forschung/international/frieden/Team/David-Niebauer/index.html" target="_blank">David Niebauer, M.A.</a> (Politikwissenschaft)</li><li><a rel="noreferrer noopener" href="https://www.bcp.fu-berlin.de/chemie/chemie/forschung/PhysTheoChem/agpaulus/index.html" target="_blank">Prof. Dr. Beate Paulus</a> (Chemie)</li><li><a rel="noreferrer noopener" href="https://www.geschkult.fu-berlin.de/e/vaa/vaa/mitarbeiter/emeriti/pollock.html" target="_blank">Prof. Dr. Susan Pollock</a> (Archäologie)</li><li><a rel="noreferrer noopener" href="https://www.bcp.fu-berlin.de/biologie/arbeitsgruppen/zoologie/ag_rolff/people/100_leitung/rolff.html" target="_blank">Prof. Dr. Jens Rolff</a> (Biologie)</li><li><a rel="noreferrer noopener" href="https://medizingeschichte.charite.de/metas/person/person/address_detail/annett_wienmeister/" target="_blank">Dr. Annett Wienmeister</a> (Philosophie)</li><li>&#8230;und weitere</li></ul>
</div></div>



<p>Koordiniert wird die Arbeitsgruppe von <a rel="noreferrer noopener" href="https://www.polsoz.fu-berlin.de/polwiss/forschung/international/frieden/Team/chojnacki/index.html" target="_blank">Prof. Dr. Sven Chojnacki</a> (Politikwissenschaft), <a href="https://www.bcp.fu-berlin.de/biologie/arbeitsgruppen/zoologie/ag_rolff/people/100_leitung/rolff.html" target="_blank" rel="noreferrer noopener">Prof. Dr. Jens Rolff</a> (Biologie) und <a rel="noreferrer noopener" href="https://www.polsoz.fu-berlin.de/polwiss/forschung/international/frieden/Team/David-Niebauer/index.html" target="_blank">David Niebauer, M.A.</a> (Politikwissenschaft).</p>

<p>Wir sind eine interdisziplinäre Arbeitsgruppe an der FU Berlin, die das verstreute Wissen über die Dual Use-Problematik am Campus zusammenführen und einen offenen Diskussionsrahmen zu den damit verbundenen Herausforderungen eröffnen möchte. Die Arbeitsgruppe besteht aus Wissenschaftler*innen aus der Breite der an der FU vertretenen Disziplinen. Dadurch soll ein explizit fächerübergreifender Austausch über unterschiedliche Dual Use-Verstrickungen &hellip; <a href="https://blogs.fu-berlin.de/dual_use/arbeitsgruppe/" class="more-link"><span class="screen-reader-text">„Arbeitsgruppe“</span> weiterlesen</a></p>
