{"id":46,"date":"2021-09-01T11:10:54","date_gmt":"2021-09-01T09:10:54","guid":{"rendered":"https:\/\/blogs.fu-berlin.de\/dual_use\/?page_id=46"},"modified":"2023-08-28T11:48:55","modified_gmt":"2023-08-28T09:48:55","slug":"kontakt","status":"publish","type":"page","link":"https:\/\/blogs.fu-berlin.de\/dual_use\/kontakt\/","title":{"rendered":"Kontakt"},"content":{"rendered":"\n<p>Bei Interesse an den Projekten oder einer Zusammenarbeit kann gerne Kontakt zu den Koordinatoren der Arbeitsgruppe aufgenommen werden:<\/p>\n\n\n\n<p><a rel=\"noreferrer noopener\" href=\"https:\/\/www.polsoz.fu-berlin.de\/polwiss\/forschung\/international\/frieden\/Team\/chojnacki\/index.html\" target=\"_blank\">Prof. Dr. Sven Chojnacki<\/a><br>Fachbereich Politik- und Sozialwissenschaften<br>Otto-Suhr-Institut f\u00fcr Politikwissenschaft<br>Arbeitsbereich Friedens- und Konflikforschung<br>Ihnestr. 26<br>D-14195 Berlin<br>Email: <a href=\"mailto:friedensforschung@polsoz.fu-berlin.de\">friedensforschung@polsoz.fu-berlin.de<\/a><\/p>\n\n\n\n<p><a href=\"https:\/\/www.bcp.fu-berlin.de\/biologie\/arbeitsgruppen\/zoologie\/ag_rolff\/people\/100_leitung\/rolff.html\" target=\"_blank\" rel=\"noreferrer noopener\">Prof. Dr. Jens Rolff<\/a><br>Fachbereich Biologie, Chemie, Pharmazie<br>Institut f\u00fcr Biologie<br>Arbeitsbereich Evolutionsbiologie<br>K\u00f6nigin-Luise-Stra\u00dfe 1-3<br>D-14195 Berlin<br>Email: jens.rolff [at] fu-berlin [dot] de<\/p>\n\n\n\n<p><a href=\"https:\/\/www.polsoz.fu-berlin.de\/polwiss\/forschung\/international\/frieden\/Team\/David-Niebauer\/index.html\" target=\"_blank\" rel=\"noreferrer noopener\">David Niebauer, M.A.<\/a><br>Fachbereich Politik- und Sozialwissenschaften<br>Otto-Suhr-Institut f\u00fcr Politikwissenschaft<br>Arbeitsbereich Friedens- und Konflikforschung<br>Ihnestr. 26<br>D-14195 Berlin<br>Email: <a href=\"mailto:david.niebauer@fu-berlin.de\">david.niebauer@fu-berlin.de<\/a><\/p>\n","protected":false},"excerpt":{"rendered":"<p>Bei Interesse an den Projekten oder einer Zusammenarbeit kann gerne Kontakt zu den Koordinatoren der Arbeitsgruppe aufgenommen werden: Prof. Dr. Sven ChojnackiFachbereich Politik- und SozialwissenschaftenOtto-Suhr-Institut f\u00fcr PolitikwissenschaftArbeitsbereich Friedens- und KonflikforschungIhnestr. 26D-14195 BerlinEmail: friedensforschung@polsoz.fu-berlin.de Prof. Dr. Jens RolffFachbereich Biologie, Chemie, PharmazieInstitut f\u00fcr BiologieArbeitsbereich EvolutionsbiologieK\u00f6nigin-Luise-Stra\u00dfe 1-3D-14195 BerlinEmail: jens.rolff [at] fu-berlin [dot] de David Niebauer, M.A.Fachbereich Politik- und &hellip; <a href=\"https:\/\/blogs.fu-berlin.de\/dual_use\/kontakt\/\" class=\"more-link\"><span class=\"screen-reader-text\">\u201eKontakt\u201c<\/span> weiterlesen<\/a><\/p>\n","protected":false},"author":6411,"featured_media":0,"parent":0,"menu_order":0,"comment_status":"closed","ping_status":"closed","template":"","meta":{"footnotes":""},"class_list":["post-46","page","type-page","status-publish","hentry"],"_links":{"self":[{"href":"https:\/\/blogs.fu-berlin.de\/dual_use\/wp-json\/wp\/v2\/pages\/46","targetHints":{"allow":["GET"]}}],"collection":[{"href":"https:\/\/blogs.fu-berlin.de\/dual_use\/wp-json\/wp\/v2\/pages"}],"about":[{"href":"https:\/\/blogs.fu-berlin.de\/dual_use\/wp-json\/wp\/v2\/types\/page"}],"author":[{"embeddable":true,"href":"https:\/\/blogs.fu-berlin.de\/dual_use\/wp-json\/wp\/v2\/users\/6411"}],"replies":[{"embeddable":true,"href":"https:\/\/blogs.fu-berlin.de\/dual_use\/wp-json\/wp\/v2\/comments?post=46"}],"version-history":[{"count":11,"href":"https:\/\/blogs.fu-berlin.de\/dual_use\/wp-json\/wp\/v2\/pages\/46\/revisions"}],"predecessor-version":[{"id":343,"href":"https:\/\/blogs.fu-berlin.de\/dual_use\/wp-json\/wp\/v2\/pages\/46\/revisions\/343"}],"wp:attachment":[{"href":"https:\/\/blogs.fu-berlin.de\/dual_use\/wp-json\/wp\/v2\/media?parent=46"}],"curies":[{"name":"wp","href":"https:\/\/api.w.org\/{rel}","templated":true}]}}

<p>Bei Interesse an den Projekten oder einer Zusammenarbeit kann gerne Kontakt zu den Koordinatoren der Arbeitsgruppe aufgenommen werden:</p>



<p><a rel="noreferrer noopener" href="https://www.polsoz.fu-berlin.de/polwiss/forschung/international/frieden/Team/chojnacki/index.html" target="_blank">Prof. Dr. Sven Chojnacki</a><br>Fachbereich Politik- und Sozialwissenschaften<br>Otto-Suhr-Institut für Politikwissenschaft<br>Arbeitsbereich Friedens- und Konflikforschung<br>Ihnestr. 26<br>D-14195 Berlin<br>Email: <a href="mailto:friedensforschung@polsoz.fu-berlin.de">friedensforschung@polsoz.fu-berlin.de</a></p>



<p><a href="https://www.bcp.fu-berlin.de/biologie/arbeitsgruppen/zoologie/ag_rolff/people/100_leitung/rolff.html" target="_blank" rel="noreferrer noopener">Prof. Dr. Jens Rolff</a><br>Fachbereich Biologie, Chemie, Pharmazie<br>Institut für Biologie<br>Arbeitsbereich Evolutionsbiologie<br>Königin-Luise-Straße 1-3<br>D-14195 Berlin<br>Email: jens.rolff [at] fu-berlin [dot] de</p>



<p><a href="https://www.polsoz.fu-berlin.de/polwiss/forschung/international/frieden/Team/David-Niebauer/index.html" target="_blank" rel="noreferrer noopener">David Niebauer, M.A.</a><br>Fachbereich Politik- und Sozialwissenschaften<br>Otto-Suhr-Institut für Politikwissenschaft<br>Arbeitsbereich Friedens- und Konflikforschung<br>Ihnestr. 26<br>D-14195 Berlin<br>Email: <a href="mailto:david.niebauer@fu-berlin.de">david.niebauer@fu-berlin.de</a></p>

<p>Bei Interesse an den Projekten oder einer Zusammenarbeit kann gerne Kontakt zu den Koordinatoren der Arbeitsgruppe aufgenommen werden: Prof. Dr. Sven ChojnackiFachbereich Politik- und SozialwissenschaftenOtto-Suhr-Institut für PolitikwissenschaftArbeitsbereich Friedens- und KonflikforschungIhnestr. 26D-14195 BerlinEmail: friedensforschung@polsoz.fu-berlin.de Prof. Dr. Jens RolffFachbereich Biologie, Chemie, PharmazieInstitut für BiologieArbeitsbereich EvolutionsbiologieKönigin-Luise-Straße 1-3D-14195 BerlinEmail: jens.rolff [at] fu-berlin [dot] de David Niebauer, M.A.Fachbereich Politik- und &hellip; <a href="https://blogs.fu-berlin.de/dual_use/kontakt/" class="more-link"><span class="screen-reader-text">„Kontakt“</span> weiterlesen</a></p>
