{"id":73,"date":"2021-09-01T11:36:48","date_gmt":"2021-09-01T09:36:48","guid":{"rendered":"https:\/\/blogs.fu-berlin.de\/dual_use\/?page_id=73"},"modified":"2023-11-07T13:20:16","modified_gmt":"2023-11-07T12:20:16","slug":"start","status":"publish","type":"page","link":"https:\/\/blogs.fu-berlin.de\/dual_use\/","title":{"rendered":""},"content":{"rendered":"\n<h1 class=\"wp-block-heading\">Herzlich Willkommen auf der Website der Arbeitsgruppe &#8222;Dual Use&#8220;!<\/h1>\n\n\n\n<p>Fluch und Segen von Wissenschaften k\u00f6nnen nah beieinander liegen. Ob K\u00fcnstliche Intelligenz, Big Data-Analysen, Gentechnologien, Experimente mit Viren oder Studien zu Krieg und Frieden: Forschungen versprechen gesellschaftlichen Fortschritt und bergen gleichzeitig das Risiko einer missbr\u00e4uchlichen Nutzung. Doch oft lassen sich die unerw\u00fcnschten Nebenfolgen nur schwer voraussehen, anschlie\u00dfend nicht unterbinden.<\/p>\n\n\n\n<p>Die interdisziplin\u00e4re Arbeitsgruppe \u201eDual Use\u201c an der FU Berlin will diese zentralen Herausforderungen der Verantwortung der Universit\u00e4t f\u00fcr die eigene Forschung aufgreifen und folgende Fragen adressieren sowie Debatten anregen: Wie gehen Wissenschaften damit um, wenn Forschungsprojekte\u00a0nicht nur f\u00fcr gesellschaftlich n\u00fctzliche Ziele verwendet, sondern auch f\u00fcr politische oder milit\u00e4rische Zwecke instrumentalisiert werden? Welche Verantwortung tragen Wissenschaftler*innen? L\u00e4sst sich wissenschaftliche Entwicklung ethisch gestalten?<\/p>\n\n\n\n<p>Wir m\u00f6chten sowohl die vielschichtigen Ambivalenzen am Campus Berlin-Dahlem anhand von historischen und aktuellen Beispielen thematisieren als auch in interdisziplin\u00e4rer Perspektive verschiedene kreative Lehr- und Lernformate entwickeln (u.a. Lehrveranstaltungen, Ringvorlesung, Ausstellung), um Denk- und Diskussionsanst\u00f6\u00dfe f\u00fcr die gesellschaftliche Verantwortung der Wissenschaften zu geben.<\/p>\n\n\n\n<p>Auf dieser Website informieren wir \u00fcber das inhaltliche <a href=\"https:\/\/blogs.fu-berlin.de\/dual_use\/konzept\/\">Konzept<\/a>, unsere <a href=\"https:\/\/blogs.fu-berlin.de\/dual_use\/arbeitsgruppe\/\">Arbeitsgruppe<\/a> sowie die Projekte, die wir bereits umsetzten und zuk\u00fcnftig verwirklichen wollen. Gerne kann <a href=\"https:\/\/blogs.fu-berlin.de\/dual_use\/kontakt\/\">Kontakt<\/a> zu uns aufgenommen werden.<\/p>\n","protected":false},"excerpt":{"rendered":"<p>Herzlich Willkommen auf der Website der Arbeitsgruppe &#8222;Dual Use&#8220;! Fluch und Segen von Wissenschaften k\u00f6nnen nah beieinander liegen. Ob K\u00fcnstliche Intelligenz, Big Data-Analysen, Gentechnologien, Experimente mit Viren oder Studien zu Krieg und Frieden: Forschungen versprechen gesellschaftlichen Fortschritt und bergen gleichzeitig das Risiko einer missbr\u00e4uchlichen Nutzung. Doch oft lassen sich die unerw\u00fcnschten Nebenfolgen nur schwer voraussehen, &hellip; <a href=\"https:\/\/blogs.fu-berlin.de\/dual_use\/\" class=\"more-link\"><span class=\"screen-reader-text\">\u201e\u201c<\/span> weiterlesen<\/a><\/p>\n","protected":false},"author":6411,"featured_media":0,"parent":0,"menu_order":0,"comment_status":"closed","ping_status":"closed","template":"","meta":{"footnotes":""},"class_list":["post-73","page","type-page","status-publish","hentry"],"_links":{"self":[{"href":"https:\/\/blogs.fu-berlin.de\/dual_use\/wp-json\/wp\/v2\/pages\/73","targetHints":{"allow":["GET"]}}],"collection":[{"href":"https:\/\/blogs.fu-berlin.de\/dual_use\/wp-json\/wp\/v2\/pages"}],"about":[{"href":"https:\/\/blogs.fu-berlin.de\/dual_use\/wp-json\/wp\/v2\/types\/page"}],"author":[{"embeddable":true,"href":"https:\/\/blogs.fu-berlin.de\/dual_use\/wp-json\/wp\/v2\/users\/6411"}],"replies":[{"embeddable":true,"href":"https:\/\/blogs.fu-berlin.de\/dual_use\/wp-json\/wp\/v2\/comments?post=73"}],"version-history":[{"count":36,"href":"https:\/\/blogs.fu-berlin.de\/dual_use\/wp-json\/wp\/v2\/pages\/73\/revisions"}],"predecessor-version":[{"id":399,"href":"https:\/\/blogs.fu-berlin.de\/dual_use\/wp-json\/wp\/v2\/pages\/73\/revisions\/399"}],"wp:attachment":[{"href":"https:\/\/blogs.fu-berlin.de\/dual_use\/wp-json\/wp\/v2\/media?parent=73"}],"curies":[{"name":"wp","href":"https:\/\/api.w.org\/{rel}","templated":true}]}}

<h1 class="wp-block-heading">Herzlich Willkommen auf der Website der Arbeitsgruppe &#8222;Dual Use&#8220;!</h1>



<p>Fluch und Segen von Wissenschaften können nah beieinander liegen. Ob Künstliche Intelligenz, Big Data-Analysen, Gentechnologien, Experimente mit Viren oder Studien zu Krieg und Frieden: Forschungen versprechen gesellschaftlichen Fortschritt und bergen gleichzeitig das Risiko einer missbräuchlichen Nutzung. Doch oft lassen sich die unerwünschten Nebenfolgen nur schwer voraussehen, anschließend nicht unterbinden.</p>



<p>Die interdisziplinäre Arbeitsgruppe „Dual Use“ an der FU Berlin will diese zentralen Herausforderungen der Verantwortung der Universität für die eigene Forschung aufgreifen und folgende Fragen adressieren sowie Debatten anregen: Wie gehen Wissenschaften damit um, wenn Forschungsprojekte nicht nur für gesellschaftlich nützliche Ziele verwendet, sondern auch für politische oder militärische Zwecke instrumentalisiert werden? Welche Verantwortung tragen Wissenschaftler*innen? Lässt sich wissenschaftliche Entwicklung ethisch gestalten?</p>



<p>Wir möchten sowohl die vielschichtigen Ambivalenzen am Campus Berlin-Dahlem anhand von historischen und aktuellen Beispielen thematisieren als auch in interdisziplinärer Perspektive verschiedene kreative Lehr- und Lernformate entwickeln (u.a. Lehrveranstaltungen, Ringvorlesung, Ausstellung), um Denk- und Diskussionsanstöße für die gesellschaftliche Verantwortung der Wissenschaften zu geben.</p>



<p>Auf dieser Website informieren wir über das inhaltliche <a href="https://blogs.fu-berlin.de/dual_use/konzept/">Konzept</a>, unsere <a href="https://blogs.fu-berlin.de/dual_use/arbeitsgruppe/">Arbeitsgruppe</a> sowie die Projekte, die wir bereits umsetzten und zukünftig verwirklichen wollen. Gerne kann <a href="https://blogs.fu-berlin.de/dual_use/kontakt/">Kontakt</a> zu uns aufgenommen werden.</p>

<p>Herzlich Willkommen auf der Website der Arbeitsgruppe &#8222;Dual Use&#8220;! Fluch und Segen von Wissenschaften können nah beieinander liegen. Ob Künstliche Intelligenz, Big Data-Analysen, Gentechnologien, Experimente mit Viren oder Studien zu Krieg und Frieden: Forschungen versprechen gesellschaftlichen Fortschritt und bergen gleichzeitig das Risiko einer missbräuchlichen Nutzung. Doch oft lassen sich die unerwünschten Nebenfolgen nur schwer voraussehen, &hellip; <a href="https://blogs.fu-berlin.de/dual_use/" class="more-link"><span class="screen-reader-text">„“</span> weiterlesen</a></p>
