{"id":2,"date":"2007-02-28T14:36:43","date_gmt":"2007-02-28T13:36:43","guid":{"rendered":"https:\/\/blogs.fu-berlin.de\/e-learning\/eine-seite\/"},"modified":"2009-08-13T15:40:20","modified_gmt":"2009-08-13T13:40:20","slug":"eine-seite","status":"publish","type":"page","link":"https:\/\/blogs.fu-berlin.de\/e-learning\/?page_id=2","title":{"rendered":"E-Learning am FB"},"content":{"rendered":"<p>Seit 2005 verfolgt der Fachbereich Politik- und Sozialwissenschaften das Ziel, seine Lehrveranstaltungen durch online-unterst\u00fctzte Lerneinheiten zu erg\u00e4nzen. Die Zahl dieser Kurse stieg dabei stetig an und im Wintersemster 2007\/2008 erreichte sie mit <a href=\"https:\/\/www.cms.fu-berlin.de\/lms\/allgemein\/Semesterstatistiken\/Wintersemester_2007_2008\/index.html\">3686 Blackboardkursen<\/a> die h\u00f6chste Zahl an der Freien Universit\u00e4t. Dabei bedeutet E-Learning nicht bloss das Bereitstellen von Lehr- und Lernmaterialien im Internet. E-Learning bedeutet vor allem mediengest\u00fctztes Lernen und Lehren mit Computer und Internet. Die Freie Universit\u00e4t Berlin steht f\u00fcr ein Konzept des <strong>Blended Learning<\/strong>, also die Anreicherung der traditionellen Pr\u00e4senzlehre mit Online-Elementen.<br \/>\nZiel ist die Modernisierung der Lehre durch interaktive Medien mit hohem Aktualit\u00e4tsgrad und die Erprobung innovativer, mediengest\u00fctzter Lehr- und Lernmethoden. Neben dem reinen Up- und Download von Materialien werden in Zukunft vor allem neue, interaktive Szenarien (Blog, Wiki u.\u00e4.) erprobt und in vorhandene Lehrszenarien eingebettet.<\/p>\n<p>Als E-Learning Berater stehe ich Lehrenden und Lernenden am Fachbereich Politik- und Sozialwissenschaften der Freien Universit\u00e4t Berlin als Ansprechpartner f\u00fcr alle Fragen rund um das Thema Lehren und Lernen mit Neuen Medien zur Seite.<\/p>\n<p>Ich berate Sie u.a. zu F\u00f6rderm\u00f6glichkeiten f\u00fcr E-Learning an der Freien Universit\u00e4t Berlin, zum Einsatz von digitalen Medien in der Lehre, zur Lernplattform Blackboard und zu E-Learning Schulungen. Desweiteren stehe ich Ihnen f\u00fcr Fragen zum Thema Web 2.0 und Social Software zur Verf\u00fcgung.<br \/>\nSie wollen Ihre Lehrveranstaltung mit Blogs, Wiki oder Podcast begleiten? Kein Problem, rufen Sie mich an! Gerne nehme ich auch Ihre Anregungen, Kritik und W\u00fcnsche zum elektronischen Lehren und Lernen auf.<\/p>\n<p>Sie erreichen mich:<\/p>\n<p>Stefan Cordes<\/p>\n<p>Mail: <a href=\"mailto:stefan.cordes@fu-berlin.de\">stefan.cordes@fu-berlin.de<\/a><br \/>\nTelefon: +49 30 838 53400<br \/>\nIhnestrasse 24, R. 001<\/p>\n","protected":false},"excerpt":{"rendered":"<p>Seit 2005 verfolgt der Fachbereich Politik- und Sozialwissenschaften das Ziel, seine Lehrveranstaltungen durch online-unterst\u00fctzte Lerneinheiten zu erg\u00e4nzen. Die Zahl dieser Kurse stieg dabei stetig an und im Wintersemster 2007\/2008 erreichte sie mit 3686 Blackboardkursen die h\u00f6chste Zahl an der Freien Universit\u00e4t. Dabei bedeutet E-Learning nicht bloss das Bereitstellen von Lehr- und Lernmaterialien im Internet. E-Learning [&hellip;]<\/p>\n","protected":false},"author":5,"featured_media":0,"parent":0,"menu_order":1,"comment_status":"open","ping_status":"open","template":"","meta":{"footnotes":""},"class_list":["post-2","page","type-page","status-publish","hentry"],"_links":{"self":[{"href":"https:\/\/blogs.fu-berlin.de\/e-learning\/index.php?rest_route=\/wp\/v2\/pages\/2","targetHints":{"allow":["GET"]}}],"collection":[{"href":"https:\/\/blogs.fu-berlin.de\/e-learning\/index.php?rest_route=\/wp\/v2\/pages"}],"about":[{"href":"https:\/\/blogs.fu-berlin.de\/e-learning\/index.php?rest_route=\/wp\/v2\/types\/page"}],"author":[{"embeddable":true,"href":"https:\/\/blogs.fu-berlin.de\/e-learning\/index.php?rest_route=\/wp\/v2\/users\/5"}],"replies":[{"embeddable":true,"href":"https:\/\/blogs.fu-berlin.de\/e-learning\/index.php?rest_route=%2Fwp%2Fv2%2Fcomments&post=2"}],"version-history":[{"count":5,"href":"https:\/\/blogs.fu-berlin.de\/e-learning\/index.php?rest_route=\/wp\/v2\/pages\/2\/revisions"}],"predecessor-version":[{"id":294,"href":"https:\/\/blogs.fu-berlin.de\/e-learning\/index.php?rest_route=\/wp\/v2\/pages\/2\/revisions\/294"}],"wp:attachment":[{"href":"https:\/\/blogs.fu-berlin.de\/e-learning\/index.php?rest_route=%2Fwp%2Fv2%2Fmedia&parent=2"}],"curies":[{"name":"wp","href":"https:\/\/api.w.org\/{rel}","templated":true}]}}