{"id":73,"date":"2017-02-08T14:24:19","date_gmt":"2017-02-08T13:24:19","guid":{"rendered":"https:\/\/blogs.fu-berlin.de\/erichzenger\/?page_id=73"},"modified":"2017-10-05T00:07:52","modified_gmt":"2017-10-04T22:07:52","slug":"tagung","status":"publish","type":"page","link":"https:\/\/blogs.fu-berlin.de\/erichzenger\/tagung\/","title":{"rendered":"Tagung"},"content":{"rendered":"<p>Unter dem Titel &#8222;Re-Thinking Erich Zenger&#8220; fand am 8. September 2017 eine Tagung in der <a href=\"https:\/\/www.akademie-hofgeismar.de\/\">Evangelischen Akademie Hofgeismar<\/a> statt. Die Referenten waren: Prof. Dr. Rainer Kampling (Freie Universit\u00e4t Berlin) und der Kooperationspartnerin Prof. Dr. Ilse M\u00fcllner (Universit\u00e4t Kassel), bereits zugesagt: Prof. Dr. Irmtraud Fischer (Karl-Franzens-Universit\u00e4t Graz), Prof. Dr. Christian Frevel (Ruhr-Universit\u00e4t Bochum) und Prof. Dr. Erwin Dirscherl (Universit\u00e4t Regensburg).<\/p>\n<p>Ablauf<\/p>\n<p><u>9.00-10.30<br \/>\n<\/u>Prof. Ilse M\u00fcllner<br \/>\n<strong>Wie sind wir gemeint? Christliche Lekt\u00fcren des Alten Testaments zwischen Ablehnung und Vereinnahmung<\/strong><\/p>\n<p><u>10.45-12.15<br \/>\n<\/u>Prof. Irmtraud Fischer<br \/>\n<strong>Die unverr\u00fcckbare Notwendigkeit des \u201echristlich-j\u00fcdischen\u201c Dialogs in Anbetracht des derzeitigen religi\u00f6sen Wandels in Europa als Verm\u00e4chtnis Erich Zengers<\/strong><\/p>\n<p><u>Mittagspause<\/u><\/p>\n<p><u>13.30-15.00<br \/>\n<\/u>Prof. Christian Frevel<br \/>\n<strong>\u201eAm Fu\u00df des Sinai. Wie viel Theologie und Hermeneutik steckt in der Pentateuchforschung Erich Zengers?\u201c<\/strong><\/p>\n<p><u>15.15-16.45<br \/>\n<\/u>Prof. Rainer Kampling<br \/>\n<strong>Vom Springen \u00fcber Mauern &#8211; Die Bedeutung Erich Zengers f\u00fcr eine biblische Anthropologie<\/strong><\/p>\n<p><u>16.45-18.15<br \/>\n<\/u>Prof. Erwin Dirscherl<br \/>\n<strong>Leidenschaftliche Exegese &#8211; Verk\u00f6rperte Erinnerung: Zum Ph\u00e4nomen der Leiblichkeit im Dialog mit E. Zenger und E. Levinas<\/strong><\/p>\n<p>&nbsp;<\/p>\n<p>&nbsp;<\/p>\n<p>Der Sammelband mit den Beitr\u00e4gen zur Tagung wird voraussichtlich 2018 erscheinen.<\/p>\n","protected":false},"excerpt":{"rendered":"<p>Unter dem Titel &#8222;Re-Thinking Erich Zenger&#8220; fand am 8. September 2017 eine Tagung in der Evangelischen Akademie Hofgeismar statt. Die Referenten waren: Prof. Dr. Rainer Kampling (Freie Universit\u00e4t Berlin) und der Kooperationspartnerin Prof. Dr. Ilse M\u00fcllner (Universit\u00e4t Kassel), bereits zugesagt: Prof. Dr. Irmtraud Fischer (Karl-Franzens-Universit\u00e4t Graz), Prof. Dr. Christian Frevel (Ruhr-Universit\u00e4t Bochum) und Prof. Dr. [&hellip;]<\/p>\n","protected":false},"author":2745,"featured_media":0,"parent":0,"menu_order":0,"comment_status":"closed","ping_status":"closed","template":"","meta":{"footnotes":""},"class_list":["post-73","page","type-page","status-publish","hentry"],"_links":{"self":[{"href":"https:\/\/blogs.fu-berlin.de\/erichzenger\/wp-json\/wp\/v2\/pages\/73","targetHints":{"allow":["GET"]}}],"collection":[{"href":"https:\/\/blogs.fu-berlin.de\/erichzenger\/wp-json\/wp\/v2\/pages"}],"about":[{"href":"https:\/\/blogs.fu-berlin.de\/erichzenger\/wp-json\/wp\/v2\/types\/page"}],"author":[{"embeddable":true,"href":"https:\/\/blogs.fu-berlin.de\/erichzenger\/wp-json\/wp\/v2\/users\/2745"}],"replies":[{"embeddable":true,"href":"https:\/\/blogs.fu-berlin.de\/erichzenger\/wp-json\/wp\/v2\/comments?post=73"}],"version-history":[{"count":8,"href":"https:\/\/blogs.fu-berlin.de\/erichzenger\/wp-json\/wp\/v2\/pages\/73\/revisions"}],"predecessor-version":[{"id":131,"href":"https:\/\/blogs.fu-berlin.de\/erichzenger\/wp-json\/wp\/v2\/pages\/73\/revisions\/131"}],"wp:attachment":[{"href":"https:\/\/blogs.fu-berlin.de\/erichzenger\/wp-json\/wp\/v2\/media?parent=73"}],"curies":[{"name":"wp","href":"https:\/\/api.w.org\/{rel}","templated":true}]}}