{"id":2,"date":"2018-09-14T11:00:14","date_gmt":"2018-09-14T09:00:14","guid":{"rendered":""},"modified":"2018-10-11T14:49:49","modified_gmt":"2018-10-11T12:49:49","slug":"impressum","status":"publish","type":"page","link":"https:\/\/blogs.fu-berlin.de\/fubest\/impressum\/","title":{"rendered":"Impressum"},"content":{"rendered":"<h2>Dienstanbieter:<\/h2>\n<p>Freie Universit\u00e4t Berlin, vertreten durch den <a href=\"http:\/\/www.fu-berlin.de\/einrichtungen\/organe\/praesidium\/praesident\/index.html\" target=\"_self\">Pr\u00e4sidenten<\/a>.<\/p>\n<h2>Anschrift:<\/h2>\n<p>Freie Universit\u00e4t Berlin<br \/>\nPr\u00e4sidium<br \/>\nKaiserswerther Str. 16\/18<br \/>\n14195 Berlin<\/p>\n<h2><strong>Umsatzsteueridentifikationsnummer:<\/strong><\/h2>\n<p>DE 811304768<\/p>\n<h2>Inhaltliche Verantwortung nach \u00a7 55 RfStV:<\/h2>\n<h3>Redaktion:<\/h3>\n<p>Freie Universit\u00e4t Berlin European Studies Program (FU-BEST)<br \/>\nc\/o ERG Universit\u00e4tsservice GmbH<br \/>\nMalteserstra\u00dfe 74-100, Haus S<br \/>\n12249 Berlin<br \/>\nDeutschland<\/p>\n<p>E-Mail: <a href=\"mailto:fubest@fu-berlin.de\">fubest[at]fu-berlin.de<\/a><\/p>\n<p><strong>Freie Universit\u00e4t Berlin European Studies Program (FU-BEST)<br \/>\nwird organisiert von der<br \/>\n<\/strong><\/p>\n<p>ERG Universit\u00e4tsservice GmbH<br \/>\nMalteserstra\u00dfe 74-100, Haus S<br \/>\n12249 Berlin<br \/>\nDeutschland<\/p>\n<p>Tel. +49 30 838 53 077<br \/>\nFax. +49 30 838 453 077<br \/>\nE-Mail: <a href=\"mailto:erggmbh@zedat.fu-berlin.de\">erggmbh[at]zedat.fu-berlin.de<\/a><\/p>\n<p>Gesch\u00e4ftsf\u00fchrerinnen: Dchi-Young Yoon, Yasmin Fischdick<\/p>\n<p>Handelsregister-Nummer: Amtsgericht Charlottenburg: HRB 78 892<\/p>\n<p>Die ERG Universit\u00e4tsservice GmbH ist eine Tochter der Alumni-Organisation der Freien Universit\u00e4t Berlin, der Ernst-Reuter-Gesellschaft der Freunde, F\u00f6rderer und Ehemaligen der Freien Universit\u00e4t Berlin e.V.<\/p>\n<p>Academic Directors des FU-BEST Program: Dr. Kristina R\u00f6dder und Dr. Dirk Verheyen<\/p>\n<h2>Rechtsform:<\/h2>\n<p>Die Freie Universit\u00e4t Berlin ist eine K\u00f6rperschaft des \u00f6ffentlichen Rechts gem. \u00a7\u00a7 1 und 2 Berliner Hochschulgesetz (BerlHG). Das Webangebot der Freien Universit\u00e4t Berlin unterliegt dem geltenden <a title=\"Freie Universit\u00e4t Berlin: Urheberrecht\/Copyright\" href=\"http:\/\/www.fu-berlin.de\/redaktion\/copyright\/index.html\">Urheberrecht<\/a>. Beachten Sie bitte auch unseren <a title=\"Haftungsausschluss - Disclaimer, FU Berlin\" href=\"http:\/\/www.fu-berlin.de\/redaktion\/disclaimer\/index.html\">Haftungsausschluss\/Disclaimer.<\/a><\/p>\n<h2>Aufsichtsbeh\u00f6rde<\/h2>\n<p>Aufsichtsbeh\u00f6rde ist die nach \u00a7 89 BerlHG zust\u00e4ndige Berliner Senatsverwaltung f\u00fcr Bildung, Wissenschaft und Forschung.<\/p>\n","protected":false},"excerpt":{"rendered":"<p>Dienstanbieter: Freie Universit\u00e4t Berlin, vertreten durch den Pr\u00e4sidenten. Anschrift: Freie Universit\u00e4t Berlin Pr\u00e4sidium Kaiserswerther Str. 16\/18 14195 Berlin Umsatzsteueridentifikationsnummer: DE 811304768 Inhaltliche Verantwortung nach \u00a7 55 RfStV: Redaktion: Freie Universit\u00e4t Berlin European Studies Program (FU-BEST) c\/o ERG Universit\u00e4tsservice GmbH Malteserstra\u00dfe 74-100, Haus S 12249 Berlin Deutschland E-Mail: fubest[at]fu-berlin.de Freie Universit\u00e4t Berlin European Studies Program (FU-BEST) &hellip; <a href=\"https:\/\/blogs.fu-berlin.de\/fubest\/impressum\/\" class=\"more-link\"><span class=\"screen-reader-text\">\u201eImpressum\u201c<\/span> weiterlesen<\/a><\/p>\n","protected":false},"author":3186,"featured_media":0,"parent":0,"menu_order":0,"comment_status":"open","ping_status":"open","template":"","meta":{"footnotes":""},"class_list":["post-2","page","type-page","status-publish","hentry"],"_links":{"self":[{"href":"https:\/\/blogs.fu-berlin.de\/fubest\/wp-json\/wp\/v2\/pages\/2","targetHints":{"allow":["GET"]}}],"collection":[{"href":"https:\/\/blogs.fu-berlin.de\/fubest\/wp-json\/wp\/v2\/pages"}],"about":[{"href":"https:\/\/blogs.fu-berlin.de\/fubest\/wp-json\/wp\/v2\/types\/page"}],"author":[{"embeddable":true,"href":"https:\/\/blogs.fu-berlin.de\/fubest\/wp-json\/wp\/v2\/users\/3186"}],"replies":[{"embeddable":true,"href":"https:\/\/blogs.fu-berlin.de\/fubest\/wp-json\/wp\/v2\/comments?post=2"}],"version-history":[{"count":3,"href":"https:\/\/blogs.fu-berlin.de\/fubest\/wp-json\/wp\/v2\/pages\/2\/revisions"}],"predecessor-version":[{"id":82,"href":"https:\/\/blogs.fu-berlin.de\/fubest\/wp-json\/wp\/v2\/pages\/2\/revisions\/82"}],"wp:attachment":[{"href":"https:\/\/blogs.fu-berlin.de\/fubest\/wp-json\/wp\/v2\/media?parent=2"}],"curies":[{"name":"wp","href":"https:\/\/api.w.org\/{rel}","templated":true}]}}