{"id":30,"date":"2023-04-24T16:28:14","date_gmt":"2023-04-24T14:28:14","guid":{"rendered":"https:\/\/blogs.fu-berlin.de\/hci2023\/?page_id=30"},"modified":"2023-04-24T16:51:40","modified_gmt":"2023-04-24T14:51:40","slug":"assignments","status":"publish","type":"page","link":"https:\/\/blogs.fu-berlin.de\/hci2023\/assignments\/","title":{"rendered":"Assignments"},"content":{"rendered":"\n<p>I will publish all assignments on Whiteboard. You will find them here just for reasons of completeness.<\/p>\n\n\n\n<div class=\"wp-block-query is-layout-flow wp-block-query-is-layout-flow\"><ul class=\"wp-block-post-template is-layout-flow wp-block-post-template-is-layout-flow\"><li class=\"wp-block-post post-875 post type-post status-publish format-standard hentry category-team5\">\n<h2 class=\"wp-block-post-title\"><a href=\"https:\/\/blogs.fu-berlin.de\/hci2023\/2023\/09\/08\/a11-p5-analyzing-the-test-results-and-the-whole-project\/\" target=\"_self\" >[A11, P5] &#8211; Analyzing the test results and the whole project<\/a><\/h2>\n\n\n\n<div class=\"wp-block-post-excerpt\"><p class=\"wp-block-post-excerpt__excerpt\"># Summarize the project goals, context, and stakeholders Wir haben uns anfangs f\u00fcr die digitale Gesundheitsapp (DiGA) Smokefree App entschieden, haben uns aber z\u00fcgig f\u00fcr die DiGA FIMO Health App umentschieden, die u. a. daf\u00fcr entwickelt wurde, Long Covid Patienten bei ihrer Gesundung zu unterst\u00fctzen. Wir haben uns zum Ziel gesetzt, die Usability in der&hellip; <\/p><\/div>\n\n\n<hr class=\"wp-block-separator has-css-opacity\" \/>\n\n\n<div class=\"wp-block-post-date\"><time datetime=\"2023-09-08T05:58:20+02:00\">8. September 2023<\/time><\/div>\n<\/li><li class=\"wp-block-post post-869 post type-post status-publish format-standard hentry category-team5\">\n<h2 class=\"wp-block-post-title\"><a href=\"https:\/\/blogs.fu-berlin.de\/hci2023\/2023\/09\/08\/a10-p5-embracing-your-design-space\/\" target=\"_self\" >[A10, P5] &#8211; Embracing your design space<\/a><\/h2>\n\n\n\n<div class=\"wp-block-post-excerpt\"><p class=\"wp-block-post-excerpt__excerpt\"># Continue to improve your high-fidelity prototype. We improved our prototype continuously beyond July 11th. # Prepare for a summative evaluation As for the summative evaluation, we just looked it up in the lecture slides and prepared all necessary documents. We conducted it then in the exercise session. We are sorry but we felt that&hellip; <\/p><\/div>\n\n\n<hr class=\"wp-block-separator has-css-opacity\" \/>\n\n\n<div class=\"wp-block-post-date\"><time datetime=\"2023-09-08T03:57:40+02:00\">8. September 2023<\/time><\/div>\n<\/li><li class=\"wp-block-post post-846 post type-post status-publish format-standard hentry category-team6\">\n<h2 class=\"wp-block-post-title\"><a href=\"https:\/\/blogs.fu-berlin.de\/hci2023\/2023\/08\/17\/a11-p6-resuemee-der-projektarbeit\/\" target=\"_self\" >[A11, P6] &#8211; Res\u00fcmee der Projektarbeit<\/a><\/h2>\n\n\n\n<div class=\"wp-block-post-excerpt\"><p class=\"wp-block-post-excerpt__excerpt\">Zusammenfassung des Projektes Im Laufe der Projektarbeit hat sich unser Fokus teilweise etwas verschoben, was aber immer mit den eigentlich Zielen des Projektes einherging. Am Anfang war die ePA. Wir haben uns die verschiedenen Anwendungen angeschaut und uns in erster Linie Fragen zur Nutzbarkeit und Einfachheit der Nutzung gestellt. Dar\u00fcber haben wir uns zur \u00dcberpr\u00fcfung&hellip; <\/p><\/div>\n\n\n<hr class=\"wp-block-separator has-css-opacity\" \/>\n\n\n<div class=\"wp-block-post-date\"><time datetime=\"2023-08-17T16:29:50+02:00\">17. August 2023<\/time><\/div>\n<\/li><\/ul><\/div>\n","protected":false},"excerpt":{"rendered":"<p>I will publish all assignments on Whiteboard. You will find them here just for reasons of completeness.<\/p>\n","protected":false},"author":1820,"featured_media":0,"parent":0,"menu_order":0,"comment_status":"closed","ping_status":"closed","template":"","meta":{"_bbp_topic_count":0,"_bbp_reply_count":0,"_bbp_total_topic_count":0,"_bbp_total_reply_count":0,"_bbp_voice_count":0,"_bbp_anonymous_reply_count":0,"_bbp_topic_count_hidden":0,"_bbp_reply_count_hidden":0,"_bbp_forum_subforum_count":0,"footnotes":""},"class_list":["post-30","page","type-page","status-publish","hentry"],"_links":{"self":[{"href":"https:\/\/blogs.fu-berlin.de\/hci2023\/wp-json\/wp\/v2\/pages\/30","targetHints":{"allow":["GET"]}}],"collection":[{"href":"https:\/\/blogs.fu-berlin.de\/hci2023\/wp-json\/wp\/v2\/pages"}],"about":[{"href":"https:\/\/blogs.fu-berlin.de\/hci2023\/wp-json\/wp\/v2\/types\/page"}],"author":[{"embeddable":true,"href":"https:\/\/blogs.fu-berlin.de\/hci2023\/wp-json\/wp\/v2\/users\/1820"}],"replies":[{"embeddable":true,"href":"https:\/\/blogs.fu-berlin.de\/hci2023\/wp-json\/wp\/v2\/comments?post=30"}],"version-history":[{"count":3,"href":"https:\/\/blogs.fu-berlin.de\/hci2023\/wp-json\/wp\/v2\/pages\/30\/revisions"}],"predecessor-version":[{"id":45,"href":"https:\/\/blogs.fu-berlin.de\/hci2023\/wp-json\/wp\/v2\/pages\/30\/revisions\/45"}],"wp:attachment":[{"href":"https:\/\/blogs.fu-berlin.de\/hci2023\/wp-json\/wp\/v2\/media?parent=30"}],"curies":[{"name":"wp","href":"https:\/\/api.w.org\/{rel}","templated":true}]}}