{"id":3,"date":"2013-12-03T13:57:55","date_gmt":"2013-12-03T12:57:55","guid":{"rendered":"https:\/\/blogs.fu-berlin.de\/lehrbar\/?page_id=2"},"modified":"2018-12-03T15:47:26","modified_gmt":"2018-12-03T14:47:26","slug":"tools","status":"publish","type":"page","link":"https:\/\/blogs.fu-berlin.de\/ideenbar\/tools\/","title":{"rendered":"Tools"},"content":{"rendered":"<p>Das Tool-Portfolio gibt einen \u00dcberblick \u00fcber die Werkzeuge, die f\u00fcr Lehre und Wissenschaft an der Freien Universit\u00e4t Berlin erg\u00e4nzend eingesetzt werden k\u00f6nnen. Bitte beachten Sie, dass f\u00fcr Pflichtinhalte die <a href=\"https:\/\/www.cedis.fu-berlin.de\/services\/systeme\/index.html\">zentralen Systeme<\/a> der Freien Universit\u00e4t zu nutzen sind.\u00a0Die Nutzung hochschulexterner Dienste unterliegt anderen Datenschutzstandards als die der Freien Universit\u00e4t Berlin und erfolgt ohne deren Einfluss\u00a0<a href=\"https:\/\/www.fu-berlin.de\/redaktion\/impressum\/hinweis_social-media\/index.html\">\u00bb\u00a0Hinweise zur Nutzung sozialer Medien<\/a><\/p>\n<p>Das folgende Tool-Portfolio bietet erste Informationen und einen Einstieg in die Funktionalit\u00e4ten und Nutzungsm\u00f6glichkeiten digitaler Medien f\u00fcr die Hochschullehre. Weiterf\u00fchrende Hinweise, Beispiele, praktische Tipps und technische Starthilfe f\u00fcr die jeweiligen Tools bietet das monatliche <a href=\"https:\/\/blogs.fu-berlin.de\/ideenbar\/category\/blog-journal\/\">Blog-Journal<\/a>.<\/p>\n<p>Im <a href=\"https:\/\/blogs.fu-berlin.de\/ideenbar\/2015\/07\/17\/new-learn-flow\/\" target=\"_blank\" rel=\"noopener\">New Learn Flow<\/a> wird das Zusammenspiel von Tools bei Aktivit\u00e4ten im Rahmen von Lernprozessen deutlich und kann ebenso auf wissenschaftliche Workflows \u00fcbertragen werden. Entlang dieser Aktivit\u00e4ten, Prozesse und Workflows sind die Tools im Tool-Portfolio geordnet.<\/p>\n<h4>Ressourcen sammeln &amp; kuratieren<strong><br \/>\n<\/strong><\/h4>\n<p><a title=\"Social Bookmarking\" href=\"https:\/\/blogs.fu-berlin.de\/ideenbar\/tools\/social-bookmarking\/\"><img loading=\"lazy\" decoding=\"async\" class=\"wp-image-690 alignleft\" style=\"border: 0px solid black;margin: 2px\" title=\"Social Bookmarking\" src=\"https:\/\/blogs.fu-berlin.de\/ideenbar\/files\/2014\/06\/SoBookmarking1.jpg\" width=\"128\" height=\"174\" \/><\/a><a title=\"RSS\" href=\"https:\/\/blogs.fu-berlin.de\/ideenbar\/tools\/rss-2\/\"><img loading=\"lazy\" decoding=\"async\" class=\"wp-image-703 alignleft\" style=\"border: 0px solid black;margin: 2px\" title=\"RSS-Reader\" src=\"https:\/\/blogs.fu-berlin.de\/ideenbar\/files\/2014\/06\/RSS.jpg\" width=\"126\" height=\"174\" \/><\/a><a title=\"Web-Desktops\" href=\"https:\/\/blogs.fu-berlin.de\/ideenbar\/tools\/web-desktops\/\"><img loading=\"lazy\" decoding=\"async\" class=\"wp-image-695 alignleft\" style=\"border: 0px solid black;margin: 2px\" title=\"Terminabstimmung\" src=\"https:\/\/blogs.fu-berlin.de\/ideenbar\/files\/2014\/06\/Web-Desktops.jpg\" width=\"126\" height=\"174\" \/><\/a><a title=\"Dropbox\" href=\"https:\/\/blogs.fu-berlin.de\/ideenbar\/?p=733\"><img loading=\"lazy\" decoding=\"async\" class=\"wp-image-690 alignnone\" style=\"border: 0px solid black;margin: 2px\" title=\"Dropbox\" src=\"https:\/\/blogs.fu-berlin.de\/ideenbar\/files\/2014\/06\/Dropbox.jpg\" width=\"128\" height=\"174\" \/><\/a><\/p>\n<h4>Campus-Aktivit\u00e4ten individuell &amp; im Team organisieren<strong><br \/>\n<\/strong><\/h4>\n<p><a title=\"Terminabstimmung\" href=\"https:\/\/blogs.fu-berlin.de\/ideenbar\/tools\/terminabstimmung\/\"><img loading=\"lazy\" decoding=\"async\" class=\"wp-image-692 alignleft\" style=\"border: 0px solid black;margin: 2px\" title=\"Terminabstimmung\" src=\"https:\/\/blogs.fu-berlin.de\/ideenbar\/files\/2014\/06\/Termine.jpg\" width=\"126\" height=\"174\" \/><\/a><img loading=\"lazy\" decoding=\"async\" class=\"wp-image-4981 alignnone\" src=\"https:\/\/blogs.fu-berlin.de\/ideenbar\/files\/2016\/06\/visual.jpg\" alt=\"visual\" width=\"135\" height=\"176\" \/><\/p>\n<h4>Ideen notieren, visualisieren &amp; strukturieren<\/h4>\n<p><a title=\"Mindmaps\" href=\"https:\/\/blogs.fu-berlin.de\/ideenbar\/tools\/mindmaps\/\"><img loading=\"lazy\" decoding=\"async\" class=\"wp-image-701 alignleft\" style=\"border: 0px solid black;margin: 2px\" title=\"Mindmaps\" src=\"https:\/\/blogs.fu-berlin.de\/ideenbar\/files\/2014\/06\/Mindmaps.jpg\" width=\"126\" height=\"174\" \/><\/a><a title=\"Padlet\" href=\"https:\/\/blogs.fu-berlin.de\/ideenbar\/tools\/padlet\/\"><img loading=\"lazy\" decoding=\"async\" class=\"wp-image-702 alignnone\" style=\"border: 0px solid black;margin: 2px\" title=\"Padlet\" src=\"https:\/\/blogs.fu-berlin.de\/ideenbar\/files\/2014\/06\/Padlet.jpg\" width=\"126\" height=\"174\" \/><\/a><\/p>\n<h4>Inhalte zusammen erarbeiten<strong><br \/>\n<\/strong><\/h4>\n<p><a title=\"Wikis\" href=\"https:\/\/blogs.fu-berlin.de\/ideenbar\/tools\/wikis\/\"><img loading=\"lazy\" decoding=\"async\" class=\"wp-image-696 alignleft\" style=\"border: 0px solid black;margin: 2px\" title=\"Wikis\" src=\"https:\/\/blogs.fu-berlin.de\/ideenbar\/files\/2014\/06\/Wikis.jpg\" width=\"126\" height=\"174\" \/><\/a><a title=\"TitanPad\" href=\"https:\/\/blogs.fu-berlin.de\/ideenbar\/tools\/titanpad\/\"><img loading=\"lazy\" decoding=\"async\" class=\"wp-image-693 alignleft\" style=\"border: 0px solid black;margin: 2px\" title=\"TitanPad\" src=\"https:\/\/blogs.fu-berlin.de\/ideenbar\/files\/2014\/06\/TitanPad.jpg\" width=\"126\" height=\"174\" \/><\/a><a title=\"GoogleDocs\" href=\"https:\/\/blogs.fu-berlin.de\/ideenbar\/?p=2717\"><img loading=\"lazy\" decoding=\"async\" class=\"wp-image-701 alignnone\" style=\"border: 0px solid black;margin: 2px\" title=\"GoogleDocs\" src=\"https:\/\/blogs.fu-berlin.de\/ideenbar\/files\/2015\/10\/GoogleDocs.jpg\" width=\"128\" height=\"175\" \/><\/a><\/p>\n<h4>Wissen audio-visuell pr\u00e4sentieren, diskutieren &amp; interagieren<strong><br \/>\n<\/strong><\/h4>\n<p><a title=\"Adobe Connect\" href=\"https:\/\/blogs.fu-berlin.de\/ideenbar\/tools\/adobe-connect\/\"><img loading=\"lazy\" decoding=\"async\" class=\"wp-image-4081 alignleft\" style=\"border: 0px solid black;margin: 2px\" title=\"Adobe Connect\" src=\"https:\/\/blogs.fu-berlin.de\/ideenbar\/files\/2016\/04\/blog_tools_ac_visual2.jpg\" width=\"120\" height=\"170\" \/><\/a><a title=\"Google Hangouts\" href=\"https:\/\/blogs.fu-berlin.de\/ideenbar\/tools\/google-hangouts\/\"><img loading=\"lazy\" decoding=\"async\" class=\"wp-image-700 alignleft\" style=\"border: 0px solid black;margin: 2px\" title=\"Google Hangouts\" src=\"https:\/\/blogs.fu-berlin.de\/ideenbar\/files\/2016\/02\/GoogleHangouts.jpg\" width=\"126\" height=\"174\" \/><\/a><a title=\"Camtasia Studio\" href=\"https:\/\/blogs.fu-berlin.de\/ideenbar\/tools\/camtasia-studio\/\"><img loading=\"lazy\" decoding=\"async\" class=\"wp-image-700 alignleft\" style=\"border: 0px solid black;margin: 2px\" title=\"Camtasia Studio\" src=\"https:\/\/blogs.fu-berlin.de\/ideenbar\/files\/2016\/06\/camtasia_logo.jpg\" width=\"128\" height=\"167\" \/><\/a><a title=\"iTunes U \/ FU AV-Portal\" href=\"https:\/\/blogs.fu-berlin.de\/ideenbar\/tools\/itunes-u\/\"><img loading=\"lazy\" decoding=\"async\" class=\"wp-image-700 alignnone\" style=\"border: 0px solid black;margin: 2px\" title=\"iTunes U\" src=\"https:\/\/blogs.fu-berlin.de\/ideenbar\/files\/2014\/06\/iTunesU.jpg\" width=\"121\" height=\"167\" \/><\/a><\/p>\n<h4>Inhalte publizieren &amp; teilen<br \/>\n<a title=\"Blogs\" href=\"https:\/\/blogs.fu-berlin.de\/ideenbar\/tools\/blogs\/\"><img loading=\"lazy\" decoding=\"async\" class=\"wp-image-697 alignleft\" style=\"border: 0px solid black;margin: 2px\" title=\"Blogs\" src=\"https:\/\/blogs.fu-berlin.de\/ideenbar\/files\/2014\/06\/Blogs.jpg\" width=\"123\" height=\"170\" \/><\/a><a title=\"Flickr\" href=\"https:\/\/blogs.fu-berlin.de\/ideenbar\/tools\/flickr-2\/\"><img loading=\"lazy\" decoding=\"async\" class=\"wp-image-700 alignleft\" style=\"border: 0px solid black;margin: 2px\" title=\"Flickr\" src=\"https:\/\/blogs.fu-berlin.de\/ideenbar\/files\/2015\/12\/Flickr.jpg\" width=\"126\" height=\"174\" \/><\/a><a title=\"SlideShare\" href=\"https:\/\/blogs.fu-berlin.de\/ideenbar\/tools\/slideshare\/\"><img loading=\"lazy\" decoding=\"async\" class=\"wp-image-692 alignnone\" style=\"border: 0px solid black;margin: 2px\" title=\"SlideShare\" src=\"https:\/\/blogs.fu-berlin.de\/ideenbar\/files\/2015\/12\/SlideShare-Tool.jpg\" width=\"126\" height=\"174\" \/><\/a><\/h4>\n<h4>Informationen pr\u00e4sentieren, sich austauschen &amp; vernetzen<br \/>\n<a title=\"Soziale Netzwerke\" href=\"https:\/\/blogs.fu-berlin.de\/ideenbar\/tools\/soziale-netzwerke\/\"><img loading=\"lazy\" decoding=\"async\" class=\"wp-image-691 alignleft\" style=\"border: 0px solid black;margin: 2px\" title=\"Soziale Netzwerke\" src=\"https:\/\/blogs.fu-berlin.de\/ideenbar\/files\/2014\/06\/Soziale-Netzwerke.jpg\" width=\"126\" height=\"174\" \/><\/a><a title=\"Twitter\" href=\"https:\/\/blogs.fu-berlin.de\/ideenbar\/tools\/twitter\/\"><img loading=\"lazy\" decoding=\"async\" class=\"wp-image-694 alignleft\" style=\"border: 0px solid black;margin: 2px\" title=\"Twitter\" src=\"https:\/\/blogs.fu-berlin.de\/ideenbar\/files\/2014\/06\/Twitter.jpg\" width=\"126\" height=\"175\" \/><\/a><a title=\"Distributed Campus\" href=\"https:\/\/blogs.fu-berlin.de\/ideenbar\/tools\/distributed-campus\/\"><img loading=\"lazy\" decoding=\"async\" class=\"wp-image-698 alignnone\" style=\"border: 0px solid black;margin: 2px\" title=\"DC\" src=\"https:\/\/blogs.fu-berlin.de\/ideenbar\/files\/2014\/06\/DC.jpg\" width=\"126\" height=\"174\" \/><\/a><\/h4>\n","protected":false},"excerpt":{"rendered":"<p>Das Tool-Portfolio gibt einen \u00dcberblick \u00fcber die Werkzeuge, die f\u00fcr Lehre und Wissenschaft an der Freien Universit\u00e4t Berlin erg\u00e4nzend eingesetzt werden k\u00f6nnen. Bitte beachten Sie, dass f\u00fcr Pflichtinhalte die zentralen Systeme der Freien Universit\u00e4t zu nutzen sind.\u00a0Die Nutzung hochschulexterner Dienste unterliegt anderen Datenschutzstandards als die der Freien Universit\u00e4t Berlin und erfolgt ohne deren Einfluss\u00a0\u00bb\u00a0Hinweise zur &hellip; <a href=\"https:\/\/blogs.fu-berlin.de\/ideenbar\/tools\/\" class=\"more-link\"><span class=\"screen-reader-text\">\u201eTools\u201c<\/span> weiterlesen<\/a><\/p>\n","protected":false},"author":426,"featured_media":0,"parent":0,"menu_order":1,"comment_status":"closed","ping_status":"closed","template":"","meta":{"footnotes":""},"class_list":["post-3","page","type-page","status-publish","hentry"],"_links":{"self":[{"href":"https:\/\/blogs.fu-berlin.de\/ideenbar\/wp-json\/wp\/v2\/pages\/3","targetHints":{"allow":["GET"]}}],"collection":[{"href":"https:\/\/blogs.fu-berlin.de\/ideenbar\/wp-json\/wp\/v2\/pages"}],"about":[{"href":"https:\/\/blogs.fu-berlin.de\/ideenbar\/wp-json\/wp\/v2\/types\/page"}],"author":[{"embeddable":true,"href":"https:\/\/blogs.fu-berlin.de\/ideenbar\/wp-json\/wp\/v2\/users\/426"}],"replies":[{"embeddable":true,"href":"https:\/\/blogs.fu-berlin.de\/ideenbar\/wp-json\/wp\/v2\/comments?post=3"}],"version-history":[{"count":188,"href":"https:\/\/blogs.fu-berlin.de\/ideenbar\/wp-json\/wp\/v2\/pages\/3\/revisions"}],"predecessor-version":[{"id":6131,"href":"https:\/\/blogs.fu-berlin.de\/ideenbar\/wp-json\/wp\/v2\/pages\/3\/revisions\/6131"}],"wp:attachment":[{"href":"https:\/\/blogs.fu-berlin.de\/ideenbar\/wp-json\/wp\/v2\/media?parent=3"}],"curies":[{"name":"wp","href":"https:\/\/api.w.org\/{rel}","templated":true}]}}