{"id":6077,"date":"2018-09-14T11:57:55","date_gmt":"2018-09-14T09:57:55","guid":{"rendered":"https:\/\/blogs.fu-berlin.de\/ideenbar\/?page_id=6077"},"modified":"2019-08-23T10:51:53","modified_gmt":"2019-08-23T08:51:53","slug":"about","status":"publish","type":"page","link":"https:\/\/blogs.fu-berlin.de\/ideenbar\/about\/","title":{"rendered":"About"},"content":{"rendered":"<h2>Herzlich Willkommen beim Blog zu E-Learning &amp; E-Teaching!<\/h2>\n<p>Lehren im aktuellen Zeitalter bietet eine F\u00fclle an neuen M\u00f6glichkeiten, die Lehre lernerzentriert und weniger frontal zu gestalten und so das selbstregulierte, kooperative und partizipative Lernen der Studierenden zu unterst\u00fctzen. Digitale Technologien und soziale Medien haben hierf\u00fcr gro\u00dfes Potential. Aufgrund ihrer Eigenschaften zur Unterst\u00fctzung von Interaktion, Zusammenarbeit und Vernetzung bieten sie vielf\u00e4ltige M\u00f6glichkeiten zum\u00a0selbstorganisierten und kollaborativen Arbeiten. Die Freie Universit\u00e4t Berlin setzt verst\u00e4rkt auf den Einsatz und unterst\u00fctzt durch Beratung und F\u00f6rderung, stellt die technische Infrastruktur bereit und beschreibt die m\u00f6gliche Nutzung digitaler Anwendungen.<\/p>\n<p>In der IdeenBar erhalten Lehrende &amp; Wissenschaftler\/innen der Freien Universit\u00e4t interessante Tipps und Anregungen f\u00fcr den Medieneinsatz im Hochschulkontext: In dem <a href=\"https:\/\/blogs.fu-berlin.de\/ideenbar\/tools\/\">Tool-Portfolio<\/a> werden Sie\u00a0\u00fcber die Werkzeuge informiert, die f\u00fcr die Nutzung in der Lehre \u00fcber Plichtinhalte hinaus geeignet sind. In dem\u00a0<a href=\"https:\/\/blogs.fu-berlin.de\/ideenbar\/category\/blog-journal\/\" target=\"_blank\" rel=\"noopener\">Blog-Journal<\/a>\u00a0steht jeden Monat ein anderes Tool\/Thema im Fokus, das n\u00e4her betrachtet wird. Hier gibt es vertiefende Informationen, praktische Beispiele und Starthilfe f\u00fcr die eigene Nutzung.<\/p>\n<h2>Beratung und F\u00f6rderung<\/h2>\n<p>Neben dem Blog bietet unser Team vom Center f\u00fcr Digitale Systeme (<a href=\"https:\/\/www.cedis.fu-berlin.de\/\">CeDiS<\/a>) pers\u00f6nliche Beratung zum Einsatz digitaler Medien in der Lehre, f\u00fchrt Workshops und Informationsveranstaltungen durch und ber\u00e4t zur finanziellen F\u00f6rderung an der Freien Universit\u00e4t Berlin.\u00a0Das Beratungsangebot ist Teil des Projektes\u00a0<a href=\"https:\/\/blogs.fu-berlin.de\/ideenbar\/files\/2013\/12\/LEON.jpg\"><img loading=\"lazy\" decoding=\"async\" class=\"alignright\" src=\"https:\/\/blogs.fu-berlin.de\/ideenbar\/files\/2013\/12\/LEON.jpg\" alt=\"Leon Logo\" width=\"208\" height=\"70\" \/><\/a>\u201cLEON \u2013 Learning Environment Online\u201d im Rahmen\u00a0des Programms \u201cSUPPORT \u2013 Qualit\u00e4tspakt f\u00fcr die Lehre\u201d der Freien Universit\u00e4t Berlin, das die Verbesserung der Studienbedingungen sowie die Sicherung und Weiterentwicklung einer qualitativ hochwertigen Hochschullehre verfolgt. LEON zielt auf den Ausbau digitaler Lehr- und Lernumgebungen und die Weiterentwicklung lernerzentrierter Lehr- und Lernkonzepte. Erfahren Sie hier mehr \u00fcber das <a href=\"https:\/\/www.fu-berlin.de\/sites\/qualitaetspakt\/leon\/index.html\" target=\"_blank\" rel=\"noopener\">Gesamtprojekt und die einzelnen Bereiche<\/a>.<\/p>\n<h2>Hinweise zur Nutzung von Social Media<\/h2>\n<p>Die zentralen E-Learning-Plattformen Blackboard, Blogs und Wikis der Freien Universit\u00e4t Berlin bieten vielf\u00e4ltige M\u00f6glichkeiten f\u00fcr lernerzentrierter Lehre, decken aber nicht alle Einsatzformen ab. Daher werden sie erg\u00e4nzt durch externe Dienste. <span style=\"color: #000000\"><strong>Mit Blick auf Datenschutz und -sicherheit sind f\u00fcr Pflichtinhalte die zentralen Systeme zu nutzen (z.B. f\u00fcr Lernmaterial, sensible Daten) und hochschulexterne Anwendungen ausschlie\u00dflich additiv.<\/strong><\/span><\/p>\n<p>Wenn Sie externe Anwendungen nutzen, gelten andere Datenschutzstandards als die der Freien Universit\u00e4t Berlin. Bitte beachten Sie, dass die Verarbeitung, insbesondere die Speicherung, L\u00f6schung und Nutzung personenbezogener Daten dem jeweiligen Dienstanbieter obliegt und die Freie Universit\u00e4t Berlin darauf keinen Einfluss hat. Zahlreiche Anbieter haben ihren Sitz nicht in Deutschland, so dass sie anderen gesetzlichen Bestimmungen unterliegen, die dem deutschen Datenschutzrecht u.U. nicht in dem gebotenen Umfang Rechnung tragen.<\/p>\n<p>Wir weisen ausdr\u00fccklich darauf hin, dass die Freien Universit\u00e4t Berlin keinerlei Kenntnis vom Umfang und Inhalt der \u00fcbermittelten Daten sowie deren Nutzung durch Anbieter sozialer Netzwerke hat oder erh\u00e4lt.<\/p>\n<p>Informationen \u00fcber den Umfang der Verarbeitung Ihrer pers\u00f6nlichen Daten durch Anbieter sozialer Dienste sowie M\u00f6glichkeiten zum Schutz Ihrer Privatsph\u00e4re, entnehmen Sie bitte den Datenschutzrichtlinien der jeweiligen Anbieter.<\/p>\n<p>Die &#8222;Richlinie zur Auslagerung von Daten in die Cloud&#8220; k\u00f6nnen Sie hier als <a href=\"https:\/\/www.fu-berlin.de\/sites\/it-sicherheit\/downloads\/Richtlinie_Cloud-Datenablage_-_1_0.pdf?1359720064\" target=\"_blank\" rel=\"noopener\">PDF-Dokument<\/a> herunterladen.<\/p>\n<p><span style=\"color: #888888\">Informationsverweis der Pressestelle der Freien Universit\u00e4t Berlin. <a href=\"https:\/\/www.fu-berlin.de\/redaktion\/impressum\/hinweis_social-media\" target=\"_blank\" rel=\"noopener\">gesamter Text \u00bb<\/a><br \/>\n<\/span><\/p>\n<p><strong>Weitere Informationen<\/strong><\/p>\n<ul>\n<li><a href=\"https:\/\/www.fu-berlin.de\/themen\/social-media\/\" target=\"_blank\" rel=\"noopener\">https:\/\/www.fu-berlin.de\/themen\/social-media\/<\/a><\/li>\n<li><a href=\"https:\/\/www.fu-berlin.de\/redaktion\/impressum\/hinweis_social-media\" target=\"_blank\" rel=\"noopener\">https:\/\/www.fu-berlin.de\/redaktion\/impressum\/hinweis_social-media<\/a><\/li>\n<\/ul>\n","protected":false},"excerpt":{"rendered":"<p>Herzlich Willkommen beim Blog zu E-Learning &amp; E-Teaching! Lehren im aktuellen Zeitalter bietet eine F\u00fclle an neuen M\u00f6glichkeiten, die Lehre lernerzentriert und weniger frontal zu gestalten und so das selbstregulierte, kooperative und partizipative Lernen der Studierenden zu unterst\u00fctzen. Digitale Technologien und soziale Medien haben hierf\u00fcr gro\u00dfes Potential. Aufgrund ihrer Eigenschaften zur Unterst\u00fctzung von Interaktion, Zusammenarbeit &hellip; <a href=\"https:\/\/blogs.fu-berlin.de\/ideenbar\/about\/\" class=\"more-link\"><span class=\"screen-reader-text\">\u201eAbout\u201c<\/span> weiterlesen<\/a><\/p>\n","protected":false},"author":426,"featured_media":0,"parent":0,"menu_order":0,"comment_status":"closed","ping_status":"closed","template":"","meta":{"footnotes":""},"class_list":["post-6077","page","type-page","status-publish","hentry"],"_links":{"self":[{"href":"https:\/\/blogs.fu-berlin.de\/ideenbar\/wp-json\/wp\/v2\/pages\/6077","targetHints":{"allow":["GET"]}}],"collection":[{"href":"https:\/\/blogs.fu-berlin.de\/ideenbar\/wp-json\/wp\/v2\/pages"}],"about":[{"href":"https:\/\/blogs.fu-berlin.de\/ideenbar\/wp-json\/wp\/v2\/types\/page"}],"author":[{"embeddable":true,"href":"https:\/\/blogs.fu-berlin.de\/ideenbar\/wp-json\/wp\/v2\/users\/426"}],"replies":[{"embeddable":true,"href":"https:\/\/blogs.fu-berlin.de\/ideenbar\/wp-json\/wp\/v2\/comments?post=6077"}],"version-history":[{"count":11,"href":"https:\/\/blogs.fu-berlin.de\/ideenbar\/wp-json\/wp\/v2\/pages\/6077\/revisions"}],"predecessor-version":[{"id":6117,"href":"https:\/\/blogs.fu-berlin.de\/ideenbar\/wp-json\/wp\/v2\/pages\/6077\/revisions\/6117"}],"wp:attachment":[{"href":"https:\/\/blogs.fu-berlin.de\/ideenbar\/wp-json\/wp\/v2\/media?parent=6077"}],"curies":[{"name":"wp","href":"https:\/\/api.w.org\/{rel}","templated":true}]}}