{"id":739,"date":"2014-06-20T14:55:13","date_gmt":"2014-06-20T14:55:13","guid":{"rendered":"https:\/\/blogs.fu-berlin.de\/ideenbar\/?page_id=739"},"modified":"2014-07-02T09:53:41","modified_gmt":"2014-07-02T09:53:41","slug":"titanpad","status":"publish","type":"page","link":"https:\/\/blogs.fu-berlin.de\/ideenbar\/tools\/titanpad\/","title":{"rendered":"TitanPad"},"content":{"rendered":"<h2>Steckbrief<a href=\"https:\/\/blogs.fu-berlin.de\/ideenbar\/files\/2014\/06\/TitanPad.jpg\"><img loading=\"lazy\" decoding=\"async\" class=\"alignright size-full wp-image-693\" alt=\"TitanPad\" src=\"https:\/\/blogs.fu-berlin.de\/ideenbar\/files\/2014\/06\/TitanPad.jpg\" width=\"130\" height=\"180\" \/><\/a><\/h2>\n<div><a title=\"Zur\u00fcck zur ToolBar\" href=\"https:\/\/blogs.fu-berlin.de\/ideenbar\/tools\/\">Zur\u00fcck zur ToolBar<\/a><\/div>\n<div><\/div>\n<h2><span style=\"color: #99cc00\">Texte mit TitanPad einfach mitschreiben<\/span><\/h2>\n<p>Immer wieder m\u00fcssen Mitschriften bei Vorlesungen erstellt oder Teamsitzungen protokolliert werden. Nicht selten wird in der Eile eine Idee oder ein wichtiges Argument aus Versehen nicht notiert. Mit <i>TitanPad<\/i>, einem webbasierten Notizblock, k\u00f6nnen mehrere Personen zeitgleich Texte schreiben und \u00fcberarbeiten. So kann einfach und schnell alles dokumentiert werden, ohne L\u00fccken und aufw\u00e4ndige Nachbearbeitung.<\/p>\n<h2><span style=\"color: #99cc00\">Beschreibung<\/span><\/h2>\n<p><span style=\"color: #000000\"><em>TitanPad<\/em> ist ein Echtzeit-Editor, der als webbasierter Notizblock funktioniert und Nutzer\/innen <\/span><span style=\"color: #000000\">erm\u00f6glicht, Textdokumente kollaborativ zu erstellen. Eigene Texte lassen sich farblich markieren und <\/span><span style=\"color: #000000\">namentlich kennzeichnen, um zu verfolgen, wer welche Inhalte erstellt hat. Es steht eine Zeitleiste <\/span><span style=\"color: #000000\">zur Verf\u00fcgung, Timeslide genannt, um \u00c4nderungen im Text nachzuverfolgen oder r\u00fcckg\u00e4ngig zu <\/span><span style=\"color: #000000\">machen und eine Chatbox f\u00fcr die Metakommunikation. Die Dokumente lassen sich in <\/span><span style=\"color: #000000\">verschiedenen Formaten exportieren wie HTML, Plain Text, Microsoft Word, PDF, Open Document <\/span><span style=\"color: #000000\">oder als Bookmark File. Das Tool funktioniert online im Browser, ohne Software installieren zu <\/span><span style=\"color: #000000\">m\u00fcssen. Bei Aufruf der Seite kann direkt ein &#8222;Public Pad&#8220; erstellt und sofort mit dem Schreiben\u00a0<\/span><span style=\"color: #000000\">gestartet werden, ohne sich registrieren zu m\u00fcssen. Wer das \u00d6ffentliche eher scheut, kann einen <\/span><span style=\"color: #000000\">privaten Team-Bereich zum Schreiben einrichten.<\/span><\/p>\n<h3><span style=\"color: #99cc00\">Keyfeatures &amp; Potentiale<\/span><\/h3>\n<ul>\n<li>Kollaborative, synchrone Erstellung von Textdokumenten mit Echtzeit-Editor<\/li>\n<li>Zusammenarbeit mit bis zu 16 Nutzer\/innen m\u00f6glich<\/li>\n<li>Jedes Pad kann \u00fcber eine eigene URL lokalisiert werden<\/li>\n<li>Export von Dateien in verschiedenen Formaten<\/li>\n<li>Beobachten von Entstehungsprozessen (Live oder per Timeline)<\/li>\n<li>Ein\u00fcben von kollaborativen Arbeits- und Schreibprozessen in Lehre und Forschung<\/li>\n<li>Gemeinschaftliche \u00dcberarbeitung von Texte und Abstimmung via Chatbox<\/li>\n<li>Dialogorientiertes Coaching durch Lehrende via Chatbox<\/li>\n<li>Pr\u00e4sentieren von Gruppenergebnissen bei Projektarbeit<\/li>\n<\/ul>\n<h3><\/h3>\n<h3><span style=\"color: #99cc00\">Einsatz f\u00fcr Lehre &amp; Forschung<\/span><\/h3>\n<ul>\n<li>Online-Brainstorming f\u00fcr Gruppen, deren Teilnehmer\/innen von verschiedenen Orten aus arbeiten<\/li>\n<li>Projektbasierte Gruppenarbeit<\/li>\n<li>Gemeinsam Texte erstellen um Notizen zu Treffen oder zu Lehrveranstaltungen zu protokollieren<\/li>\n<li>Schriftliche Planung von Entw\u00fcrfen<\/li>\n<li>Schulung des kollaborativen Schreibens in einer universit\u00e4ren Lehr-Lern-Umgebung<\/li>\n<li>F\u00f6rderung von Schl\u00fcsselkompetenzen in wissenschaftlichem Online-Publizieren<\/li>\n<li>Verbesserung der Lehr-\/Lernmethoden bei kollaborativen Erarbeitungs- und Schreibprozessen<\/li>\n<li><span style=\"font-family: arial, sans-serif\">Einstieg in forschungsorientierte Lehrveranstaltungen mit Nutzung von kollaborativen Werkzeugen zur Dokumentation von Prozessen<\/span><\/li>\n<li>Interviews mit Experten zu einem Thema<\/li>\n<\/ul>\n<h3><span style=\"color: #99cc00\">Beispiele<\/span><\/h3>\n<ul>\n<li>TitanPad mit den <a title=\"Titanpad Arbeitsgruppe\" href=\"https:\/\/titanpad.com\/cuOE9MNKG7\">Ergebnissen einer Arbeitsgruppe<\/a><\/li>\n<li>Titanpad zur\u00a0Dokumentation: <a title=\"TitanPad Dokumentation\" href=\"https:\/\/titanpad.com\/Xi2aBCAx7k\">Educamp 2013 in Berlin<\/a><\/li>\n<\/ul>\n<h3><span style=\"color: #99cc00\">Zu dem Tool<\/span><\/h3>\n<p>TitanPad: <a title=\"TitanPad\" href=\"https:\/\/titanpad.com\/\">www.titanpad.com<\/a><\/p>\n<h3><span style=\"color: #99cc00\">Beratung &amp; Kontakt<\/span><\/h3>\n<p>AG Web 2.0 &amp; Social Media<\/p>\n<p><a title=\"E-Mail an Karoline von K\u00f6ckritz senden\" href=\"mailto:karoline.vonkoeckritz@cedis.fu-berlin.de\">web20@cedis.fu-berlin.de<\/a><\/p>\n<h3><span style=\"color: #99cc00\">Download des Steckbriefes<\/span><\/h3>\n<p><strong><a href=\"https:\/\/blogs.fu-berlin.de\/ideenbar\/files\/2014\/07\/Steckbrief-TitanPad-PDF.pdf\">Steckbrief TitanPad.PDF<\/a><\/strong><\/p>\n<p>&nbsp;<\/p>\n<div><a title=\"Zur\u00fcck zur ToolBar\" href=\"https:\/\/blogs.fu-berlin.de\/ideenbar\/tools\/\">Zur\u00fcck zur ToolBar<\/a><\/div>\n","protected":false},"excerpt":{"rendered":"<p>Steckbrief Zur\u00fcck zur ToolBar Texte mit TitanPad einfach mitschreiben Immer wieder m\u00fcssen Mitschriften bei Vorlesungen erstellt oder Teamsitzungen protokolliert werden. Nicht selten wird in der Eile eine Idee oder ein wichtiges Argument aus Versehen nicht notiert. Mit TitanPad, einem webbasierten Notizblock, k\u00f6nnen mehrere Personen zeitgleich Texte schreiben und \u00fcberarbeiten. So kann einfach und schnell alles &hellip; <a href=\"https:\/\/blogs.fu-berlin.de\/ideenbar\/tools\/titanpad\/\" class=\"more-link\"><span class=\"screen-reader-text\">\u201eTitanPad\u201c<\/span> weiterlesen<\/a><\/p>\n","protected":false},"author":426,"featured_media":0,"parent":3,"menu_order":0,"comment_status":"open","ping_status":"open","template":"","meta":{"footnotes":""},"class_list":["post-739","page","type-page","status-publish","hentry"],"_links":{"self":[{"href":"https:\/\/blogs.fu-berlin.de\/ideenbar\/wp-json\/wp\/v2\/pages\/739","targetHints":{"allow":["GET"]}}],"collection":[{"href":"https:\/\/blogs.fu-berlin.de\/ideenbar\/wp-json\/wp\/v2\/pages"}],"about":[{"href":"https:\/\/blogs.fu-berlin.de\/ideenbar\/wp-json\/wp\/v2\/types\/page"}],"author":[{"embeddable":true,"href":"https:\/\/blogs.fu-berlin.de\/ideenbar\/wp-json\/wp\/v2\/users\/426"}],"replies":[{"embeddable":true,"href":"https:\/\/blogs.fu-berlin.de\/ideenbar\/wp-json\/wp\/v2\/comments?post=739"}],"version-history":[{"count":14,"href":"https:\/\/blogs.fu-berlin.de\/ideenbar\/wp-json\/wp\/v2\/pages\/739\/revisions"}],"predecessor-version":[{"id":914,"href":"https:\/\/blogs.fu-berlin.de\/ideenbar\/wp-json\/wp\/v2\/pages\/739\/revisions\/914"}],"up":[{"embeddable":true,"href":"https:\/\/blogs.fu-berlin.de\/ideenbar\/wp-json\/wp\/v2\/pages\/3"}],"wp:attachment":[{"href":"https:\/\/blogs.fu-berlin.de\/ideenbar\/wp-json\/wp\/v2\/media?parent=739"}],"curies":[{"name":"wp","href":"https:\/\/api.w.org\/{rel}","templated":true}]}}