{"id":751,"date":"2014-06-20T14:57:00","date_gmt":"2014-06-20T14:57:00","guid":{"rendered":"https:\/\/blogs.fu-berlin.de\/ideenbar\/?page_id=751"},"modified":"2014-06-25T11:45:29","modified_gmt":"2014-06-25T11:45:29","slug":"terminabstimmung","status":"publish","type":"page","link":"https:\/\/blogs.fu-berlin.de\/ideenbar\/tools\/terminabstimmung\/","title":{"rendered":"Terminabstimmung"},"content":{"rendered":"<h2>Steckbrief<a href=\"https:\/\/blogs.fu-berlin.de\/ideenbar\/files\/2014\/06\/Termine.jpg\"><img loading=\"lazy\" decoding=\"async\" class=\"alignright size-full wp-image-692\" alt=\"Termine\" src=\"https:\/\/blogs.fu-berlin.de\/ideenbar\/files\/2014\/06\/Termine.jpg\" width=\"130\" height=\"180\" \/><\/a><\/h2>\n<p><a href=\"https:\/\/blogs.fu-berlin.de\/ideenbar\/tools\/\">Zur\u00fcck zur ToolBar <strong><\/strong><\/a><\/p>\n<h2><span style=\"color: #99cc00\">Save time &amp; trouble<\/span><\/h2>\n<p>Wer kennt das nicht? Eigentlich sollte nur schnell ein Termin f\u00fcr ein kleines Forschungstreffen, eine Gruppensprechstunde oder ein Mitarbeitermeeting gefunden werden, aber ist der geplante Termin f\u00fcr eine Person m\u00f6glich, kann eine ande\u00ad\u00adre nicht; wird ein neues Treffen vorgeschlagen, ist es wieder f\u00fcr jemanden unpassend \u2013 kurzum: Terminvereinbarungen kosten oft Zeit und Nerven. Online-Programme vereinfachen die Terminabstimmung erheblich. Schnell und einfach l\u00e4sst sich ermitteln, welcher Zeitpunkt f\u00fcr alle am g\u00fcnstigsten ist \u2013 egal ob f\u00fcr Forschung, Lehre oder Freizeitaktivit\u00e4ten.<\/p>\n<h3><span style=\"color: #99cc00\">Beschreibung<\/span><\/h3>\n<p>Die Tools<i> Doodle<\/i> und <i>Foodle<\/i> sind Hilfsmittel zur Abstimmung von Terminen. <i>Doodle<\/i> ist unter der Studieren\u00addenschaft das bekanntere Tool von beiden und ist hinsichtlich des Layouts etwas komfor\u00adtabler; <i>Foodle<\/i> der Deutschen Forschungsgemeinschaft (DFN) sichert daf\u00fcr den Schutz pers\u00f6nlicher Daten und bringt hiermit einen wesentlichen Vorteil (inkl. Werbefreiheit). Die Terminabstimmungen sind bei beiden Tools schnell erstellt, anschlie\u00dfend wird ein Link erzeugt, \u00fcber den die Abstim\u00admung erfolgt und der mehrheitlich bevorzugte Termin wird automa\u00adtisch angezeigt.<\/p>\n<h3><span style=\"color: #99cc00\">Keyfeatures &amp; Potentiale<\/span><\/h3>\n<ul>\n<li>enorme Vereinfachung der Terminfindung<\/li>\n<li>schnelle Erstellung &amp; sehr einfache Teilnahme<\/li>\n<li>anonym oder personalisiert nutzbar<\/li>\n<li>nachtr\u00e4gliche Anpassungen m\u00f6glich<\/li>\n<li>n\u00fctzliche Zusatzfunktionen\n<ul>\n<li>Ja-Nein-Vielleicht-Abstimmung<\/li>\n<li>Versteckte Umfrage: nur Sie k\u00f6nnen die Antworten sehen (<i>Doodle<\/i>)<\/li>\n<li>Auswahlbeschr\u00e4nkung: Teilnehmer\/innen k\u00f6nnen nur eine Option w\u00e4hlen (<i>Doodle<\/i>)<\/li>\n<li>Begrenzte Teilnehmeranzahl: Eine Option kann nur von einer bestimmten Anzahl an Teilnehmer\/innen gew\u00e4hlt werden (<i>Doodle<\/i>)<\/li>\n<li>Benachrichtigungen \u00fcber den aktuellen Stand pro Tag per E-Mail (<i>Doodle<\/i>, <i>Foodle<\/i>)<\/li>\n<li>Export als Excel-Datei (<i>Doodle<\/i>, <i>Foodle<\/i>)<\/li>\n<li>Personalisierung: Abstimmung im geschlossenen Nutzerkreis (<i>Foodle<\/i>)<\/li>\n<li>Ablaufdatum: Die Terminabstimmung ist nur bis zu einem bestimmten Zeitpunkt verf\u00fcgbar (<i>Foodle<\/i>)<\/li>\n<\/ul>\n<\/li>\n<\/ul>\n<h3><\/h3>\n<h3><span style=\"color: #99cc00\">Einsatz in Lehre und Forschung<\/span><\/h3>\n<ul>\n<li>Koordination von Veranstaltungen\/Exkursionen\/\u2026<\/li>\n<li>Auswahl von Sprechstundenterminen durch Studierende<br \/>\n(<i>Doodle<\/i>, Einstellung: \u201eAnzahl Teilnehmer pro Option begrenzen\u201c auf \u201e1\u201c und \u201eTeilnehmer kann nur eine Option w\u00e4hlen\u201c)<\/li>\n<li>Abstimmung von Terminen f\u00fcr Gruppenarbeiten<br \/>\n(<i>Doodle<\/i>, Einstellung: \u201eAnzahl Teilnehmer pro Option begrenzen\u201c)<\/li>\n<li>Verbreitung des Umfragelinks f\u00fcr Studierende \u00fcber die Lernplattform <i>Blackboard<\/i><\/li>\n<li>versteckte Abstimmungsergebnisse: nur f\u00fcr die Lehrperson sichtbar (<i>Doodle<\/i>)<\/li>\n<li>vertrauliche Abstimmung in geschlossener Forschungsgruppe (<i>Foodle<\/i>)<\/li>\n<\/ul>\n<h3><span style=\"color: #99cc00\">\u00a0Zu den Tools<\/span><\/h3>\n<ul>\n<li>Foodle (DFN Terminplaner)\n<ul>\n<li><a href=\"https:\/\/terminplaner.dfn.de\/\">https:\/\/terminplaner.dfn.de\/<\/a> (Version 1: anonyme Nutzung)<\/li>\n<li><a href=\"https:\/\/terminplaner2.dfn.de\/\">https:\/\/terminplaner2.dfn.de\/<\/a> (Version 2: personalisierte Nutzung)<\/li>\n<\/ul>\n<\/li>\n<li>Doodle\n<ul>\n<li><a href=\"https:\/\/doodle.com\/de\/\">https:\/\/doodle.com\/de\/<\/a><\/li>\n<\/ul>\n<\/li>\n<\/ul>\n<h3><span style=\"color: #99cc00\">Download des Steckbriefes<\/span><\/h3>\n<h3><a href=\"https:\/\/blogs.fu-berlin.de\/ideenbar\/files\/2014\/06\/Steckbrief_Terminplaner.pdf\">Steckbrief_Terminplaner.PDF<\/a><\/h3>\n<h3><span style=\"color: #99cc00\">Beratung &amp; Kontakt<\/span><\/h3>\n<p>AG Web 2.0 &amp; Social Media<\/p>\n<p><a href=\"mailto:web20@cedis.fu-berlin.de\">web20@cedis.fu-berlin.de<\/a><br \/>\n<br \/><\/br><br \/>\n<a href=\"https:\/\/blogs.fu-berlin.de\/ideenbar\/tools\/\">Zur\u00fcck zur ToolBar<\/a><\/p>\n","protected":false},"excerpt":{"rendered":"<p>Steckbrief Zur\u00fcck zur ToolBar Save time &amp; trouble Wer kennt das nicht? Eigentlich sollte nur schnell ein Termin f\u00fcr ein kleines Forschungstreffen, eine Gruppensprechstunde oder ein Mitarbeitermeeting gefunden werden, aber ist der geplante Termin f\u00fcr eine Person m\u00f6glich, kann eine ande\u00ad\u00adre nicht; wird ein neues Treffen vorgeschlagen, ist es wieder f\u00fcr jemanden unpassend \u2013 kurzum: &hellip; <a href=\"https:\/\/blogs.fu-berlin.de\/ideenbar\/tools\/terminabstimmung\/\" class=\"more-link\"><span class=\"screen-reader-text\">\u201eTerminabstimmung\u201c<\/span> weiterlesen<\/a><\/p>\n","protected":false},"author":426,"featured_media":0,"parent":3,"menu_order":0,"comment_status":"open","ping_status":"open","template":"","meta":{"footnotes":""},"class_list":["post-751","page","type-page","status-publish","hentry"],"_links":{"self":[{"href":"https:\/\/blogs.fu-berlin.de\/ideenbar\/wp-json\/wp\/v2\/pages\/751","targetHints":{"allow":["GET"]}}],"collection":[{"href":"https:\/\/blogs.fu-berlin.de\/ideenbar\/wp-json\/wp\/v2\/pages"}],"about":[{"href":"https:\/\/blogs.fu-berlin.de\/ideenbar\/wp-json\/wp\/v2\/types\/page"}],"author":[{"embeddable":true,"href":"https:\/\/blogs.fu-berlin.de\/ideenbar\/wp-json\/wp\/v2\/users\/426"}],"replies":[{"embeddable":true,"href":"https:\/\/blogs.fu-berlin.de\/ideenbar\/wp-json\/wp\/v2\/comments?post=751"}],"version-history":[{"count":5,"href":"https:\/\/blogs.fu-berlin.de\/ideenbar\/wp-json\/wp\/v2\/pages\/751\/revisions"}],"predecessor-version":[{"id":853,"href":"https:\/\/blogs.fu-berlin.de\/ideenbar\/wp-json\/wp\/v2\/pages\/751\/revisions\/853"}],"up":[{"embeddable":true,"href":"https:\/\/blogs.fu-berlin.de\/ideenbar\/wp-json\/wp\/v2\/pages\/3"}],"wp:attachment":[{"href":"https:\/\/blogs.fu-berlin.de\/ideenbar\/wp-json\/wp\/v2\/media?parent=751"}],"curies":[{"name":"wp","href":"https:\/\/api.w.org\/{rel}","templated":true}]}}