{"id":210,"date":"2011-02-26T17:47:49","date_gmt":"2011-02-26T15:47:49","guid":{"rendered":"https:\/\/blogs.fu-berlin.de\/jfkpol\/?page_id=210"},"modified":"2015-01-09T09:53:24","modified_gmt":"2015-01-09T07:53:24","slug":"authorseng","status":"publish","type":"page","link":"https:\/\/blogs.fu-berlin.de\/jfkpol\/authorseng\/","title":{"rendered":""},"content":{"rendered":"<h1>Authors<\/h1>\n<table border=\"0\" width=\"25%\">\n<tbody>\n<tr>\n<td align=\"left\"><a href=\"https:\/\/blogs.fu-berlin.de\/jfkpol\/autoren\/\"><img loading=\"lazy\" decoding=\"async\" class=\"alignnone size-full wp-image-222\" src=\"https:\/\/blogs.fu-berlin.de\/jfkpol\/files\/2011\/02\/GerFlag-Kopie.jpg\" alt=\"\" width=\"59\" height=\"36\" \/><\/a><\/td>\n<td align=\"right\"><img loading=\"lazy\" decoding=\"async\" class=\"alignnone size-full wp-image-223\" style=\"border: 1px solid black\" src=\"https:\/\/blogs.fu-berlin.de\/jfkpol\/files\/2011\/02\/AmBrFlagDruck.jpg\" alt=\"\" width=\"59\" height=\"36\" \/><\/td>\n<\/tr>\n<\/tbody>\n<\/table>\n<p>&nbsp;<\/p>\n<p style=\"text-align: left\"><strong>&#8212;&#8212;&#8212;&#8212;&#8212;&#8212;&#8212;&#8212;&#8212;&#8212;&#8212;&#8212;&#8212;&#8212;&#8212;&#8212;&#8212;&#8212;&#8212;&#8212;&#8212;&#8212;&#8212;&#8212;&#8212;&#8212;&#8212;&#8212;&#8212;&#8212;&#8212;&#8212;&#8212;&#8212;<\/strong><\/p>\n<p><strong><br \/>\n<\/strong><\/p>\n<ul>\n<li><strong>Dr. Thomas Greven<\/strong><\/li>\n<\/ul>\n<p style=\"text-align: justify\"><img loading=\"lazy\" decoding=\"async\" class=\"size-medium wp-image-130 alignright\" style=\"border: 1px solid black;margin: 6px 10px 6px 10px\" src=\"https:\/\/blogs.fu-berlin.de\/jfkpol\/files\/2011\/02\/IMG_0091Kl-300x199.jpg\" alt=\"\" width=\"211\" height=\"140\" srcset=\"https:\/\/blogs.fu-berlin.de\/jfkpol\/files\/2011\/02\/IMG_0091Kl-300x199.jpg 300w, https:\/\/blogs.fu-berlin.de\/jfkpol\/files\/2011\/02\/IMG_0091Kl.jpg 350w\" sizes=\"auto, (max-width: 211px) 100vw, 211px\" \/>&#8230;is Associated Professor (Privatdozent) of political science at Freie\u00a0Universit\u00e4t Berlin, Senior Research Fellow of the German Institute for International\u00a0Relations, Berlin, and an independent political consultant. He teaches at the John F. Kennedy\u00a0Institute for North American Studies (FU Berlin) and at the Global Labour University\u00a0(Kassel and Berlin). After studying political science at FU Berlin and Western Michigan\u00a0University, he graduated in 1994 with an M.A from WMU. In 1995\/1996, he was an APSA\u00a0Congressional Fellow in the office of Bernie Sanders (I-VT). In 2000, he received his\u00a0doctorate in political science at FU Berlin with a dissertation on labor rights and US foreign\u00a0economic policy. Between 2000 and 2007, he was Assistant Professor of political science\u00a0at the John F. Kennedy Institute at FU Berlin, where he also served as Visiting Professor\u00a0between 2008 and 2009. In 2009, he earned his \u201cHabilitation\u201d in political science at FU\u00a0Berlin. Greven has been visiting scholar and researcher i.a. at the University of British-\u00a0Columbia, the Economic Policy Institute, the University of California, Berkeley, York\u00a0University in Toronto, the American Institute for Contemporary German Studies, Johns\u00a0Hopkins University, and at the Max Planck Institute for the Study of Societies. His research\u00a0interests include globalization, development policy, labor unions and industrial relations, US\u00a0and Canadian politics, and African politics. He lives in Berlin and Bamako, Mali.<\/p>\n<p><span style=\"text-decoration: underline\">Selected Books:<\/span><\/p>\n<ul>\n<li><em>Solidarit\u00e4t \u00fcber Grenzen: Gewerkschaften vor neuer Standortkonkurrenz <\/em>(Berlin 2011, hrsg.. mit F. Gerlach, U. M\u00fcckenberger und E. Schmidt);<\/li>\n<li><em>Globalisierter Rechtsextremismus? Die extremistische Rechte in der \u00c4ra der Globalisierung<\/em> (Wiesbaden 2006, hrsg. mit Thomas Grumke);<\/li>\n<li><em>Globalisierung gestalten. Welt\u00f6konomie und soziale Standards<\/em> (Bonn 2005, mit Christoph Scherrer);<\/li>\n<li><em>Die Republikaner. Anatomie einer amerikanischen Partei<\/em> (M\u00fcnchen 2004);<\/li>\n<li><em>Clash of Globalizations? The Politics of International Labor Rights in the United States<\/em> (Frankfurt\/M. und New York: 2003).<\/li>\n<\/ul>\n<p><strong>&#8212;&#8212;&#8212;&#8212;&#8212;&#8212;&#8212;&#8212;&#8212;&#8212;&#8212;&#8212;&#8212;&#8212;&#8212;&#8212;&#8212;&#8212;&#8212;&#8212;&#8212;&#8212;&#8212;&#8212;&#8212;&#8212;&#8212;&#8212;&#8212;&#8212;&#8212;&#8212;&#8212;&#8212;<\/strong><\/p>\n<p><a href=\"https:\/\/blogs.fu-berlin.de\/jfkpol\/autoren\/lammert_neu1\/\" rel=\"attachment wp-att-178\"><img loading=\"lazy\" decoding=\"async\" class=\"alignright\" style=\"border: 1px solid black;margin: 6px 10px 6px 10px\" src=\"https:\/\/blogs.fu-berlin.de\/jfkpol\/files\/2011\/02\/Lammert_Neu1-200x300.jpg\" alt=\"\" width=\"101\" height=\"151\" \/><\/a><\/p>\n<ul>\n<li><strong>Dr. Christian Lammert<\/strong><\/li>\n<\/ul>\n<p style=\"text-align: justify\">&#8230;is visiting professor at the John F. Kennedy Institute for North American Studies and teaches political science. He received his doctorate in 2002 at the Goethe-University in Frankfurt am Main on national movements and state in Canada and France. Later on he worked for several years as a researcher at the Centre for North American Studies at the Goethe University before he came to Berlin. His research interests include US and Canadian politics, Comparative Welfare State Research, Tax and Social Policy, Nationalism and Multiculturalism.<\/p>\n<p><span style=\"text-decoration: underline\">Selected publications:<\/span><\/p>\n<ul>\n<li>Travelling Concepts: Negotiating Diversity in Canada and Europe (ed. with Katja Sarkowsky), Wiesbaden VS Verlag 2010<\/li>\n<li>Quebec: Between ,Founding Nation\u2019 and Sovereignty\u201d, in: Global Realignments and the\u00a0Canadian Nation in the Third Millennium, ed. Karin Ikas, Wiesbaden: Harrasowitz 2010,\u00a0129-140<\/li>\n<li>\u201eNew Instruments in Social Policy: Taxation and the Welfare State\u201c, in: <em>Convergence and Divergence in North America. Canada and the United States,<\/em> ed. Karl Froschauer, Vancouver 2006<\/li>\n<li><em>Modern Welfare States Under Pressure: Determinants of Tax Policy in a Globalizing World,<\/em> Institute for Research on Public Policy (IRPP) Working Paper Series 2004-01, Montr\u00e9al 2004<\/li>\n<li>\u201eNationalist Movements and the State in Canada and France: Ethno-territorial Protestmovements in Qu\u00e9bec and Corsica\u201d, in: <em>Zeitschrift f\u00fcr Kanada-Studien<\/em> 21 (2) 2002<\/li>\n<\/ul>\n<p>&#8212;&#8212;&#8212;&#8212;&#8212;&#8212;&#8212;&#8212;&#8212;&#8212;&#8212;&#8212;&#8212;&#8212;&#8212;&#8212;&#8212;&#8212;&#8212;&#8212;&#8212;&#8212;&#8212;&#8212;&#8212;&#8212;&#8212;&#8212;&#8212;&#8212;&#8212;&#8212;&#8212;&#8212;<\/p>\n<p><strong><br \/>\n<\/strong><\/p>\n<ul>\n<li><strong><span style=\"font-weight: normal\"><strong>Curd Kn\u00fcpfer M.A.<\/strong><\/span><\/strong><\/li>\n<\/ul>\n<p><img loading=\"lazy\" decoding=\"async\" class=\"size-medium wp-image-156 alignleft\" style=\"border: 1px solid black;margin: 6px 10px 6px 10px\" src=\"https:\/\/blogs.fu-berlin.de\/jfkpol\/files\/2011\/02\/querformat-300x214.jpg\" alt=\"\" width=\"132\" height=\"95\" srcset=\"https:\/\/blogs.fu-berlin.de\/jfkpol\/files\/2011\/02\/querformat-300x214.jpg 300w, https:\/\/blogs.fu-berlin.de\/jfkpol\/files\/2011\/02\/querformat.jpg 827w\" sizes=\"auto, (max-width: 132px) 100vw, 132px\" \/><\/p>\n<p style=\"text-align: justify\">\u2026is a PhD student at the John F. Kennedy Institute\u2019s Department of Politics at the Freie Universit\u00e4t Berlin. His research interests include US conservatism, media and foreign policy.<\/p>\n<p style=\"text-align: justify\">Before moving to Berlin, he received his Magister degree from the University of Bonn\u2019s North American Studies Program. His M.A. thesis dealt with the impact of theories and ideas that shaped the American neoconservative movement after the end of the Cold War. During his studies he worked for and was an intern at several media outlets and public relations offices, including a UN secretariat.<\/p>\n<p style=\"text-align: justify\">He spent the years from 1991 to 2000 living in a Washington DC suburb with his family. His thesis is focused on the fragmentation of US news media, the rise of conservative media and its possible impact on foreign policy debates.<\/p>\n<p style=\"text-align: justify\"><span style=\"text-decoration: underline\">Bookpublication<\/span>:<\/p>\n<ul>\n<li><em>Ideen, die die Welt verzerren \u2013 Das Machtstreben der US-amerikanischen Neokonservativen nach 1989.<\/em> (Marburg, 2010).<\/li>\n<\/ul>\n<p>&#8212;&#8212;&#8212;&#8212;&#8212;&#8212;&#8212;&#8212;&#8212;&#8212;&#8212;&#8212;&#8212;&#8212;&#8212;&#8212;&#8212;&#8212;&#8212;&#8212;&#8212;&#8212;&#8212;&#8212;&#8212;&#8212;&#8212;&#8212;&#8212;&#8212;&#8212;&#8212;&#8212;&#8212;<\/p>\n<p>&nbsp;<\/p>\n<ul>\n<li><strong>Dr. Boris Vormann<\/strong><\/li>\n<\/ul>\n<p>&#8230; is a postdoctoral researcher in political science and urban studies at Freie Universit\u00e4t\u2019s John-F.-Kennedy Institute for North American Studies and an associated researcher at the Chaire de Recherche du Canada en \u00c9tudes Qu\u00e9b\u00e9coises et Canadiennes (CR\u00c9QC), Universit\u00e9 du Qu\u00e9bec \u00e0 Montr\u00e9al (UQAM).<\/p>\n<p>His research foci include the relationship between urbanization and globalization; nationalism and political culture; and social and urban inequalities. He has conducted research on urban planning strategies in North American global cities, social policies in the United States, Canada, and the United Kingdom, and nationalism in North America and Europe.<\/p>\n<p><a href=\"https:\/\/blogs.fu-berlin.de\/jfkpol\/files\/2011\/02\/IMG_2240.jpg\"><img loading=\"lazy\" decoding=\"async\" class=\"wp-image-1397 alignleft\" src=\"https:\/\/blogs.fu-berlin.de\/jfkpol\/files\/2011\/02\/IMG_2240-300x200.jpg\" alt=\"IMG_2240\" width=\"229\" height=\"152\" srcset=\"https:\/\/blogs.fu-berlin.de\/jfkpol\/files\/2011\/02\/IMG_2240-300x200.jpg 300w, https:\/\/blogs.fu-berlin.de\/jfkpol\/files\/2011\/02\/IMG_2240-1024x682.jpg 1024w, https:\/\/blogs.fu-berlin.de\/jfkpol\/files\/2011\/02\/IMG_2240.jpg 1417w\" sizes=\"auto, (max-width: 229px) 100vw, 229px\" \/><\/a><\/p>\n<p style=\"padding-left: 240px\">Book publications:<\/p>\n<p style=\"padding-left: 240px\">&#8212; Global Port Cities in North America. Urbanization Processes and Global Production Networks (Routledge 2015)<\/p>\n<p style=\"padding-left: 240px\">&#8212; with Christian Lammert and Markus Siewert (eds.). Handbuch Politik USA (Springer VS, 2015)<\/p>\n<p style=\"padding-left: 240px\">&#8212; Zwischen Alter und Neuer Welt (Synchron, 2012)<\/p>\n<p style=\"padding-left: 240px\">&#8212; with Alain-G. Gagnon and Ingo Kolboom (eds.). Qu\u00e9bec: Staat und Gesellschaft (Synchron 2011)<\/p>\n<p>For further information see\u00a0<a href=\"https:\/\/www.jfki.fu-berlin.de\/en\/faculty\/politicalscience\/persons\/vormann\/index.html\">https:\/\/www.jfki.fu-berlin.de\/en\/faculty\/politicalscience\/persons\/vormann\/index.html<\/a><\/p>\n","protected":false},"excerpt":{"rendered":"<p>Authors &nbsp; &#8212;&#8212;&#8212;&#8212;&#8212;&#8212;&#8212;&#8212;&#8212;&#8212;&#8212;&#8212;&#8212;&#8212;&#8212;&#8212;&#8212;&#8212;&#8212;&#8212;&#8212;&#8212;&#8212;&#8212;&#8212;&#8212;&#8212;&#8212;&#8212;&#8212;&#8212;&#8212;&#8212;&#8212; Dr. Thomas Greven &#8230;is Associated Professor (Privatdozent) of political science at Freie\u00a0Universit\u00e4t Berlin, Senior Research Fellow of the German Institute for International\u00a0Relations, Berlin, and an independent political consultant. He teaches at the John F. Kennedy\u00a0Institute for North American Studies (FU Berlin) and at the Global Labour University\u00a0(Kassel and Berlin). After studying political [&hellip;]<\/p>\n","protected":false},"author":762,"featured_media":0,"parent":0,"menu_order":0,"comment_status":"closed","ping_status":"closed","template":"","meta":{"footnotes":""},"class_list":["post-210","page","type-page","status-publish","hentry"],"_links":{"self":[{"href":"https:\/\/blogs.fu-berlin.de\/jfkpol\/wp-json\/wp\/v2\/pages\/210","targetHints":{"allow":["GET"]}}],"collection":[{"href":"https:\/\/blogs.fu-berlin.de\/jfkpol\/wp-json\/wp\/v2\/pages"}],"about":[{"href":"https:\/\/blogs.fu-berlin.de\/jfkpol\/wp-json\/wp\/v2\/types\/page"}],"author":[{"embeddable":true,"href":"https:\/\/blogs.fu-berlin.de\/jfkpol\/wp-json\/wp\/v2\/users\/762"}],"replies":[{"embeddable":true,"href":"https:\/\/blogs.fu-berlin.de\/jfkpol\/wp-json\/wp\/v2\/comments?post=210"}],"version-history":[{"count":44,"href":"https:\/\/blogs.fu-berlin.de\/jfkpol\/wp-json\/wp\/v2\/pages\/210\/revisions"}],"predecessor-version":[{"id":1407,"href":"https:\/\/blogs.fu-berlin.de\/jfkpol\/wp-json\/wp\/v2\/pages\/210\/revisions\/1407"}],"wp:attachment":[{"href":"https:\/\/blogs.fu-berlin.de\/jfkpol\/wp-json\/wp\/v2\/media?parent=210"}],"curies":[{"name":"wp","href":"https:\/\/api.w.org\/{rel}","templated":true}]}}

<h1>Authors</h1>
<table border="0" width="25%">
<tbody>
<tr>
<td align="left"><a href="https://blogs.fu-berlin.de/jfkpol/autoren/"><img loading="lazy" decoding="async" class="alignnone size-full wp-image-222" src="https://blogs.fu-berlin.de/jfkpol/files/2011/02/GerFlag-Kopie.jpg" alt="" width="59" height="36" /></a></td>
<td align="right"><img loading="lazy" decoding="async" class="alignnone size-full wp-image-223" style="border: 1px solid black" src="https://blogs.fu-berlin.de/jfkpol/files/2011/02/AmBrFlagDruck.jpg" alt="" width="59" height="36" /></td>
</tr>
</tbody>
</table>
<p>&nbsp;</p>
<p style="text-align: left"><strong>&#8212;&#8212;&#8212;&#8212;&#8212;&#8212;&#8212;&#8212;&#8212;&#8212;&#8212;&#8212;&#8212;&#8212;&#8212;&#8212;&#8212;&#8212;&#8212;&#8212;&#8212;&#8212;&#8212;&#8212;&#8212;&#8212;&#8212;&#8212;&#8212;&#8212;&#8212;&#8212;&#8212;&#8212;</strong></p>
<p><strong><br />
</strong></p>
<ul>
<li><strong>Dr. Thomas Greven</strong></li>
</ul>
<p style="text-align: justify"><img loading="lazy" decoding="async" class="size-medium wp-image-130 alignright" style="border: 1px solid black;margin: 6px 10px 6px 10px" src="https://blogs.fu-berlin.de/jfkpol/files/2011/02/IMG_0091Kl-300x199.jpg" alt="" width="211" height="140" srcset="https://blogs.fu-berlin.de/jfkpol/files/2011/02/IMG_0091Kl-300x199.jpg 300w, https://blogs.fu-berlin.de/jfkpol/files/2011/02/IMG_0091Kl.jpg 350w" sizes="auto, (max-width: 211px) 100vw, 211px" />&#8230;is Associated Professor (Privatdozent) of political science at Freie Universität Berlin, Senior Research Fellow of the German Institute for International Relations, Berlin, and an independent political consultant. He teaches at the John F. Kennedy Institute for North American Studies (FU Berlin) and at the Global Labour University (Kassel and Berlin). After studying political science at FU Berlin and Western Michigan University, he graduated in 1994 with an M.A from WMU. In 1995/1996, he was an APSA Congressional Fellow in the office of Bernie Sanders (I-VT). In 2000, he received his doctorate in political science at FU Berlin with a dissertation on labor rights and US foreign economic policy. Between 2000 and 2007, he was Assistant Professor of political science at the John F. Kennedy Institute at FU Berlin, where he also served as Visiting Professor between 2008 and 2009. In 2009, he earned his “Habilitation” in political science at FU Berlin. Greven has been visiting scholar and researcher i.a. at the University of British- Columbia, the Economic Policy Institute, the University of California, Berkeley, York University in Toronto, the American Institute for Contemporary German Studies, Johns Hopkins University, and at the Max Planck Institute for the Study of Societies. His research interests include globalization, development policy, labor unions and industrial relations, US and Canadian politics, and African politics. He lives in Berlin and Bamako, Mali.</p>
<p><span style="text-decoration: underline">Selected Books:</span></p>
<ul>
<li><em>Solidarität über Grenzen: Gewerkschaften vor neuer Standortkonkurrenz </em>(Berlin 2011, hrsg.. mit F. Gerlach, U. Mückenberger und E. Schmidt);</li>
<li><em>Globalisierter Rechtsextremismus? Die extremistische Rechte in der Ära der Globalisierung</em> (Wiesbaden 2006, hrsg. mit Thomas Grumke);</li>
<li><em>Globalisierung gestalten. Weltökonomie und soziale Standards</em> (Bonn 2005, mit Christoph Scherrer);</li>
<li><em>Die Republikaner. Anatomie einer amerikanischen Partei</em> (München 2004);</li>
<li><em>Clash of Globalizations? The Politics of International Labor Rights in the United States</em> (Frankfurt/M. und New York: 2003).</li>
</ul>
<p><strong>&#8212;&#8212;&#8212;&#8212;&#8212;&#8212;&#8212;&#8212;&#8212;&#8212;&#8212;&#8212;&#8212;&#8212;&#8212;&#8212;&#8212;&#8212;&#8212;&#8212;&#8212;&#8212;&#8212;&#8212;&#8212;&#8212;&#8212;&#8212;&#8212;&#8212;&#8212;&#8212;&#8212;&#8212;</strong></p>
<p><a href="https://blogs.fu-berlin.de/jfkpol/autoren/lammert_neu1/" rel="attachment wp-att-178"><img loading="lazy" decoding="async" class="alignright" style="border: 1px solid black;margin: 6px 10px 6px 10px" src="https://blogs.fu-berlin.de/jfkpol/files/2011/02/Lammert_Neu1-200x300.jpg" alt="" width="101" height="151" /></a></p>
<ul>
<li><strong>Dr. Christian Lammert</strong></li>
</ul>
<p style="text-align: justify">&#8230;is visiting professor at the John F. Kennedy Institute for North American Studies and teaches political science. He received his doctorate in 2002 at the Goethe-University in Frankfurt am Main on national movements and state in Canada and France. Later on he worked for several years as a researcher at the Centre for North American Studies at the Goethe University before he came to Berlin. His research interests include US and Canadian politics, Comparative Welfare State Research, Tax and Social Policy, Nationalism and Multiculturalism.</p>
<p><span style="text-decoration: underline">Selected publications:</span></p>
<ul>
<li>Travelling Concepts: Negotiating Diversity in Canada and Europe (ed. with Katja Sarkowsky), Wiesbaden VS Verlag 2010</li>
<li>Quebec: Between ,Founding Nation’ and Sovereignty”, in: Global Realignments and the Canadian Nation in the Third Millennium, ed. Karin Ikas, Wiesbaden: Harrasowitz 2010, 129-140</li>
<li>„New Instruments in Social Policy: Taxation and the Welfare State“, in: <em>Convergence and Divergence in North America. Canada and the United States,</em> ed. Karl Froschauer, Vancouver 2006</li>
<li><em>Modern Welfare States Under Pressure: Determinants of Tax Policy in a Globalizing World,</em> Institute for Research on Public Policy (IRPP) Working Paper Series 2004-01, Montréal 2004</li>
<li>„Nationalist Movements and the State in Canada and France: Ethno-territorial Protestmovements in Québec and Corsica”, in: <em>Zeitschrift für Kanada-Studien</em> 21 (2) 2002</li>
</ul>
<p>&#8212;&#8212;&#8212;&#8212;&#8212;&#8212;&#8212;&#8212;&#8212;&#8212;&#8212;&#8212;&#8212;&#8212;&#8212;&#8212;&#8212;&#8212;&#8212;&#8212;&#8212;&#8212;&#8212;&#8212;&#8212;&#8212;&#8212;&#8212;&#8212;&#8212;&#8212;&#8212;&#8212;&#8212;</p>
<p><strong><br />
</strong></p>
<ul>
<li><strong><span style="font-weight: normal"><strong>Curd Knüpfer M.A.</strong></span></strong></li>
</ul>
<p><img loading="lazy" decoding="async" class="size-medium wp-image-156 alignleft" style="border: 1px solid black;margin: 6px 10px 6px 10px" src="https://blogs.fu-berlin.de/jfkpol/files/2011/02/querformat-300x214.jpg" alt="" width="132" height="95" srcset="https://blogs.fu-berlin.de/jfkpol/files/2011/02/querformat-300x214.jpg 300w, https://blogs.fu-berlin.de/jfkpol/files/2011/02/querformat.jpg 827w" sizes="auto, (max-width: 132px) 100vw, 132px" /></p>
<p style="text-align: justify">…is a PhD student at the John F. Kennedy Institute’s Department of Politics at the Freie Universität Berlin. His research interests include US conservatism, media and foreign policy.</p>
<p style="text-align: justify">Before moving to Berlin, he received his Magister degree from the University of Bonn’s North American Studies Program. His M.A. thesis dealt with the impact of theories and ideas that shaped the American neoconservative movement after the end of the Cold War. During his studies he worked for and was an intern at several media outlets and public relations offices, including a UN secretariat.</p>
<p style="text-align: justify">He spent the years from 1991 to 2000 living in a Washington DC suburb with his family. His thesis is focused on the fragmentation of US news media, the rise of conservative media and its possible impact on foreign policy debates.</p>
<p style="text-align: justify"><span style="text-decoration: underline">Bookpublication</span>:</p>
<ul>
<li><em>Ideen, die die Welt verzerren – Das Machtstreben der US-amerikanischen Neokonservativen nach 1989.</em> (Marburg, 2010).</li>
</ul>
<p>&#8212;&#8212;&#8212;&#8212;&#8212;&#8212;&#8212;&#8212;&#8212;&#8212;&#8212;&#8212;&#8212;&#8212;&#8212;&#8212;&#8212;&#8212;&#8212;&#8212;&#8212;&#8212;&#8212;&#8212;&#8212;&#8212;&#8212;&#8212;&#8212;&#8212;&#8212;&#8212;&#8212;&#8212;</p>
<p>&nbsp;</p>
<ul>
<li><strong>Dr. Boris Vormann</strong></li>
</ul>
<p>&#8230; is a postdoctoral researcher in political science and urban studies at Freie Universität’s John-F.-Kennedy Institute for North American Studies and an associated researcher at the Chaire de Recherche du Canada en Études Québécoises et Canadiennes (CRÉQC), Université du Québec à Montréal (UQAM).</p>
<p>His research foci include the relationship between urbanization and globalization; nationalism and political culture; and social and urban inequalities. He has conducted research on urban planning strategies in North American global cities, social policies in the United States, Canada, and the United Kingdom, and nationalism in North America and Europe.</p>
<p><a href="https://blogs.fu-berlin.de/jfkpol/files/2011/02/IMG_2240.jpg"><img loading="lazy" decoding="async" class="wp-image-1397 alignleft" src="https://blogs.fu-berlin.de/jfkpol/files/2011/02/IMG_2240-300x200.jpg" alt="IMG_2240" width="229" height="152" srcset="https://blogs.fu-berlin.de/jfkpol/files/2011/02/IMG_2240-300x200.jpg 300w, https://blogs.fu-berlin.de/jfkpol/files/2011/02/IMG_2240-1024x682.jpg 1024w, https://blogs.fu-berlin.de/jfkpol/files/2011/02/IMG_2240.jpg 1417w" sizes="auto, (max-width: 229px) 100vw, 229px" /></a></p>
<p style="padding-left: 240px">Book publications:</p>
<p style="padding-left: 240px">&#8212; Global Port Cities in North America. Urbanization Processes and Global Production Networks (Routledge 2015)</p>
<p style="padding-left: 240px">&#8212; with Christian Lammert and Markus Siewert (eds.). Handbuch Politik USA (Springer VS, 2015)</p>
<p style="padding-left: 240px">&#8212; Zwischen Alter und Neuer Welt (Synchron, 2012)</p>
<p style="padding-left: 240px">&#8212; with Alain-G. Gagnon and Ingo Kolboom (eds.). Québec: Staat und Gesellschaft (Synchron 2011)</p>
<p>For further information see <a href="https://www.jfki.fu-berlin.de/en/faculty/politicalscience/persons/vormann/index.html">https://www.jfki.fu-berlin.de/en/faculty/politicalscience/persons/vormann/index.html</a></p>

<p>Authors &nbsp; &#8212;&#8212;&#8212;&#8212;&#8212;&#8212;&#8212;&#8212;&#8212;&#8212;&#8212;&#8212;&#8212;&#8212;&#8212;&#8212;&#8212;&#8212;&#8212;&#8212;&#8212;&#8212;&#8212;&#8212;&#8212;&#8212;&#8212;&#8212;&#8212;&#8212;&#8212;&#8212;&#8212;&#8212; Dr. Thomas Greven &#8230;is Associated Professor (Privatdozent) of political science at Freie Universität Berlin, Senior Research Fellow of the German Institute for International Relations, Berlin, and an independent political consultant. He teaches at the John F. Kennedy Institute for North American Studies (FU Berlin) and at the Global Labour University (Kassel and Berlin). After studying political [&hellip;]</p>
