{"id":52,"date":"2017-10-04T21:01:58","date_gmt":"2017-10-04T19:01:58","guid":{"rendered":"https:\/\/blogs.fu-berlin.de\/menschenbilder\/?page_id=52"},"modified":"2017-10-04T21:19:12","modified_gmt":"2017-10-04T19:19:12","slug":"wie-komme-ich-an-die-seminartexte","status":"publish","type":"page","link":"https:\/\/blogs.fu-berlin.de\/menschenbilder\/faq\/wie-komme-ich-an-die-seminartexte\/","title":{"rendered":"Wie komme ich an die Seminartexte?"},"content":{"rendered":"<p>Da zwischenzeitlich gro\u00dfe Unsicherheit \u00fcber die urheberrechtlichen M\u00f6glichkeiten einer Online-Stellung von Texten besteht, ist das etwas schwieriger geworden. Ich werde alle Quellen vollst\u00e4ndig im <a href=\"https:\/\/blogs.fu-berlin.de\/menschenbilder\/seminarplan\/\">Seminarplan<\/a> angegeben, so dass jede\/r die Texte gut selbst finden kann. Alternativen werden in der ersten Sitzung besprochen.<\/p>\n","protected":false},"excerpt":{"rendered":"<p>Da zwischenzeitlich gro\u00dfe Unsicherheit \u00fcber die urheberrechtlichen M\u00f6glichkeiten einer Online-Stellung von Texten besteht, ist das etwas schwieriger geworden. Ich werde alle Quellen vollst\u00e4ndig im Seminarplan angegeben, so dass jede\/r die Texte gut selbst finden kann. Alternativen werden in der ersten Sitzung besprochen.<\/p>\n","protected":false},"author":417,"featured_media":0,"parent":3,"menu_order":2,"comment_status":"closed","ping_status":"closed","template":"","meta":{"footnotes":""},"class_list":["post-52","page","type-page","status-publish","hentry"],"_links":{"self":[{"href":"https:\/\/blogs.fu-berlin.de\/menschenbilder\/wp-json\/wp\/v2\/pages\/52","targetHints":{"allow":["GET"]}}],"collection":[{"href":"https:\/\/blogs.fu-berlin.de\/menschenbilder\/wp-json\/wp\/v2\/pages"}],"about":[{"href":"https:\/\/blogs.fu-berlin.de\/menschenbilder\/wp-json\/wp\/v2\/types\/page"}],"author":[{"embeddable":true,"href":"https:\/\/blogs.fu-berlin.de\/menschenbilder\/wp-json\/wp\/v2\/users\/417"}],"replies":[{"embeddable":true,"href":"https:\/\/blogs.fu-berlin.de\/menschenbilder\/wp-json\/wp\/v2\/comments?post=52"}],"version-history":[{"count":1,"href":"https:\/\/blogs.fu-berlin.de\/menschenbilder\/wp-json\/wp\/v2\/pages\/52\/revisions"}],"predecessor-version":[{"id":53,"href":"https:\/\/blogs.fu-berlin.de\/menschenbilder\/wp-json\/wp\/v2\/pages\/52\/revisions\/53"}],"up":[{"embeddable":true,"href":"https:\/\/blogs.fu-berlin.de\/menschenbilder\/wp-json\/wp\/v2\/pages\/3"}],"wp:attachment":[{"href":"https:\/\/blogs.fu-berlin.de\/menschenbilder\/wp-json\/wp\/v2\/media?parent=52"}],"curies":[{"name":"wp","href":"https:\/\/api.w.org\/{rel}","templated":true}]}}