{"id":14,"date":"2016-09-12T15:12:24","date_gmt":"2016-09-12T13:12:24","guid":{"rendered":"https:\/\/blogs.fu-berlin.de\/migration\/?page_id=14"},"modified":"2021-08-11T16:53:57","modified_gmt":"2021-08-11T14:53:57","slug":"bloggerinnen","status":"publish","type":"page","link":"https:\/\/blogs.fu-berlin.de\/migration\/bloggerinnen\/","title":{"rendered":"Blogger*innen"},"content":{"rendered":"\n<p><\/p>\n\n\n\n<p>Andernach, Janka<br>Bahnsen, Karlotta<br>Besch, Sarah<br>Bellezza, Sara<br>Biermann, Bianca<br>\nCordo, Jacqueline<br>Dietz, Jula<br>\nDopfer, Mariana<br>Duelli, Fanny<br>Ernst, Katia<br>\nFerrari, Lorena<br>Gallegos, Silvia<br>\nGenske, Sophie<br>\nGonz\u00e1lez Neira, Florencia&nbsp;<br>\nGravert, Rita<br>\nHecht, Miriam Carolin<br>\nHedderich, Annika<br>\nHesse, Judith<br>\nIliadis, Theodoros<br>\nKrebsbach, D\u00f6rte<br>L\u00f3pez, Rosa<br>\nL\u00fcdtke, Violeta&nbsp;<br>Manusch, Judith<br>Marggraf, Maria<br>Marotta, Ivana<br>Masri, Leila<br>\nMenzel, Tilman<br>Miranda C., Carla<br>Pauli, Kathrin<br>\nPer\u00e9z Garc\u00eda, Mariana<br>\nPraun Mussi de Mattos, Thomas<br>\nSarmiento Casta\u00f1o, Maria Fernanda<br>\nSchwedhelm, Lina<br>\nSelent, Theresa<br>Sch\u00fctze, Stephanie<br>Specht, Giulia<br>\nStojanoska, Aleksandra<br>\nT\u00e1mara-Castro, Carolina<br>\nVogel, Pauline<br>\nWagner, Jeanne<br>\nWestermann, Anna-Sally\n\nZenth, Marga<br><\/p>\n\n\n\n<p><\/p>\n","protected":false},"excerpt":{"rendered":"<p>Andernach, JankaBahnsen, KarlottaBesch, SarahBellezza, SaraBiermann, Bianca Cordo, JacquelineDietz, Jula Dopfer, MarianaDuelli, FannyErnst, Katia Ferrari, LorenaGallegos, Silvia Genske, Sophie Gonz\u00e1lez Neira, Florencia&nbsp; Gravert, Rita Hecht, Miriam Carolin Hedderich, Annika Hesse, Judith Iliadis, Theodoros Krebsbach, D\u00f6rteL\u00f3pez, Rosa L\u00fcdtke, Violeta&nbsp;Manusch, JudithMarggraf, MariaMarotta, IvanaMasri, Leila Menzel, TilmanMiranda C., CarlaPauli, Kathrin Per\u00e9z Garc\u00eda, Mariana Praun Mussi de Mattos, Thomas Sarmiento [&hellip;]<\/p>\n","protected":false},"author":6310,"featured_media":0,"parent":0,"menu_order":3,"comment_status":"closed","ping_status":"closed","template":"","meta":{"footnotes":""},"class_list":["post-14","page","type-page","status-publish","hentry"],"_links":{"self":[{"href":"https:\/\/blogs.fu-berlin.de\/migration\/wp-json\/wp\/v2\/pages\/14","targetHints":{"allow":["GET"]}}],"collection":[{"href":"https:\/\/blogs.fu-berlin.de\/migration\/wp-json\/wp\/v2\/pages"}],"about":[{"href":"https:\/\/blogs.fu-berlin.de\/migration\/wp-json\/wp\/v2\/types\/page"}],"author":[{"embeddable":true,"href":"https:\/\/blogs.fu-berlin.de\/migration\/wp-json\/wp\/v2\/users\/6310"}],"replies":[{"embeddable":true,"href":"https:\/\/blogs.fu-berlin.de\/migration\/wp-json\/wp\/v2\/comments?post=14"}],"version-history":[{"count":32,"href":"https:\/\/blogs.fu-berlin.de\/migration\/wp-json\/wp\/v2\/pages\/14\/revisions"}],"predecessor-version":[{"id":1149,"href":"https:\/\/blogs.fu-berlin.de\/migration\/wp-json\/wp\/v2\/pages\/14\/revisions\/1149"}],"wp:attachment":[{"href":"https:\/\/blogs.fu-berlin.de\/migration\/wp-json\/wp\/v2\/media?parent=14"}],"curies":[{"name":"wp","href":"https:\/\/api.w.org\/{rel}","templated":true}]}}

<p></p>



<p>Andernach, Janka<br>Bahnsen, Karlotta<br>Besch, Sarah<br>Bellezza, Sara<br>Biermann, Bianca<br>
Cordo, Jacqueline<br>Dietz, Jula<br>
Dopfer, Mariana<br>Duelli, Fanny<br>Ernst, Katia<br>
Ferrari, Lorena<br>Gallegos, Silvia<br>
Genske, Sophie<br>
González Neira, Florencia&nbsp;<br>
Gravert, Rita<br>
Hecht, Miriam Carolin<br>
Hedderich, Annika<br>
Hesse, Judith<br>
Iliadis, Theodoros<br>
Krebsbach, Dörte<br>López, Rosa<br>
Lüdtke, Violeta&nbsp;<br>Manusch, Judith<br>Marggraf, Maria<br>Marotta, Ivana<br>Masri, Leila<br>
Menzel, Tilman<br>Miranda C., Carla<br>Pauli, Kathrin<br>
Peréz García, Mariana<br>
Praun Mussi de Mattos, Thomas<br>
Sarmiento Castaño, Maria Fernanda<br>
Schwedhelm, Lina<br>
Selent, Theresa<br>Schütze, Stephanie<br>Specht, Giulia<br>
Stojanoska, Aleksandra<br>
Támara-Castro, Carolina<br>
Vogel, Pauline<br>
Wagner, Jeanne<br>
Westermann, Anna-Sally

Zenth, Marga<br></p>



<p></p>

<p>Andernach, JankaBahnsen, KarlottaBesch, SarahBellezza, SaraBiermann, Bianca Cordo, JacquelineDietz, Jula Dopfer, MarianaDuelli, FannyErnst, Katia Ferrari, LorenaGallegos, Silvia Genske, Sophie González Neira, Florencia&nbsp; Gravert, Rita Hecht, Miriam Carolin Hedderich, Annika Hesse, Judith Iliadis, Theodoros Krebsbach, DörteLópez, Rosa Lüdtke, Violeta&nbsp;Manusch, JudithMarggraf, MariaMarotta, IvanaMasri, Leila Menzel, TilmanMiranda C., CarlaPauli, Kathrin Peréz García, Mariana Praun Mussi de Mattos, Thomas Sarmiento [&hellip;]</p>
