{"id":2,"date":"2021-08-18T16:46:30","date_gmt":"2021-08-18T14:46:30","guid":{"rendered":""},"modified":"2021-09-14T11:16:51","modified_gmt":"2021-09-14T09:16:51","slug":"impressum","status":"publish","type":"page","link":"https:\/\/blogs.fu-berlin.de\/open-access-berlin\/impressum\/","title":{"rendered":"Impressum gem. \u00a7 5 Telemediengesetz (TMG)"},"content":{"rendered":"\n<h2 class=\"wp-block-heading\">Institution<\/h2>\n\n\n\n<p>Freie Universit\u00e4t Berlin<br>&#8211; vertreten durch den&nbsp;<a href=\"http:\/\/www.fu-berlin.de\/einrichtungen\/organe\/praesidium\/praesident\/index.html\">Pr\u00e4sidenten<\/a>&nbsp;&#8211;<\/p>\n\n\n\n<h2 class=\"wp-block-heading\">Anschrift<\/h2>\n\n\n\n<p>Open-Access-B\u00fcro Berlin<br>Freie Universit\u00e4t Berlin<br>Universit\u00e4tsbibliothek<br>Garystra\u00dfe 39<br>14195 Berlin<\/p>\n\n\n\n<h2 class=\"wp-block-heading\">Adresse f\u00fcr Besucher\/innen<\/h2>\n\n\n\n<p>Ehrenbergstra\u00dfe 26-28<br>14195 Berlin<\/p>\n\n\n\n<h2 class=\"wp-block-heading\">Umsatzsteueridentifikationsnummer<\/h2>\n\n\n\n<p>DE 811304768<\/p>\n\n\n\n<h2 class=\"wp-block-heading\">Projektkoordination<\/h2>\n\n\n\n<p>Andreas Brandtner<br>Universit\u00e4tsbibliothek, Freie Universit\u00e4t Berlin<\/p>\n\n\n\n<h2 class=\"wp-block-heading\">Redaktion<\/h2>\n\n\n\n<p>Open-Access-B\u00fcro Berlin<br>E-Mail:&nbsp;<a href=\"mailto:oabb@open-access-berlin.de\">oabb@open-access-berlin.de<\/a><br>Tel.: (030) 838 50244<\/p>\n\n\n\n<h2 class=\"wp-block-heading\">Datenschutz<\/h2>\n\n\n\n<p><a href=\"http:\/\/www.open-access-berlin.de\/impressum\/datenschutzhinweise\/index.html\">Hinweise zum Datenschutz<\/a><\/p>\n\n\n\n<h2 class=\"wp-block-heading\">Gestaltung<\/h2>\n\n\n\n<p><a href=\"http:\/\/www.cedis.fu-berlin.de\/design\/index.html\">Design-Team<\/a><br>Center f\u00fcr Digitale Systeme<\/p>\n\n\n\n<h2 class=\"wp-block-heading\">Technische Umsetzung<\/h2>\n\n\n\n<p><a href=\"http:\/\/www.cedis.fu-berlin.de\/cms\/index.html\">CMS-Team<\/a><br>Center f\u00fcr Digitale Systeme<br>CMS-Team<br><br>Content Management System:&nbsp;<a target=\"_blank\" href=\"http:\/\/www.infopark.de\/\" rel=\"noreferrer noopener\">Infopark AG CMS Fiona (www.infopark.de)<\/a><\/p>\n\n\n\n<h2 class=\"wp-block-heading\">Rechtsform<\/h2>\n\n\n\n<p>Die Freie Universit\u00e4t Berlin ist eine K\u00f6rperschaft des \u00f6ffentlichen Rechts gem. \u00a7\u00a7 1 und 2 Berliner Hochschulgesetz (BerlHG)<\/p>\n\n\n\n<p>Das Webangebot der Freien Universit\u00e4t Berlin unterliegt dem geltenden&nbsp;<a href=\"http:\/\/www.fu-berlin.de\/redaktion\/copyright\/index.html\">Urheberrecht<\/a>. Beachten Sie bitte auch unseren&nbsp;<a href=\"http:\/\/www.fu-berlin.de\/redaktion\/disclaimer\/index.html\">Haftungsausschluss\/Disclaimer<\/a><\/p>\n","protected":false},"excerpt":{"rendered":"<p>Institution Freie Universit\u00e4t Berlin&#8211; vertreten durch den&nbsp;Pr\u00e4sidenten&nbsp;&#8211; Anschrift Open-Access-B\u00fcro BerlinFreie Universit\u00e4t BerlinUniversit\u00e4tsbibliothekGarystra\u00dfe 3914195 Berlin Adresse f\u00fcr Besucher\/innen Ehrenbergstra\u00dfe 26-2814195 Berlin Umsatzsteueridentifikationsnummer DE 811304768 Projektkoordination Andreas BrandtnerUniversit\u00e4tsbibliothek, Freie Universit\u00e4t Berlin Redaktion Open-Access-B\u00fcro BerlinE-Mail:&nbsp;oabb@open-access-berlin.deTel.: (030) 838 50244 Datenschutz Hinweise zum Datenschutz Gestaltung Design-TeamCenter f\u00fcr Digitale Systeme Technische Umsetzung CMS-TeamCenter f\u00fcr Digitale SystemeCMS-Team Content Management System:&nbsp;Infopark AG CMS &hellip; <a href=\"https:\/\/blogs.fu-berlin.de\/open-access-berlin\/impressum\/\" class=\"more-link\"><span class=\"screen-reader-text\">\u201eImpressum gem. \u00a7 5 Telemediengesetz (TMG)\u201c<\/span> weiterlesen<\/a><\/p>\n","protected":false},"author":6434,"featured_media":0,"parent":0,"menu_order":0,"comment_status":"closed","ping_status":"closed","template":"","meta":{"footnotes":""},"class_list":["post-2","page","type-page","status-publish","hentry"],"_links":{"self":[{"href":"https:\/\/blogs.fu-berlin.de\/open-access-berlin\/wp-json\/wp\/v2\/pages\/2","targetHints":{"allow":["GET"]}}],"collection":[{"href":"https:\/\/blogs.fu-berlin.de\/open-access-berlin\/wp-json\/wp\/v2\/pages"}],"about":[{"href":"https:\/\/blogs.fu-berlin.de\/open-access-berlin\/wp-json\/wp\/v2\/types\/page"}],"author":[{"embeddable":true,"href":"https:\/\/blogs.fu-berlin.de\/open-access-berlin\/wp-json\/wp\/v2\/users\/6434"}],"replies":[{"embeddable":true,"href":"https:\/\/blogs.fu-berlin.de\/open-access-berlin\/wp-json\/wp\/v2\/comments?post=2"}],"version-history":[{"count":3,"href":"https:\/\/blogs.fu-berlin.de\/open-access-berlin\/wp-json\/wp\/v2\/pages\/2\/revisions"}],"predecessor-version":[{"id":229,"href":"https:\/\/blogs.fu-berlin.de\/open-access-berlin\/wp-json\/wp\/v2\/pages\/2\/revisions\/229"}],"wp:attachment":[{"href":"https:\/\/blogs.fu-berlin.de\/open-access-berlin\/wp-json\/wp\/v2\/media?parent=2"}],"curies":[{"name":"wp","href":"https:\/\/api.w.org\/{rel}","templated":true}]}}