{"id":14,"date":"2023-06-14T21:17:36","date_gmt":"2023-06-14T19:17:36","guid":{"rendered":"https:\/\/blogs.fu-berlin.de\/open-educational-resources\/?page_id=14"},"modified":"2024-04-22T18:56:24","modified_gmt":"2024-04-22T16:56:24","slug":"services","status":"publish","type":"page","link":"https:\/\/blogs.fu-berlin.de\/open-educational-resources\/services\/","title":{"rendered":"Services"},"content":{"rendered":"\n<div class=\"wp-block-media-text alignwide is-stacked-on-mobile is-vertically-aligned-center\" style=\"grid-template-columns:30% auto\"><figure class=\"wp-block-media-text__media\"><a href=\"https:\/\/blogs.fu-berlin.de\/open-educational-resources\/oer-recherche\/\"><img loading=\"lazy\" decoding=\"async\" width=\"1024\" height=\"629\" src=\"https:\/\/blogs.fu-berlin.de\/open-educational-resources\/files\/2023\/11\/23e9fe12-c0ab-4042-850f-665d8ed7d515-e1700212719727.jpg\" alt=\"\" class=\"wp-image-470 size-full\" srcset=\"https:\/\/blogs.fu-berlin.de\/open-educational-resources\/files\/2023\/11\/23e9fe12-c0ab-4042-850f-665d8ed7d515-e1700212719727.jpg 1024w, https:\/\/blogs.fu-berlin.de\/open-educational-resources\/files\/2023\/11\/23e9fe12-c0ab-4042-850f-665d8ed7d515-e1700212719727-300x184.jpg 300w, https:\/\/blogs.fu-berlin.de\/open-educational-resources\/files\/2023\/11\/23e9fe12-c0ab-4042-850f-665d8ed7d515-e1700212719727-768x472.jpg 768w\" sizes=\"auto, (max-width: 709px) 85vw, (max-width: 909px) 67vw, (max-width: 1362px) 62vw, 840px\" \/><\/a><\/figure><div class=\"wp-block-media-text__content\">\n<p style=\"font-size:26px\"><a href=\"https:\/\/blogs.fu-berlin.de\/open-educational-resources\/oer-recherche\/\" data-type=\"page\" data-id=\"192\">OER-Recherche<\/a><\/p>\n\n\n\n<p>Wir helfen bei der Suche nach offenen Materialien f\u00fcr Ihre Lehrveranstaltungen.<\/p>\n<\/div><\/div>\n\n\n\n<hr class=\"wp-block-separator has-alpha-channel-opacity is-style-wide\" \/>\n\n\n\n<div class=\"wp-block-media-text alignwide is-stacked-on-mobile is-vertically-aligned-center\" style=\"grid-template-columns:30% auto\"><figure class=\"wp-block-media-text__media\"><a href=\"https:\/\/blogs.fu-berlin.de\/open-educational-resources\/oer-erstellen\/\"><img loading=\"lazy\" decoding=\"async\" width=\"1024\" height=\"629\" src=\"https:\/\/blogs.fu-berlin.de\/open-educational-resources\/files\/2023\/11\/1db77cfe-5889-474d-8e0e-76fd3ef6c0e7-e1700212698572.jpg\" alt=\"\" class=\"wp-image-471 size-full\" srcset=\"https:\/\/blogs.fu-berlin.de\/open-educational-resources\/files\/2023\/11\/1db77cfe-5889-474d-8e0e-76fd3ef6c0e7-e1700212698572.jpg 1024w, https:\/\/blogs.fu-berlin.de\/open-educational-resources\/files\/2023\/11\/1db77cfe-5889-474d-8e0e-76fd3ef6c0e7-e1700212698572-300x184.jpg 300w, https:\/\/blogs.fu-berlin.de\/open-educational-resources\/files\/2023\/11\/1db77cfe-5889-474d-8e0e-76fd3ef6c0e7-e1700212698572-768x472.jpg 768w\" sizes=\"auto, (max-width: 709px) 85vw, (max-width: 909px) 67vw, (max-width: 1362px) 62vw, 840px\" \/><\/a><\/figure><div class=\"wp-block-media-text__content\">\n<p style=\"font-size:26px\"><a href=\"https:\/\/blogs.fu-berlin.de\/open-educational-resources\/oer-erstellen\/\" data-type=\"page\" data-id=\"194\">OER-Erstellung<\/a><\/p>\n\n\n\n<p>Wir machen Ihre Lehrressourcen fit f\u00fcr die Ver\u00f6ffentlichung als OER.<\/p>\n<\/div><\/div>\n\n\n\n<hr class=\"wp-block-separator has-alpha-channel-opacity is-style-wide\" \/>\n\n\n\n<div class=\"wp-block-media-text alignwide is-stacked-on-mobile is-vertically-aligned-center\" style=\"grid-template-columns:30% auto\"><figure class=\"wp-block-media-text__media\"><a href=\"https:\/\/blogs.fu-berlin.de\/open-educational-resources\/oer-veroeffentlichung\/\"><img loading=\"lazy\" decoding=\"async\" width=\"1024\" height=\"629\" src=\"https:\/\/blogs.fu-berlin.de\/open-educational-resources\/files\/2023\/11\/b4e44ef6-9908-4733-8f5c-36160f61af84-e1700212663114.jpg\" alt=\"\" class=\"wp-image-472 size-full\" srcset=\"https:\/\/blogs.fu-berlin.de\/open-educational-resources\/files\/2023\/11\/b4e44ef6-9908-4733-8f5c-36160f61af84-e1700212663114.jpg 1024w, https:\/\/blogs.fu-berlin.de\/open-educational-resources\/files\/2023\/11\/b4e44ef6-9908-4733-8f5c-36160f61af84-e1700212663114-300x184.jpg 300w, https:\/\/blogs.fu-berlin.de\/open-educational-resources\/files\/2023\/11\/b4e44ef6-9908-4733-8f5c-36160f61af84-e1700212663114-768x472.jpg 768w\" sizes=\"auto, (max-width: 709px) 85vw, (max-width: 909px) 67vw, (max-width: 1362px) 62vw, 840px\" \/><\/a><\/figure><div class=\"wp-block-media-text__content\">\n<p style=\"font-size:26px\"><a href=\"https:\/\/blogs.fu-berlin.de\/open-educational-resources\/oer-veroeffentlichung\/\" data-type=\"page\" data-id=\"203\">OER-Ver\u00f6ffentlichung<\/a><\/p>\n\n\n\n<p>Wir unterst\u00fctzen Sie dabei, Ihre Lehre sichtbar zu machen &#8211; als Showcase auf unserer Plattform und im Repositorium &#8222;Twillo&#8220;.<\/p>\n<\/div><\/div>\n","protected":false},"excerpt":{"rendered":"<p>OER-Recherche Wir helfen bei der Suche nach offenen Materialien f\u00fcr Ihre Lehrveranstaltungen. OER-Erstellung Wir machen Ihre Lehrressourcen fit f\u00fcr die Ver\u00f6ffentlichung als OER. OER-Ver\u00f6ffentlichung Wir unterst\u00fctzen Sie dabei, Ihre Lehre sichtbar zu machen &#8211; als Showcase auf unserer Plattform und im Repositorium &#8222;Twillo&#8220;.<\/p>\n","protected":false},"author":3873,"featured_media":0,"parent":0,"menu_order":0,"comment_status":"closed","ping_status":"closed","template":"","meta":{"footnotes":""},"class_list":["post-14","page","type-page","status-publish","hentry"],"_links":{"self":[{"href":"https:\/\/blogs.fu-berlin.de\/open-educational-resources\/wp-json\/wp\/v2\/pages\/14","targetHints":{"allow":["GET"]}}],"collection":[{"href":"https:\/\/blogs.fu-berlin.de\/open-educational-resources\/wp-json\/wp\/v2\/pages"}],"about":[{"href":"https:\/\/blogs.fu-berlin.de\/open-educational-resources\/wp-json\/wp\/v2\/types\/page"}],"author":[{"embeddable":true,"href":"https:\/\/blogs.fu-berlin.de\/open-educational-resources\/wp-json\/wp\/v2\/users\/3873"}],"replies":[{"embeddable":true,"href":"https:\/\/blogs.fu-berlin.de\/open-educational-resources\/wp-json\/wp\/v2\/comments?post=14"}],"version-history":[{"count":27,"href":"https:\/\/blogs.fu-berlin.de\/open-educational-resources\/wp-json\/wp\/v2\/pages\/14\/revisions"}],"predecessor-version":[{"id":632,"href":"https:\/\/blogs.fu-berlin.de\/open-educational-resources\/wp-json\/wp\/v2\/pages\/14\/revisions\/632"}],"wp:attachment":[{"href":"https:\/\/blogs.fu-berlin.de\/open-educational-resources\/wp-json\/wp\/v2\/media?parent=14"}],"curies":[{"name":"wp","href":"https:\/\/api.w.org\/{rel}","templated":true}]}}