{"id":110,"date":"2021-07-30T20:41:33","date_gmt":"2021-07-30T18:41:33","guid":{"rendered":"https:\/\/blogs.fu-berlin.de\/plattenbau\/?page_id=110"},"modified":"2021-08-11T09:38:10","modified_gmt":"2021-08-11T07:38:10","slug":"grosswohnsiedlung-frankfurter-allee-sued","status":"publish","type":"page","link":"https:\/\/blogs.fu-berlin.de\/plattenbau\/grosswohnsiedlung-frankfurter-allee-sued\/","title":{"rendered":"Gro\u00dfwohnsiedlung Frankfurter Allee S\u00fcd"},"content":{"rendered":"\n<p>Die im S\u00fcdwesten des Bezirks Lichtenberg gelegene Gro\u00dfwohnsiedlung Frankfurter Allee S\u00fcd ist ein in sich geschlossener 80 Hektar gro\u00dfer Stadtteil, der in den 1970er-Jahren infolge von Wohnungsknappheit entstanden ist. Angrenzend an die gleichnamige Bundesstra\u00dfe, die auf direktestem Weg zum Alexanderplatz f\u00fchrt, liegt die Gro\u00dfwohnsiedlung heute gut angebunden im Zentrum Berlins.<\/p>\n\n\n\n<figure class=\"wp-block-image size-large\"><img loading=\"lazy\" decoding=\"async\" width=\"1024\" height=\"1024\" src=\"https:\/\/blogs.fu-berlin.de\/plattenbau\/files\/2021\/08\/Bild-1-FAS-1024x1024.jpg\" alt=\"\" class=\"wp-image-187\" srcset=\"https:\/\/blogs.fu-berlin.de\/plattenbau\/files\/2021\/08\/Bild-1-FAS-1024x1024.jpg 1024w, https:\/\/blogs.fu-berlin.de\/plattenbau\/files\/2021\/08\/Bild-1-FAS-300x300.jpg 300w, https:\/\/blogs.fu-berlin.de\/plattenbau\/files\/2021\/08\/Bild-1-FAS-150x150.jpg 150w, https:\/\/blogs.fu-berlin.de\/plattenbau\/files\/2021\/08\/Bild-1-FAS-768x768.jpg 768w, https:\/\/blogs.fu-berlin.de\/plattenbau\/files\/2021\/08\/Bild-1-FAS-1536x1536.jpg 1536w, https:\/\/blogs.fu-berlin.de\/plattenbau\/files\/2021\/08\/Bild-1-FAS-1200x1200.jpg 1200w, https:\/\/blogs.fu-berlin.de\/plattenbau\/files\/2021\/08\/Bild-1-FAS.jpg 2048w\" sizes=\"auto, (max-width: 709px) 85vw, (max-width: 909px) 67vw, (max-width: 1362px) 62vw, 840px\" \/><figcaption>Abbildung 1: Fassaden Gro\u00dfwohnsiedlung Frankfurter Allee S\u00fcd, Quelle: Benjamin Vogel<\/figcaption><\/figure>\n\n\n\n<p>Neben der damals geplanten Autobahn sollten lange 11-geschossige Geb\u00e4ude das Quartier nach innen hin abschlie\u00dfen. Erg\u00e4nzt wurden diese durch an zwei exponierten Stellen errichtete Doppelhochh\u00e4user und weitere WBS 70-Bauten und Typ QX-Platten. Das in den Jahren 1970-1974 erbaute Projekt besteht aus 5.000 Wohneinheiten und ist ausgerichtet f\u00fcr potenziell 15.300 Bewohner*innen.<\/p>\n\n\n\n<figure class=\"wp-block-image size-large\"><img loading=\"lazy\" decoding=\"async\" width=\"1024\" height=\"1024\" src=\"https:\/\/blogs.fu-berlin.de\/plattenbau\/files\/2021\/08\/Bild-2-FAS-1024x1024.jpg\" alt=\"\" class=\"wp-image-188\" srcset=\"https:\/\/blogs.fu-berlin.de\/plattenbau\/files\/2021\/08\/Bild-2-FAS-1024x1024.jpg 1024w, https:\/\/blogs.fu-berlin.de\/plattenbau\/files\/2021\/08\/Bild-2-FAS-300x300.jpg 300w, https:\/\/blogs.fu-berlin.de\/plattenbau\/files\/2021\/08\/Bild-2-FAS-150x150.jpg 150w, https:\/\/blogs.fu-berlin.de\/plattenbau\/files\/2021\/08\/Bild-2-FAS-768x768.jpg 768w, https:\/\/blogs.fu-berlin.de\/plattenbau\/files\/2021\/08\/Bild-2-FAS-1536x1536.jpg 1536w, https:\/\/blogs.fu-berlin.de\/plattenbau\/files\/2021\/08\/Bild-2-FAS-1200x1200.jpg 1200w, https:\/\/blogs.fu-berlin.de\/plattenbau\/files\/2021\/08\/Bild-2-FAS.jpg 2048w\" sizes=\"auto, (max-width: 709px) 85vw, (max-width: 909px) 67vw, (max-width: 1362px) 62vw, 840px\" \/><figcaption>Abbildung 2: Stra\u00dfen- und Frontansicht Plattenbauten Frankfurter Allee S\u00fcd, Quelle: Benjamin Vogel<\/figcaption><\/figure>\n\n\n\n<p>Die au\u00dfenstehenden langen und abschlie\u00dfenden Wohnbl\u00f6cke an der Frankfurter Allee zeigen sich modern und hochgl\u00e4nzend. Die glatt verkleideten Au\u00dfenfassaden und Balkons sind in ihrer Farbkomposition einheitlich in Lila- und Ockert\u00f6nen gehalten. Die weiter zur Frankfurter Allee reichende Bepflanzung passt sich dieser Farbgebung weitestgehend an und bricht so mit der statischen Form der Geb\u00e4ude. Die hochgl\u00e4nzende Fassade reflektiert den Himmel und verwischt die scharfen Endkanten der Geb\u00e4ude.<\/p>\n\n\n\n<figure class=\"wp-block-image size-large\"><img loading=\"lazy\" decoding=\"async\" width=\"1024\" height=\"1024\" src=\"https:\/\/blogs.fu-berlin.de\/plattenbau\/files\/2021\/08\/Bild-3-FAS-1024x1024.jpg\" alt=\"\" class=\"wp-image-189\" srcset=\"https:\/\/blogs.fu-berlin.de\/plattenbau\/files\/2021\/08\/Bild-3-FAS-1024x1024.jpg 1024w, https:\/\/blogs.fu-berlin.de\/plattenbau\/files\/2021\/08\/Bild-3-FAS-300x300.jpg 300w, https:\/\/blogs.fu-berlin.de\/plattenbau\/files\/2021\/08\/Bild-3-FAS-150x150.jpg 150w, https:\/\/blogs.fu-berlin.de\/plattenbau\/files\/2021\/08\/Bild-3-FAS-768x768.jpg 768w, https:\/\/blogs.fu-berlin.de\/plattenbau\/files\/2021\/08\/Bild-3-FAS-1536x1536.jpg 1536w, https:\/\/blogs.fu-berlin.de\/plattenbau\/files\/2021\/08\/Bild-3-FAS-1200x1200.jpg 1200w, https:\/\/blogs.fu-berlin.de\/plattenbau\/files\/2021\/08\/Bild-3-FAS.jpg 2048w\" sizes=\"auto, (max-width: 709px) 85vw, (max-width: 909px) 67vw, (max-width: 1362px) 62vw, 840px\" \/><figcaption>Abbildung 3: Fenstergestaltungen, Quelle: Benjamin Vogel<\/figcaption><\/figure>\n\n\n\n<p>Der Versuch, die \u201enaturgegebene\u201c Strukturlosigkeit und H\u00e4rte der Plattenbauten zu brechen, zieht sich im Innenbereich der Anlage fort. Verschiedene K\u00f6rnungsgr\u00f6\u00dfen und Farben der Fassaden geben dem Geb\u00e4ude mehr Struktur, die zus\u00e4tzlich durch stufenreiche Randbepflanzung die starke Kante zwischen Horizontaler und Vertikaler aufl\u00f6sen soll. Dies gelingt nur bedingt, zeugt aber von dem Wunsch, die wenig \u201enat\u00fcrlich\u201c anmutenden Geb\u00e4ude in die Umgebung organisch einzubetten.<\/p>\n\n\n\n<figure class=\"wp-block-image size-large\"><img loading=\"lazy\" decoding=\"async\" width=\"1024\" height=\"1024\" src=\"https:\/\/blogs.fu-berlin.de\/plattenbau\/files\/2021\/08\/Bild-4-FAS-1024x1024.jpg\" alt=\"\" class=\"wp-image-190\" srcset=\"https:\/\/blogs.fu-berlin.de\/plattenbau\/files\/2021\/08\/Bild-4-FAS-1024x1024.jpg 1024w, https:\/\/blogs.fu-berlin.de\/plattenbau\/files\/2021\/08\/Bild-4-FAS-300x300.jpg 300w, https:\/\/blogs.fu-berlin.de\/plattenbau\/files\/2021\/08\/Bild-4-FAS-150x150.jpg 150w, https:\/\/blogs.fu-berlin.de\/plattenbau\/files\/2021\/08\/Bild-4-FAS-768x768.jpg 768w, https:\/\/blogs.fu-berlin.de\/plattenbau\/files\/2021\/08\/Bild-4-FAS-1536x1536.jpg 1536w, https:\/\/blogs.fu-berlin.de\/plattenbau\/files\/2021\/08\/Bild-4-FAS-1200x1200.jpg 1200w, https:\/\/blogs.fu-berlin.de\/plattenbau\/files\/2021\/08\/Bild-4-FAS.jpg 2048w\" sizes=\"auto, (max-width: 709px) 85vw, (max-width: 909px) 67vw, (max-width: 1362px) 62vw, 840px\" \/><figcaption>Abbildung 4: Farbliche Gestaltung der Plattenbauten, Quelle: Benjamin Vogel<\/figcaption><\/figure>\n\n\n\n<p>Dabei ist auff\u00e4llig, dass der Versuch, den Geb\u00e4uden eine organische und bunte Struktur zu geben, durchgehend verfolgt worden ist. W\u00e4hrend die Gestaltung der neuwertigeren Au\u00dfenfassaden zu Details wie unterschiedlicher Materialzusammenstellung greift, sind fr\u00fcher renovierte Geb\u00e4ude gro\u00dffl\u00e4chig mit Pflanzen- und Tiermotiven verziert, die eher verspielt als organisch wirken. Dies kann als schneller und kosteng\u00fcnstiger Versuch gewertet werden, den rau und kalt wirkenden, steifen Geb\u00e4uden eine freundlichere Erscheinung zu geben.<\/p>\n\n\n\n<figure class=\"wp-block-image size-large\"><img loading=\"lazy\" decoding=\"async\" width=\"1024\" height=\"1024\" src=\"https:\/\/blogs.fu-berlin.de\/plattenbau\/files\/2021\/08\/Bild-5-FAS-1024x1024.jpg\" alt=\"\" class=\"wp-image-191\" srcset=\"https:\/\/blogs.fu-berlin.de\/plattenbau\/files\/2021\/08\/Bild-5-FAS-1024x1024.jpg 1024w, https:\/\/blogs.fu-berlin.de\/plattenbau\/files\/2021\/08\/Bild-5-FAS-300x300.jpg 300w, https:\/\/blogs.fu-berlin.de\/plattenbau\/files\/2021\/08\/Bild-5-FAS-150x150.jpg 150w, https:\/\/blogs.fu-berlin.de\/plattenbau\/files\/2021\/08\/Bild-5-FAS-768x768.jpg 768w, https:\/\/blogs.fu-berlin.de\/plattenbau\/files\/2021\/08\/Bild-5-FAS-1536x1536.jpg 1536w, https:\/\/blogs.fu-berlin.de\/plattenbau\/files\/2021\/08\/Bild-5-FAS-1200x1200.jpg 1200w, https:\/\/blogs.fu-berlin.de\/plattenbau\/files\/2021\/08\/Bild-5-FAS.jpg 2048w\" sizes=\"auto, (max-width: 709px) 85vw, (max-width: 909px) 67vw, (max-width: 1362px) 62vw, 840px\" \/><figcaption>Abbildung 5: Gestaltungselemente Fassaden, Quelle: Benjamin Vogel<\/figcaption><\/figure>\n\n\n\n<p>Gro\u00dfen eindimensionalen Seitenw\u00e4nden hat man mit einheitlichen Mustern versucht mehr Dimensionen zu geben. Die Fassadengestaltung der Gro\u00dfwohnsiedlung verfolgt dar\u00fcber hinaus zudem einen ganz pragmatischen Zweck und dient der Orientierung. Gleiche Geb\u00e4udetypen und monotone Gestaltung lassen einen zuweilen orientierungslos rumirren, g\u00e4be es nicht unterschiedliche Farbakzente und Orientierungshilfen an den Fassaden.<\/p>\n\n\n\n<figure class=\"wp-block-image size-large\"><img loading=\"lazy\" decoding=\"async\" width=\"1024\" height=\"1024\" src=\"https:\/\/blogs.fu-berlin.de\/plattenbau\/files\/2021\/08\/Bild-6-FAS-1024x1024.jpg\" alt=\"\" class=\"wp-image-192\" srcset=\"https:\/\/blogs.fu-berlin.de\/plattenbau\/files\/2021\/08\/Bild-6-FAS-1024x1024.jpg 1024w, https:\/\/blogs.fu-berlin.de\/plattenbau\/files\/2021\/08\/Bild-6-FAS-300x300.jpg 300w, https:\/\/blogs.fu-berlin.de\/plattenbau\/files\/2021\/08\/Bild-6-FAS-150x150.jpg 150w, https:\/\/blogs.fu-berlin.de\/plattenbau\/files\/2021\/08\/Bild-6-FAS-768x768.jpg 768w, https:\/\/blogs.fu-berlin.de\/plattenbau\/files\/2021\/08\/Bild-6-FAS-1536x1536.jpg 1536w, https:\/\/blogs.fu-berlin.de\/plattenbau\/files\/2021\/08\/Bild-6-FAS-1200x1200.jpg 1200w, https:\/\/blogs.fu-berlin.de\/plattenbau\/files\/2021\/08\/Bild-6-FAS.jpg 2048w\" sizes=\"auto, (max-width: 709px) 85vw, (max-width: 909px) 67vw, (max-width: 1362px) 62vw, 840px\" \/><figcaption>Quelle 6: Innovative Formgebung an Plattenbautenfassaden: Quelle: Benjamin Vogel<\/figcaption><\/figure>\n\n\n\n<p>Die Gro\u00dfwohnsiedlung Frankfurt Allee S\u00fcd zeichnet sich nicht nur allein durch die zentrale Lage und schlicht ihre Gr\u00f6\u00dfe aus, sondern vor allem durch die unterschiedlichen Herangehensweisen, den verschiedenen Plattenbautypen eine strukturreichere Erscheinung zu geben. W\u00e4hrend eines Rundgangs durch die Siedlung kann man gut die unterschiedlichsten Konzepte beobachten, die Siedlung hochwertiger und moderner zu gestalten und die starken Br\u00fcche mit den umliegenden Geb\u00e4uden und Landschaften zu mildern.<\/p>\n\n\n\n<figure class=\"wp-block-image size-large\"><img loading=\"lazy\" decoding=\"async\" width=\"1024\" height=\"1024\" src=\"https:\/\/blogs.fu-berlin.de\/plattenbau\/files\/2021\/08\/Bild-7-FAS-1024x1024.jpg\" alt=\"\" class=\"wp-image-193\" srcset=\"https:\/\/blogs.fu-berlin.de\/plattenbau\/files\/2021\/08\/Bild-7-FAS-1024x1024.jpg 1024w, https:\/\/blogs.fu-berlin.de\/plattenbau\/files\/2021\/08\/Bild-7-FAS-300x300.jpg 300w, https:\/\/blogs.fu-berlin.de\/plattenbau\/files\/2021\/08\/Bild-7-FAS-150x150.jpg 150w, https:\/\/blogs.fu-berlin.de\/plattenbau\/files\/2021\/08\/Bild-7-FAS-768x768.jpg 768w, https:\/\/blogs.fu-berlin.de\/plattenbau\/files\/2021\/08\/Bild-7-FAS-1536x1536.jpg 1536w, https:\/\/blogs.fu-berlin.de\/plattenbau\/files\/2021\/08\/Bild-7-FAS-1200x1200.jpg 1200w, https:\/\/blogs.fu-berlin.de\/plattenbau\/files\/2021\/08\/Bild-7-FAS.jpg 2048w\" sizes=\"auto, (max-width: 709px) 85vw, (max-width: 909px) 67vw, (max-width: 1362px) 62vw, 840px\" \/><figcaption>Abbildung 7: Untenansichten Plattenbauten, Quelle: Benjamin Vogel<\/figcaption><\/figure>\n\n\n\n<p class=\"has-text-align-right\"><em>Benjamin Vogel<\/em><\/p>\n","protected":false},"excerpt":{"rendered":"<p>Die im S\u00fcdwesten des Bezirks Lichtenberg gelegene Gro\u00dfwohnsiedlung Frankfurter Allee S\u00fcd ist ein in sich geschlossener 80 Hektar gro\u00dfer Stadtteil, der in den 1970er-Jahren infolge von Wohnungsknappheit entstanden ist. Angrenzend an die gleichnamige Bundesstra\u00dfe, die auf direktestem Weg zum Alexanderplatz f\u00fchrt, liegt die Gro\u00dfwohnsiedlung heute gut angebunden im Zentrum Berlins. Neben der damals geplanten Autobahn &hellip; <a href=\"https:\/\/blogs.fu-berlin.de\/plattenbau\/grosswohnsiedlung-frankfurter-allee-sued\/\" class=\"more-link\"><span class=\"screen-reader-text\">\u201eGro\u00dfwohnsiedlung Frankfurter Allee S\u00fcd\u201c<\/span> weiterlesen<\/a><\/p>\n","protected":false},"author":6416,"featured_media":0,"parent":0,"menu_order":0,"comment_status":"closed","ping_status":"closed","template":"","meta":{"footnotes":""},"class_list":["post-110","page","type-page","status-publish","hentry"],"_links":{"self":[{"href":"https:\/\/blogs.fu-berlin.de\/plattenbau\/wp-json\/wp\/v2\/pages\/110","targetHints":{"allow":["GET"]}}],"collection":[{"href":"https:\/\/blogs.fu-berlin.de\/plattenbau\/wp-json\/wp\/v2\/pages"}],"about":[{"href":"https:\/\/blogs.fu-berlin.de\/plattenbau\/wp-json\/wp\/v2\/types\/page"}],"author":[{"embeddable":true,"href":"https:\/\/blogs.fu-berlin.de\/plattenbau\/wp-json\/wp\/v2\/users\/6416"}],"replies":[{"embeddable":true,"href":"https:\/\/blogs.fu-berlin.de\/plattenbau\/wp-json\/wp\/v2\/comments?post=110"}],"version-history":[{"count":3,"href":"https:\/\/blogs.fu-berlin.de\/plattenbau\/wp-json\/wp\/v2\/pages\/110\/revisions"}],"predecessor-version":[{"id":194,"href":"https:\/\/blogs.fu-berlin.de\/plattenbau\/wp-json\/wp\/v2\/pages\/110\/revisions\/194"}],"wp:attachment":[{"href":"https:\/\/blogs.fu-berlin.de\/plattenbau\/wp-json\/wp\/v2\/media?parent=110"}],"curies":[{"name":"wp","href":"https:\/\/api.w.org\/{rel}","templated":true}]}}