{"id":204,"date":"2021-08-27T16:44:17","date_gmt":"2021-08-27T14:44:17","guid":{"rendered":"https:\/\/blogs.fu-berlin.de\/plattenbau\/?page_id=204"},"modified":"2021-08-27T16:59:31","modified_gmt":"2021-08-27T14:59:31","slug":"eine-ode-an-den-plattenbau-in-berlin-marzahn","status":"publish","type":"page","link":"https:\/\/blogs.fu-berlin.de\/plattenbau\/eine-ode-an-den-plattenbau-in-berlin-marzahn\/","title":{"rendered":"Eine &#8222;Ode an den Plattenbau&#8220; in Berlin Marzahn"},"content":{"rendered":"\n<figure class=\"wp-block-image size-large\"><img loading=\"lazy\" decoding=\"async\" width=\"800\" height=\"800\" src=\"https:\/\/blogs.fu-berlin.de\/plattenbau\/files\/2021\/08\/plattenbau_cover.jpg\" alt=\"\" class=\"wp-image-214\" srcset=\"https:\/\/blogs.fu-berlin.de\/plattenbau\/files\/2021\/08\/plattenbau_cover.jpg 800w, https:\/\/blogs.fu-berlin.de\/plattenbau\/files\/2021\/08\/plattenbau_cover-300x300.jpg 300w, https:\/\/blogs.fu-berlin.de\/plattenbau\/files\/2021\/08\/plattenbau_cover-150x150.jpg 150w, https:\/\/blogs.fu-berlin.de\/plattenbau\/files\/2021\/08\/plattenbau_cover-768x768.jpg 768w\" sizes=\"auto, (max-width: 800px) 85vw, 800px\" \/><\/figure>\n\n\n\n<p>Wir, Amy und Lisa kommen zwar aus unterschiedlichen St\u00e4dten und sogar aus unterschiedlichen L\u00e4ndern, doch eins verbindet uns: das Leben im Plattenbau.&nbsp;<br>Unsere Heimatst\u00e4dte Sankt Petersburg und Dresden assoziiert man nicht direkt mit Plattenbauten, sondern vielmehr mit prunkvollen Geb\u00e4uden aus vergangenen Zeiten. &nbsp;Der Dresdener Zwinger, die Frauenkirche, die zahlreichen Pal\u00e4ste, wie die Ermitage in Sankt Petersburg oder auch die Isaakskathedrale pr\u00e4gen das Ged\u00e4chtnis eines Besuchers&nbsp; beider &nbsp;St\u00e4dte. Verl\u00e4sst man jedoch die allseits bekannten Stra\u00dfen, er\u00f6ffnet sich einem ein komplett anderes Stadtbild. Anstelle von goldenen Kuppeln und Architektur des Barocks erscheint ein Urwald aus riesigen grauen Betonkl\u00f6tzen, welche definitiv ein anderes Lebensgef\u00fchl, als die historischen Altst\u00e4dte vermitteln.&nbsp; Auch wir sind in Plattenbausiedlungen am Rande der Stadt aufgewachsen und wollen diese Erfahrung in unserem Raptrack \u201eOde an den Plattenbau\u201c mit euch teilen. Mit unserem Titel \u201eOde an den Plattenbau\u201c wollten wir bewusst mit den g\u00e4ngigen Klischees brechen und zwei W\u00f6rter miteinander vereinen, die sonst nicht in einen Kontext gebracht werden- Ode und Plattenbau. Bei dem Wort Ode denkt man wahrscheinlich zuerst an Beethovens Sinfonie \u201eOde an die Freude\u201c und nicht an eine Neubausiedlung. Genau dies wollen wir mit dem Titel auch bezwecken. Denn auch der Plattenbau&nbsp; hat seine charmante und klassisch sch\u00f6ne Seite die es zu entdecken und beleuchten gilt.&nbsp;<\/p>\n\n\n\n<p>Im Folgenden wollen wir euch noch einen kurzen Einblick geben warum unser Coverbild ausgerechnet in der Berliner Siedlung Marzahn entstanden ist und was diesen Bezirk so besonders f\u00fcr uns macht. Zu aller erst ruft Berlin Marzahn in uns beiden ein wohltuendes Heimatgef\u00fchl hervor und erinnert uns sehr an die Plattenbausiedlungen, in welchen wir unsere Kindheit verbracht haben. Desweiteren kann man besonders an diesem Ort die Vorz\u00fcge einer Plattenbausiedlung erkennen. Berlin Marzahn ist nicht nur eine Siedlung zum Leben, sondern auch zum Arbeiten. Hier haben viele Unternehmen ihren Sitz, was die Region umso attraktiver macht. Ganz zu schweigen von der gute Verkehrsanbindung, den zahlreichen Parks und Gr\u00fcnfl\u00e4chen, sowie den fu\u00dfl\u00e4ufigen Einkaufsm\u00f6glichkeiten und s\u00fc\u00dfen Caf\u00e9s. Ebenfalls gut zu erkennen, auch auf unserem Cover, sind die Farbenvielfalt und die architektonische Variet\u00e4t der Plattenbauten in dieser Region. Das triste, graue Bild, das viele Menschen von Plattenbausiedlungen in ihren K\u00f6pfen haben hat mit der Realit\u00e4t in Berlin Marzahn wenig zu tun.<\/p>\n\n\n\n<p class=\"has-text-align-right\"><em>Amy Zimmermann und Elizaveta Mukhina<\/em><\/p>\n\n\n\n<figure class=\"wp-block-audio\"><audio controls src=\"https:\/\/blogs.fu-berlin.de\/plattenbau\/files\/2021\/08\/platte-1.mp3\"><\/audio><figcaption>Ode an den Plattenbau; Text und Darbietung: Amy Zimmermann und Elizaveta Mukhina<\/figcaption><\/figure>\n\n\n\n<p>Ode an den Plattenbau<\/p>\n\n\n\n<p>Ey ihr Yuppies \u2013 auf einmal kommt<\/p>\n\n\n\n<p>Ihr nach Berlin<\/p>\n\n\n\n<p>K\u00f6nnt in Mitte eure Lines zieh\u2019n.<\/p>\n\n\n\n<p>H\u00f6her, schneller, breiter<\/p>\n\n\n\n<p>Und die Mieten steigen weiter.<\/p>\n\n\n\n<p>D\u00f6ner \u00fcber Tofu \u2013 Adiletten \u00fcber Birkenstock<\/p>\n\n\n\n<p>Ich fahr Fahrstuhl und du l\u00e4ufst in den 5.Stock.<\/p>\n\n\n\n<p>Sie sagen \u00fcber dich du w\u00e4rst alt, grau und arm,<\/p>\n\n\n\n<p>doch h\u00f6r mir zu \u2013 f\u00fcr mich hast du immer deinen Charme.<\/p>\n\n\n\n<p>2x<\/p>\n\n\n\n<p>Zu hohe Mieten, zu viele Leute<\/p>\n\n\n\n<p>Berlin! Berlin! \u2013 Wohin mit der Meute?<\/p>\n\n\n\n<p>Und ja, am Wochenende fahrt ihr raus<\/p>\n\n\n\n<p>Aus dem Bezirk<\/p>\n\n\n\n<p>Damit ihr zwischen all dem Trubel<\/p>\n\n\n\n<p>Auch die Freiheit wieder sp\u00fcrt.<\/p>\n\n\n\n<p>Doch lasst es euch gesagt sein und<\/p>\n\n\n\n<p>Ich wei\u00df ihr werdet\u2019s hassen,<\/p>\n\n\n\n<p>f\u00fcr all die Dinge muss ich nicht<\/p>\n\n\n\n<p>mal meine Platte verlassen.<\/p>\n\n\n\n<p>Guter Ausblick, Parks, Supermarkt<\/p>\n\n\n\n<p>Und Bahnstation,<\/p>\n\n\n\n<p>Habibi, ja ich wei\u00df, warum ich in<\/p>\n\n\n\n<p>Der Platte wohn\u2018.<\/p>\n\n\n\n<p>2x<\/p>\n\n\n\n<p>Zu hohe Mieten, zu viele Leute<\/p>\n\n\n\n<p>Berlin! Berlin! \u2013 Wohin mit der Meute?<\/p>\n\n\n\n<p>Hey Plattenbau, h\u00f6r\u2018 zu, nur du, nur du, nur du!<\/p>\n\n\n\n<p>F\u00fcr andre bist du purer Schmerz,<\/p>\n\n\n\n<p>Doch du erf\u00fcllst mein Ossi-Herz.<\/p>\n\n\n\n<p>Ich liebte dich schon vor dem Hype,<\/p>\n\n\n\n<p>Denn du gibt\u2019s mir den Heimats-Vibe.<\/p>\n\n\n\n<p>Hey Plattenbau, h\u00f6r\u2018 zu, nur du, nur du, nur du!<\/p>\n","protected":false},"excerpt":{"rendered":"<p>Wir, Amy und Lisa kommen zwar aus unterschiedlichen St\u00e4dten und sogar aus unterschiedlichen L\u00e4ndern, doch eins verbindet uns: das Leben im Plattenbau.&nbsp;Unsere Heimatst\u00e4dte Sankt Petersburg und Dresden assoziiert man nicht direkt mit Plattenbauten, sondern vielmehr mit prunkvollen Geb\u00e4uden aus vergangenen Zeiten. &nbsp;Der Dresdener Zwinger, die Frauenkirche, die zahlreichen Pal\u00e4ste, wie die Ermitage in Sankt Petersburg &hellip; <a href=\"https:\/\/blogs.fu-berlin.de\/plattenbau\/eine-ode-an-den-plattenbau-in-berlin-marzahn\/\" class=\"more-link\"><span class=\"screen-reader-text\">\u201eEine &#8222;Ode an den Plattenbau&#8220; in Berlin Marzahn\u201c<\/span> weiterlesen<\/a><\/p>\n","protected":false},"author":6416,"featured_media":0,"parent":0,"menu_order":0,"comment_status":"closed","ping_status":"closed","template":"","meta":{"footnotes":""},"class_list":["post-204","page","type-page","status-publish","hentry"],"_links":{"self":[{"href":"https:\/\/blogs.fu-berlin.de\/plattenbau\/wp-json\/wp\/v2\/pages\/204","targetHints":{"allow":["GET"]}}],"collection":[{"href":"https:\/\/blogs.fu-berlin.de\/plattenbau\/wp-json\/wp\/v2\/pages"}],"about":[{"href":"https:\/\/blogs.fu-berlin.de\/plattenbau\/wp-json\/wp\/v2\/types\/page"}],"author":[{"embeddable":true,"href":"https:\/\/blogs.fu-berlin.de\/plattenbau\/wp-json\/wp\/v2\/users\/6416"}],"replies":[{"embeddable":true,"href":"https:\/\/blogs.fu-berlin.de\/plattenbau\/wp-json\/wp\/v2\/comments?post=204"}],"version-history":[{"count":2,"href":"https:\/\/blogs.fu-berlin.de\/plattenbau\/wp-json\/wp\/v2\/pages\/204\/revisions"}],"predecessor-version":[{"id":215,"href":"https:\/\/blogs.fu-berlin.de\/plattenbau\/wp-json\/wp\/v2\/pages\/204\/revisions\/215"}],"wp:attachment":[{"href":"https:\/\/blogs.fu-berlin.de\/plattenbau\/wp-json\/wp\/v2\/media?parent=204"}],"curies":[{"name":"wp","href":"https:\/\/api.w.org\/{rel}","templated":true}]}}