{"id":217,"date":"2021-09-06T11:15:58","date_gmt":"2021-09-06T09:15:58","guid":{"rendered":"https:\/\/blogs.fu-berlin.de\/plattenbau\/?page_id=217"},"modified":"2021-09-06T13:42:38","modified_gmt":"2021-09-06T11:42:38","slug":"tetris-in-der-platte-die-grosssiedlung-am-weissensee","status":"publish","type":"page","link":"https:\/\/blogs.fu-berlin.de\/plattenbau\/tetris-in-der-platte-die-grosssiedlung-am-weissensee\/","title":{"rendered":"Tetris in der Platte. Die Gro\u00dfsiedlung am Wei\u00dfensee"},"content":{"rendered":"\n<p>Welche Gemeinsamkeiten haben \u201eTetris\u201c, das blockartige Computerspiel des russischen Programmierers Alexei Paschitnov, und eine Plattenbausiedlung? Diese Frage stellte ich mir, als ich mich f\u00fcr das Seminar <em>\u00c4sthetik des Plattenbaus<\/em> mit einer kreativen Darstellung dieser Bauform besch\u00e4ftigte. Es zeigte sich, dass sowohl die Form als auch das Konzept in ihrer Entstehung sehr \u00e4hnlich sind. Zur Verdeutlichung habe ich eine Berliner Plattenbau-Siedlung in ein Tetris-Spiel verwandelt und in einem Video montiert. Im Folgenden m\u00f6chte ich zun\u00e4chst die beiden Konzepte und ihre Gemeinsamkeiten erkl\u00e4ren, um anschlie\u00dfend die Entstehung des Video-Projekts zu erl\u00e4utern.<\/p>\n\n\n\n<p>Die Gleichf\u00f6rmigkeit und Massivit\u00e4t von Plattenbauten sind weitgehend bekannt und der repetitiv aufgestellte \u201egraue Beton\u201c wurde in letzter Zeit zu einem beliebten Thema in unserer Gesellschaft.&nbsp; Doch der Ursprung liegt mehr als 70 Jahre zur\u00fcck. Der Bau von Plattenbausiedlungen hatte ein Ziel: Die Beseitigung der Wohnungsnot in den 1950er Jahren. Die im Zweiten Weltkrieg verursachten Zerst\u00f6rungen des Stadtbildes f\u00fchrten zu einem enormen Wohnungsmangel. Viele Menschen hatten keine Wohnung oder wohnten unter widrigsten Bedingungen. Die Platte ergab eine plausible L\u00f6sung \u2013 durch eine zentrale Steuerung aller Bauprozessen sowie die Normalisierung der Grundrisse konnten die neuen H\u00e4user schnell und g\u00fcnstig gebaut werden. Die vorproduzierten Elemente (W\u00e4nde, Decken, D\u00e4cher usw.) mussten \u201enur\u201c zusammenmontiert werden. Diese moderne, technisch und wirtschaftlich attraktive Methode wurde schnell sehr beliebt, vor allem im \u00f6stlichen Teilen Europas.<\/p>\n\n\n\n<p>Was hat das also mit Tetris zu tun? Die erste \u00c4hnlichkeit, die mir auffiel, war die Form. W\u00e4hrend wir im Seminar dar\u00fcber sprachen, wie eine Plattenbausiedlung entsteht, musste ich an ein Puzzlespiel denken. Die Aufstellung der serienm\u00e4\u00dfig hergestellten Bauelemente verbinde ich mit den serienm\u00e4\u00dfig hergestellten Einzelteilen eines Puzzles. Allerdings sind diese selten l\u00e4nglich, rechtwinkelig und eckig wie die Wohnh\u00e4user. Umgehend kam mir eine neue Assoziation in den Sinn, n\u00e4mlich das wohl bekannteste sowjetische Computerspiel \u201eTetris\u201c. Das Ziel des Spiels besteht darin, verschiede Formate im gleichf\u00f6rmigen Raum zu platzieren. Dieses Konzept stimmr mit der Entstehung einer Plattenbausiedlung \u00fcberein.<\/p>\n\n\n\n<figure class=\"wp-block-image size-large\"><img loading=\"lazy\" decoding=\"async\" width=\"726\" height=\"408\" src=\"https:\/\/blogs.fu-berlin.de\/plattenbau\/files\/2021\/09\/grafik-2.png\" alt=\"\" class=\"wp-image-220\" srcset=\"https:\/\/blogs.fu-berlin.de\/plattenbau\/files\/2021\/09\/grafik-2.png 726w, https:\/\/blogs.fu-berlin.de\/plattenbau\/files\/2021\/09\/grafik-2-300x169.png 300w\" sizes=\"auto, (max-width: 726px) 85vw, 726px\" \/><figcaption>Abbildung 1: Frontale Luftansicht von Plattenbauten am Wei\u00dfensee; Quelle: Natalia Sobczuk<\/figcaption><\/figure>\n\n\n\n<p>In dem vorliegenden Projekt handelt es sich um eine Tetris-Simulation, die in die Gro\u00dfsiedlung am Wei\u00dfensee integriert wurde und in der Form eines Videos pr\u00e4sentiert wird. Die Animation bildet eine Metapher zu der architektonischen, aber auch sozialen Seite solcher Wohneinheiten. Denn das Prinzip der Platzierung verschiedener Formen in demselben Raum kann sozial als ein Versuch der Anpassung und Vereinheitlichung der Gesellschaft betrachtet werden. Wobei die Bed\u00fcrfnisse und W\u00fcnsche der einzelnen Individuen nicht beachtet werden. Die Frage ist jedoch wie lange sich das Spiel spielen l\u00e4sst das GAME OVER erreicht wird.<\/p>\n\n\n\n<figure class=\"wp-block-image size-large\"><img loading=\"lazy\" decoding=\"async\" width=\"727\" height=\"408\" src=\"https:\/\/blogs.fu-berlin.de\/plattenbau\/files\/2021\/09\/grafik-1.png\" alt=\"\" class=\"wp-image-219\" srcset=\"https:\/\/blogs.fu-berlin.de\/plattenbau\/files\/2021\/09\/grafik-1.png 727w, https:\/\/blogs.fu-berlin.de\/plattenbau\/files\/2021\/09\/grafik-1-300x168.png 300w\" sizes=\"auto, (max-width: 727px) 85vw, 727px\" \/><figcaption>Abbildung 2: Luftbildaufnahme der Plattenbausiedlugn am Wei\u00dfensee; Quelle: Natalia Sobczuk<\/figcaption><\/figure>\n\n\n\n<p>Um die ausgesuchte Siedlung Berlins optisch in ein Tetris-Spiel verwandeln zu k\u00f6nnen, habe ich Bildmaterialien aus gro\u00dfer H\u00f6he gebraucht. F\u00fcr diese Zwecke suchte ich nach passendem technischem Equipment. Fotos und Videos f\u00fcr das Projekt wurden mithilfe einer Drohne (<em>DJI Mini Drone<\/em>) von dem Standpunkt Hansastra\u00dfe 96 aufgenommen. Insgesamt war die Drohne zweimal in der Luft jeweils f\u00fcr 30 Minuten. Die Aufnahmen entstanden in unterschiedlichen H\u00f6hen von 100 bis 245 Metern.<\/p>\n\n\n\n<figure class=\"wp-block-image size-large\"><img loading=\"lazy\" decoding=\"async\" width=\"455\" height=\"813\" src=\"https:\/\/blogs.fu-berlin.de\/plattenbau\/files\/2021\/09\/grafik-3.png\" alt=\"\" class=\"wp-image-221\" srcset=\"https:\/\/blogs.fu-berlin.de\/plattenbau\/files\/2021\/09\/grafik-3.png 455w, https:\/\/blogs.fu-berlin.de\/plattenbau\/files\/2021\/09\/grafik-3-168x300.png 168w\" sizes=\"auto, (max-width: 455px) 85vw, 455px\" \/><figcaption>Abbildung 3: Plattenbau meets Tetris. Photoshopmontage; Quelle: Natalia Sobczuk<\/figcaption><\/figure>\n\n\n\n<p>Anschlie\u00dfend wurden die oben zusehenden Fotografien in dem Bildbearbeitungsprogramm Adobe Photoshop bearbeitet. Zuerst wurde das Bild f\u00fcr das Hochkant-Format angepasst. Als n\u00e4chstes wurden die Tetris-Bl\u00f6cke (aus einer zuf\u00e4lligen Abbildung in Internet) passenderweise reinkopiert und in der unteren Bildkante platziert. Der letzte Schritt, der in Photoshop gemacht wurde, war die Animation des t\u00fcrkisenen Blocks mithilfe von Effekten wie \u201ePositionierung Keyframes\u201c, die eine Bewegung im Bild erm\u00f6glichen. Die finale Bearbeitung erfolgte in einer Videoschnittsoftware Premiere Pro, wo das Bild in ein Video umgewandelt worden ist. Aus dem originalen Tetris-Video wurde die Anfang- und Endsequenz rausgeschnitten und in das neue Video montiert. Am Ende des Prozesses wurde die Animation des t\u00fcrkisenen Blocks optimiert und der originale Teris-Soundtrack hinzugef\u00fcgt.<\/p>\n\n\n\n<p class=\"has-text-align-right\"><em>Natalia Sobczuk<\/em><\/p>\n\n\n<figure class=\"wp-block-embed-youtube wp-block-embed is-type-video is-provider-youtube wp-embed-aspect-16-9 wp-has-aspect-ratio\"><div class=\"lyte-wrapper\" style=\"width:640px;max-width:100%;margin:5px;\"><div class=\"lyMe\" id=\"WYL_jfg6nAswfm4\"><div id=\"lyte_jfg6nAswfm4\" data-src=\"https:\/\/blogs.fu-berlin.de\/plattenbau\/wp-content\/plugins\/wp-youtube-lyte\/lyteCache.php?origThumbUrl=%2F%2Fi.ytimg.com%2Fvi%2Fjfg6nAswfm4%2Fhqdefault.jpg\" class=\"pL\"><div class=\"tC\"><div class=\"tT\"><\/div><\/div><div class=\"play\"><\/div><div class=\"ctrl\"><div class=\"Lctrl\"><\/div><div class=\"Rctrl\"><\/div><\/div><\/div><noscript><a href=\"https:\/\/youtu.be\/jfg6nAswfm4\" rel=\"nofollow\"><img loading=\"lazy\" decoding=\"async\" src=\"https:\/\/blogs.fu-berlin.de\/plattenbau\/wp-content\/plugins\/wp-youtube-lyte\/lyteCache.php?origThumbUrl=https%3A%2F%2Fi.ytimg.com%2Fvi%2Fjfg6nAswfm4%2F0.jpg\" alt=\"YouTube-Video-Thumbnail\" width=\"640\" height=\"340\" \/><br \/>Dieses Video auf YouTube ansehen<\/a><\/noscript><\/div><\/div><div class=\"lL\" style=\"max-width:100%;width:640px;margin:5px;\"><br\/><span class=\"lyte_disclaimer\">ACHTUNG: Daten nach YouTube werden erst beim Abspielen des Videos \u00fcbertragen.<\/span><\/div><figcaption>Video 1: Tetris in der Platte; Quelle: Natalia Sobczuk<\/figcaption><\/figure>","protected":false},"excerpt":{"rendered":"<p>Welche Gemeinsamkeiten haben \u201eTetris\u201c, das blockartige Computerspiel des russischen Programmierers Alexei Paschitnov, und eine Plattenbausiedlung? Diese Frage stellte ich mir, als ich mich f\u00fcr das Seminar \u00c4sthetik des Plattenbaus mit einer kreativen Darstellung dieser Bauform besch\u00e4ftigte. Es zeigte sich, dass sowohl die Form als auch das Konzept in ihrer Entstehung sehr \u00e4hnlich sind. Zur Verdeutlichung &hellip; <a href=\"https:\/\/blogs.fu-berlin.de\/plattenbau\/tetris-in-der-platte-die-grosssiedlung-am-weissensee\/\" class=\"more-link\"><span class=\"screen-reader-text\">\u201eTetris in der Platte. Die Gro\u00dfsiedlung am Wei\u00dfensee\u201c<\/span> weiterlesen<\/a><\/p>\n","protected":false},"author":6416,"featured_media":0,"parent":0,"menu_order":0,"comment_status":"closed","ping_status":"closed","template":"","meta":{"footnotes":""},"class_list":["post-217","page","type-page","status-publish","hentry"],"_links":{"self":[{"href":"https:\/\/blogs.fu-berlin.de\/plattenbau\/wp-json\/wp\/v2\/pages\/217","targetHints":{"allow":["GET"]}}],"collection":[{"href":"https:\/\/blogs.fu-berlin.de\/plattenbau\/wp-json\/wp\/v2\/pages"}],"about":[{"href":"https:\/\/blogs.fu-berlin.de\/plattenbau\/wp-json\/wp\/v2\/types\/page"}],"author":[{"embeddable":true,"href":"https:\/\/blogs.fu-berlin.de\/plattenbau\/wp-json\/wp\/v2\/users\/6416"}],"replies":[{"embeddable":true,"href":"https:\/\/blogs.fu-berlin.de\/plattenbau\/wp-json\/wp\/v2\/comments?post=217"}],"version-history":[{"count":3,"href":"https:\/\/blogs.fu-berlin.de\/plattenbau\/wp-json\/wp\/v2\/pages\/217\/revisions"}],"predecessor-version":[{"id":225,"href":"https:\/\/blogs.fu-berlin.de\/plattenbau\/wp-json\/wp\/v2\/pages\/217\/revisions\/225"}],"wp:attachment":[{"href":"https:\/\/blogs.fu-berlin.de\/plattenbau\/wp-json\/wp\/v2\/media?parent=217"}],"curies":[{"name":"wp","href":"https:\/\/api.w.org\/{rel}","templated":true}]}}