{"id":60,"date":"2021-07-19T11:39:54","date_gmt":"2021-07-19T09:39:54","guid":{"rendered":"https:\/\/blogs.fu-berlin.de\/plattenbau\/?page_id=60"},"modified":"2021-07-19T13:32:32","modified_gmt":"2021-07-19T11:32:32","slug":"das-seminar","status":"publish","type":"page","link":"https:\/\/blogs.fu-berlin.de\/plattenbau\/das-seminar\/","title":{"rendered":"Das Seminar"},"content":{"rendered":"\n<p>Kaum ein Geb\u00e4udetypus wird so stark mit Osteuropa assoziiert wie der Plattenbau. Ab Mitte der 1950er Jahre entstand in allen sozialistischen L\u00e4ndern ein serialisierter industrieller Wohnungsbau, durch den die beengenden Wohnverh\u00e4ltnisse der Vorkriegszeit \u00fcberwunden werden sollten. Das Seminar widmete sich aus interdisziplin\u00e4rer Perspektive (Literatur-, Kultur- und Filmwissenschaft; Geschichte, Soziologie u.a.) dem Plattenbau und rekonstruierte die Entwicklungen, die zu seinem Aufstieg und Fall in Osteuropa f\u00fchrten. Neben architektur- und stadtplanungsgeschichtlichen Zug\u00e4ngen interessierten vor allem die symbolische Aufladung der Platte. Hierf\u00fcr betrachteten wir Beispiele aus dem ost- und westdeutschen, tschechischen, polnischen, rum\u00e4nischen, jugoslawischen und sowjetischen Kontext und analysierten, wie sich die Repr\u00e4sentation dieser Wohnform in der (post)sozialistischen Zeit gewandelt hat.<\/p>\n\n\n\n<p><\/p>\n","protected":false},"excerpt":{"rendered":"<p>Kaum ein Geb\u00e4udetypus wird so stark mit Osteuropa assoziiert wie der Plattenbau. Ab Mitte der 1950er Jahre entstand in allen sozialistischen L\u00e4ndern ein serialisierter industrieller Wohnungsbau, durch den die beengenden Wohnverh\u00e4ltnisse der Vorkriegszeit \u00fcberwunden werden sollten. Das Seminar widmete sich aus interdisziplin\u00e4rer Perspektive (Literatur-, Kultur- und Filmwissenschaft; Geschichte, Soziologie u.a.) dem Plattenbau und rekonstruierte die &hellip; <a href=\"https:\/\/blogs.fu-berlin.de\/plattenbau\/das-seminar\/\" class=\"more-link\"><span class=\"screen-reader-text\">\u201eDas Seminar\u201c<\/span> weiterlesen<\/a><\/p>\n","protected":false},"author":6416,"featured_media":0,"parent":0,"menu_order":0,"comment_status":"closed","ping_status":"closed","template":"","meta":{"footnotes":""},"class_list":["post-60","page","type-page","status-publish","hentry"],"_links":{"self":[{"href":"https:\/\/blogs.fu-berlin.de\/plattenbau\/wp-json\/wp\/v2\/pages\/60","targetHints":{"allow":["GET"]}}],"collection":[{"href":"https:\/\/blogs.fu-berlin.de\/plattenbau\/wp-json\/wp\/v2\/pages"}],"about":[{"href":"https:\/\/blogs.fu-berlin.de\/plattenbau\/wp-json\/wp\/v2\/types\/page"}],"author":[{"embeddable":true,"href":"https:\/\/blogs.fu-berlin.de\/plattenbau\/wp-json\/wp\/v2\/users\/6416"}],"replies":[{"embeddable":true,"href":"https:\/\/blogs.fu-berlin.de\/plattenbau\/wp-json\/wp\/v2\/comments?post=60"}],"version-history":[{"count":5,"href":"https:\/\/blogs.fu-berlin.de\/plattenbau\/wp-json\/wp\/v2\/pages\/60\/revisions"}],"predecessor-version":[{"id":91,"href":"https:\/\/blogs.fu-berlin.de\/plattenbau\/wp-json\/wp\/v2\/pages\/60\/revisions\/91"}],"wp:attachment":[{"href":"https:\/\/blogs.fu-berlin.de\/plattenbau\/wp-json\/wp\/v2\/media?parent=60"}],"curies":[{"name":"wp","href":"https:\/\/api.w.org\/{rel}","templated":true}]}}