{"id":369,"date":"2017-10-29T10:48:39","date_gmt":"2017-10-29T09:48:39","guid":{"rendered":"https:\/\/blogs.fu-berlin.de\/soellner\/?page_id=369"},"modified":"2017-10-29T10:52:38","modified_gmt":"2017-10-29T09:52:38","slug":"fortfuehrung-des-projekts-an-der-universitaet-bielefeld","status":"publish","type":"page","link":"https:\/\/blogs.fu-berlin.de\/soellner\/fortfuehrung-des-projekts-an-der-universitaet-bielefeld\/","title":{"rendered":"Fortf\u00fchrung des Projekts an der Universit\u00e4t Bielefeld"},"content":{"rendered":"<p>Das Projekt WatchTheCourt wird nach dem Wechsel vor Herrn Univ-Prof Dr. Martin Schwab an die Universit\u00e4t Bielefeld dort fortgef\u00fchrt. Unter dem folgenden Link finden Sie bis zur Vollst\u00e4ndigen Umstellung der Seite alle Informationen zu dem Projekt. <\/p>\n<p><a href=\"https:\/\/www.jura.uni-bielefeld.de\/lehrstuehle\/schwab\/willkommen\">https:\/\/www.jura.uni-bielefeld.de\/lehrstuehle\/schwab\/willkommen<\/a><\/p>\n","protected":false},"excerpt":{"rendered":"<p>Das Projekt WatchTheCourt wird nach dem Wechsel vor Herrn Univ-Prof Dr. Martin Schwab an die Universit\u00e4t Bielefeld dort fortgef\u00fchrt. Unter dem folgenden Link finden Sie bis zur Vollst\u00e4ndigen Umstellung der Seite alle Informationen zu dem Projekt. https:\/\/www.jura.uni-bielefeld.de\/lehrstuehle\/schwab\/willkommen<\/p>\n","protected":false},"author":235,"featured_media":0,"parent":0,"menu_order":0,"comment_status":"closed","ping_status":"closed","template":"","meta":{"footnotes":""},"class_list":["post-369","page","type-page","status-publish","hentry"],"_links":{"self":[{"href":"https:\/\/blogs.fu-berlin.de\/soellner\/wp-json\/wp\/v2\/pages\/369","targetHints":{"allow":["GET"]}}],"collection":[{"href":"https:\/\/blogs.fu-berlin.de\/soellner\/wp-json\/wp\/v2\/pages"}],"about":[{"href":"https:\/\/blogs.fu-berlin.de\/soellner\/wp-json\/wp\/v2\/types\/page"}],"author":[{"embeddable":true,"href":"https:\/\/blogs.fu-berlin.de\/soellner\/wp-json\/wp\/v2\/users\/235"}],"replies":[{"embeddable":true,"href":"https:\/\/blogs.fu-berlin.de\/soellner\/wp-json\/wp\/v2\/comments?post=369"}],"version-history":[{"count":2,"href":"https:\/\/blogs.fu-berlin.de\/soellner\/wp-json\/wp\/v2\/pages\/369\/revisions"}],"predecessor-version":[{"id":371,"href":"https:\/\/blogs.fu-berlin.de\/soellner\/wp-json\/wp\/v2\/pages\/369\/revisions\/371"}],"wp:attachment":[{"href":"https:\/\/blogs.fu-berlin.de\/soellner\/wp-json\/wp\/v2\/media?parent=369"}],"curies":[{"name":"wp","href":"https:\/\/api.w.org\/{rel}","templated":true}]}}

Fortführung des Projekts an der Universität Bielefeld

<p>Das Projekt WatchTheCourt wird nach dem Wechsel vor Herrn Univ-Prof Dr. Martin Schwab an die Universität Bielefeld dort fortgeführt. Unter dem folgenden Link finden Sie bis zur Vollständigen Umstellung der Seite alle Informationen zu dem Projekt. </p>
<p><a href="https://www.jura.uni-bielefeld.de/lehrstuehle/schwab/willkommen">https://www.jura.uni-bielefeld.de/lehrstuehle/schwab/willkommen</a></p>

<p>Das Projekt WatchTheCourt wird nach dem Wechsel vor Herrn Univ-Prof Dr. Martin Schwab an die Universität Bielefeld dort fortgeführt. Unter dem folgenden Link finden Sie bis zur Vollständigen Umstellung der Seite alle Informationen zu dem Projekt. https://www.jura.uni-bielefeld.de/lehrstuehle/schwab/willkommen</p>
