{"id":792,"date":"2022-08-23T11:25:24","date_gmt":"2022-08-23T09:25:24","guid":{"rendered":"https:\/\/blogs.fu-berlin.de\/startpaket\/?page_id=792"},"modified":"2024-01-30T13:41:57","modified_gmt":"2024-01-30T12:41:57","slug":"willkommen-fu","status":"publish","type":"page","link":"https:\/\/blogs.fu-berlin.de\/startpaket\/willkommen-fu\/","title":{"rendered":"Welcome @FU Berlin"},"content":{"rendered":"\r\n<h2 class=\"wp-block-heading\">F\u00fcr Sie da \u2013 Ihr Startpaket der Universit\u00e4tsbibliothek<\/h2>\r\n\r\n\r\n\r\n<p>Im Namen aller Bibliothekskolleg*innen begr\u00fc\u00dfen wir Sie ganz herzlich an der Freien Universit\u00e4t Berlin und begl\u00fcckw\u00fcnschen Sie zum Antritt Ihrer Professur! Um Ihnen das Ankommen auf Ihrer neuen Position und den Einstieg in Forschung und Lehre zu erleichtern, m\u00f6chten wir Ihnen an dieser Stelle gerne unsere Startpaket-Services als Universit\u00e4tsbibliothek vorstellen. Mit unserem Startpaket bieten wir allen neuberufenen Professor*innen (erste) bedarfsgerechte Einf\u00fchrungen in die Zusammenarbeit mit den FU-Bibliotheken an.<\/p>\r\n\r\n\r\n\r\n<div class=\"wp-block-columns is-layout-flex wp-container-core-columns-is-layout-9d6595d7 wp-block-columns-is-layout-flex\">\r\n<div class=\"wp-block-column is-layout-flow wp-block-column-is-layout-flow\" style=\"flex-basis: 66.66%\">\r\n<p>Unsere Auswahl von Service-Angeboten haben wir f\u00fcr Sie in zwei Servicepakete geschn\u00fcrt:<\/p>\r\n\r\n\r\n\r\n<ul class=\"wp-block-list\">\r\n<li><a href=\"https:\/\/blogs.fu-berlin.de\/startpaket\/forschen-und-publizieren\/\">Serviceportfolio 1<\/a> (Forschen &amp; Publizieren)<\/li>\r\n<li><a href=\"https:\/\/blogs.fu-berlin.de\/startpaket\/lehren\/\">Serviceportfolio 2<\/a> (Lehren)<\/li>\r\n<\/ul>\r\n\r\n\r\n\r\n<div class=\"wp-block-columns is-layout-flex wp-container-core-columns-is-layout-9d6595d7 wp-block-columns-is-layout-flex\">\r\n<div class=\"wp-block-column is-layout-flow wp-block-column-is-layout-flow\">\r\n<p>Je nach Ihrem individuellen Bedarf stellen wir Ihnen diese Services in einem <a href=\"https:\/\/blogs.fu-berlin.de\/startpaket\/termin-themenanfrage\/\" target=\"_blank\" rel=\"noreferrer noopener\">pers\u00f6nlichen Beratungsgespr\u00e4ch<\/a> \u2013 auf Deutsch oder Englisch \u2013 genauer vor und entwickeln gemeinsam mit Ihnen passgenaue Unterst\u00fctzungsm\u00f6glichkeiten, die wir Ihnen als Universit\u00e4tsbibliothek bieten k\u00f6nnen. Hierbei lernen Sie neben Ihrer pers\u00f6nlichen Ansprechperson in der Fachbibliothek weitere Kolleg*innen kennen, die Sie gezielt in verschiedenen Bereichen Ihres Alltags an der Freien Universit\u00e4t unterst\u00fctzen werden. Gerne werfen wir dabei auch einen Blick auf ein zus\u00e4tzliches Budget, das Sie zur Realisierung eines pers\u00f6nlichen Anliegens gemeinsam mit der Universit\u00e4tsbibliothek nutzen k\u00f6nnen.<\/p>\r\n\r\n\r\n\r\n<p>Unser Gespr\u00e4ch k\u00f6nnen wir zudem mit einer individuellen F\u00fchrung durch Ihre Fachbibliothek verbinden. Bei Interesse vermerken Sie dies bitte bei der Vereinbarung Ihres pers\u00f6nlichen <a href=\"https:\/\/blogs.fu-berlin.de\/startpaket\/termin-themenanfrage\/\">Beratungstermins<\/a>. Ebenso freuen wir uns nat\u00fcrlich auch, wenn Sie eine Person aus Ihrem Team begleitet.<\/p>\r\n\r\n\r\n\r\n<p>Bei weiteren Fragen zur Universit\u00e4tsbibliothek, dem Startpaket oder unseren Services kommen Sie gerne auf uns zu. Wir freuen uns auf Ihre Nachricht und darauf, Sie bald pers\u00f6nlich kennenzulernen. Bis dahin w\u00fcnschen Ihnen weiterhin ein gutes Ankommen an der Freien Universit\u00e4t Berlin!<\/p>\r\n\r\n\r\n\r\n<p>Ihr Startpaket-Team der Universit\u00e4tsbibliothek<\/p>\r\n<\/div>\r\n<\/div>\r\n<\/div>\r\n\r\n\r\n\r\n<div class=\"wp-block-column is-layout-flow wp-block-column-is-layout-flow\" style=\"flex-basis: 33.33%\">\r\n<figure class=\"wp-block-image size-large is-resized\"><img loading=\"lazy\" decoding=\"async\" class=\"wp-image-849\" src=\"https:\/\/blogs.fu-berlin.de\/startpaket\/files\/2022\/08\/grey-gd22224985_1280-974x1024.png\" alt=\"\" width=\"118\" height=\"123\" srcset=\"https:\/\/blogs.fu-berlin.de\/startpaket\/files\/2022\/08\/grey-gd22224985_1280-974x1024.png 974w, https:\/\/blogs.fu-berlin.de\/startpaket\/files\/2022\/08\/grey-gd22224985_1280-285x300.png 285w, https:\/\/blogs.fu-berlin.de\/startpaket\/files\/2022\/08\/grey-gd22224985_1280-768x808.png 768w, https:\/\/blogs.fu-berlin.de\/startpaket\/files\/2022\/08\/grey-gd22224985_1280-1200x1262.png 1200w, https:\/\/blogs.fu-berlin.de\/startpaket\/files\/2022\/08\/grey-gd22224985_1280.png 1217w\" sizes=\"auto, (max-width: 118px) 85vw, 118px\" \/><\/figure>\r\n<\/div>\r\n<\/div>\r\n","protected":false},"excerpt":{"rendered":"<p>F\u00fcr Sie da \u2013 Ihr Startpaket der Universit\u00e4tsbibliothek Im Namen aller Bibliothekskolleg*innen begr\u00fc\u00dfen wir Sie ganz herzlich an der Freien Universit\u00e4t Berlin und begl\u00fcckw\u00fcnschen Sie zum Antritt Ihrer Professur! Um Ihnen das Ankommen auf Ihrer neuen Position und den Einstieg in Forschung und Lehre zu erleichtern, m\u00f6chten wir Ihnen an dieser Stelle gerne unsere Startpaket-Services &hellip; <a href=\"https:\/\/blogs.fu-berlin.de\/startpaket\/willkommen-fu\/\" class=\"more-link\"><span class=\"screen-reader-text\">\u201eWelcome @FU Berlin\u201c<\/span> weiterlesen<\/a><\/p>\n","protected":false},"author":5,"featured_media":0,"parent":0,"menu_order":0,"comment_status":"closed","ping_status":"closed","template":"","meta":{"footnotes":""},"class_list":["post-792","page","type-page","status-publish","hentry"],"_links":{"self":[{"href":"https:\/\/blogs.fu-berlin.de\/startpaket\/wp-json\/wp\/v2\/pages\/792","targetHints":{"allow":["GET"]}}],"collection":[{"href":"https:\/\/blogs.fu-berlin.de\/startpaket\/wp-json\/wp\/v2\/pages"}],"about":[{"href":"https:\/\/blogs.fu-berlin.de\/startpaket\/wp-json\/wp\/v2\/types\/page"}],"author":[{"embeddable":true,"href":"https:\/\/blogs.fu-berlin.de\/startpaket\/wp-json\/wp\/v2\/users\/5"}],"replies":[{"embeddable":true,"href":"https:\/\/blogs.fu-berlin.de\/startpaket\/wp-json\/wp\/v2\/comments?post=792"}],"version-history":[{"count":35,"href":"https:\/\/blogs.fu-berlin.de\/startpaket\/wp-json\/wp\/v2\/pages\/792\/revisions"}],"predecessor-version":[{"id":1101,"href":"https:\/\/blogs.fu-berlin.de\/startpaket\/wp-json\/wp\/v2\/pages\/792\/revisions\/1101"}],"wp:attachment":[{"href":"https:\/\/blogs.fu-berlin.de\/startpaket\/wp-json\/wp\/v2\/media?parent=792"}],"curies":[{"name":"wp","href":"https:\/\/api.w.org\/{rel}","templated":true}]}}

<h2 class="wp-block-heading">Für Sie da – Ihr Startpaket der Universitätsbibliothek</h2>



<p>Im Namen aller Bibliothekskolleg*innen begrüßen wir Sie ganz herzlich an der Freien Universität Berlin und beglückwünschen Sie zum Antritt Ihrer Professur! Um Ihnen das Ankommen auf Ihrer neuen Position und den Einstieg in Forschung und Lehre zu erleichtern, möchten wir Ihnen an dieser Stelle gerne unsere Startpaket-Services als Universitätsbibliothek vorstellen. Mit unserem Startpaket bieten wir allen neuberufenen Professor*innen (erste) bedarfsgerechte Einführungen in die Zusammenarbeit mit den FU-Bibliotheken an.</p>



<div class="wp-block-columns is-layout-flex wp-container-core-columns-is-layout-9d6595d7 wp-block-columns-is-layout-flex">
<div class="wp-block-column is-layout-flow wp-block-column-is-layout-flow" style="flex-basis: 66.66%">
<p>Unsere Auswahl von Service-Angeboten haben wir für Sie in zwei Servicepakete geschnürt:</p>



<ul class="wp-block-list">
<li><a href="https://blogs.fu-berlin.de/startpaket/forschen-und-publizieren/">Serviceportfolio 1</a> (Forschen &amp; Publizieren)</li>
<li><a href="https://blogs.fu-berlin.de/startpaket/lehren/">Serviceportfolio 2</a> (Lehren)</li>
</ul>



<div class="wp-block-columns is-layout-flex wp-container-core-columns-is-layout-9d6595d7 wp-block-columns-is-layout-flex">
<div class="wp-block-column is-layout-flow wp-block-column-is-layout-flow">
<p>Je nach Ihrem individuellen Bedarf stellen wir Ihnen diese Services in einem <a href="https://blogs.fu-berlin.de/startpaket/termin-themenanfrage/" target="_blank" rel="noreferrer noopener">persönlichen Beratungsgespräch</a> – auf Deutsch oder Englisch – genauer vor und entwickeln gemeinsam mit Ihnen passgenaue Unterstützungsmöglichkeiten, die wir Ihnen als Universitätsbibliothek bieten können. Hierbei lernen Sie neben Ihrer persönlichen Ansprechperson in der Fachbibliothek weitere Kolleg*innen kennen, die Sie gezielt in verschiedenen Bereichen Ihres Alltags an der Freien Universität unterstützen werden. Gerne werfen wir dabei auch einen Blick auf ein zusätzliches Budget, das Sie zur Realisierung eines persönlichen Anliegens gemeinsam mit der Universitätsbibliothek nutzen können.</p>



<p>Unser Gespräch können wir zudem mit einer individuellen Führung durch Ihre Fachbibliothek verbinden. Bei Interesse vermerken Sie dies bitte bei der Vereinbarung Ihres persönlichen <a href="https://blogs.fu-berlin.de/startpaket/termin-themenanfrage/">Beratungstermins</a>. Ebenso freuen wir uns natürlich auch, wenn Sie eine Person aus Ihrem Team begleitet.</p>



<p>Bei weiteren Fragen zur Universitätsbibliothek, dem Startpaket oder unseren Services kommen Sie gerne auf uns zu. Wir freuen uns auf Ihre Nachricht und darauf, Sie bald persönlich kennenzulernen. Bis dahin wünschen Ihnen weiterhin ein gutes Ankommen an der Freien Universität Berlin!</p>



<p>Ihr Startpaket-Team der Universitätsbibliothek</p>
</div>
</div>
</div>



<div class="wp-block-column is-layout-flow wp-block-column-is-layout-flow" style="flex-basis: 33.33%">
<figure class="wp-block-image size-large is-resized"><img loading="lazy" decoding="async" class="wp-image-849" src="https://blogs.fu-berlin.de/startpaket/files/2022/08/grey-gd22224985_1280-974x1024.png" alt="" width="118" height="123" srcset="https://blogs.fu-berlin.de/startpaket/files/2022/08/grey-gd22224985_1280-974x1024.png 974w, https://blogs.fu-berlin.de/startpaket/files/2022/08/grey-gd22224985_1280-285x300.png 285w, https://blogs.fu-berlin.de/startpaket/files/2022/08/grey-gd22224985_1280-768x808.png 768w, https://blogs.fu-berlin.de/startpaket/files/2022/08/grey-gd22224985_1280-1200x1262.png 1200w, https://blogs.fu-berlin.de/startpaket/files/2022/08/grey-gd22224985_1280.png 1217w" sizes="auto, (max-width: 118px) 85vw, 118px" /></figure>
</div>
</div>

<p>Für Sie da – Ihr Startpaket der Universitätsbibliothek Im Namen aller Bibliothekskolleg*innen begrüßen wir Sie ganz herzlich an der Freien Universität Berlin und beglückwünschen Sie zum Antritt Ihrer Professur! Um Ihnen das Ankommen auf Ihrer neuen Position und den Einstieg in Forschung und Lehre zu erleichtern, möchten wir Ihnen an dieser Stelle gerne unsere Startpaket-Services &hellip; <a href="https://blogs.fu-berlin.de/startpaket/willkommen-fu/" class="more-link"><span class="screen-reader-text">„Welcome @FU Berlin“</span> weiterlesen</a></p>
