{"id":3,"date":"2018-11-30T15:31:10","date_gmt":"2018-11-30T14:31:10","guid":{"rendered":"https:\/\/blogs.fu-berlin.de\/stereotypes\/?page_id=2"},"modified":"2019-06-06T10:32:13","modified_gmt":"2019-06-06T08:32:13","slug":"programm","status":"publish","type":"page","link":"https:\/\/blogs.fu-berlin.de\/stereotypes\/programm\/","title":{"rendered":"Programm"},"content":{"rendered":"<p><strong>Donnerstag, 06. Juni 2019 <\/strong><\/p>\n<p>15:00 Begr\u00fc\u00dfung und Einf\u00fchrung durch die Organisator*innen<\/p>\n<p><strong>Panel 1 Topik und Stereotyp <\/strong><\/p>\n<p>15:15\u201315:45 Maria Hinzmann: Forschungstopoi versus Stereotype? Potentiale der Topik als Heuristik f\u00fcr die Vermittlung von Objekt- und Metasprache<\/p>\n<p>15:45\u201316:15 Jule Thiemann: \u203aDitch the label!\u2039 Von der \u203aGastarbeiterliteratur\u2039 zur \u203aPostmigrantischen Literatur\u2039<\/p>\n<p>16:15\u201316:45 Sanja Lazarevi\u0107 Radak: Deconstruction or Re-invention: Discourse Analysis and Blind Spots in the \u2018Balkan Studies\u2019<\/p>\n<p>16:45\u201317:30 Diskussion<\/p>\n<p>18:15 <strong>Podiumsdiskussion \u201eSpot the Stereotype!\u201c<\/strong><\/p>\n<p>&#8212;die Teilnahme an der Diskussion ist frei, wir bitten aber um <a href=\"https:\/\/www.eventbrite.com\/e\/spot-the-stereotype-podiumsdiskussion-tickets-60867187396\">Anmeldung<\/a>&#8212;<\/p>\n<p>mit Mona El Omari, Hans Peter Hahn, Luce deLire, Dirk Naguschewski und Matthias Warstat<\/p>\n<p><em>Die Tagung \u201eSpot the Stereotype!\u201c untersucht Stereotype innerhalb wissenschaftlicher Forschungszusammenh\u00e4nge, -objekte und -traditionen. Positionierung und Wirkmacht von Stereotypen werden gerade dort interessant, wo die akademische Welt in andere lebensweltliche Bereiche \u00fcbergeht: Wie werden Stereotype hier aufgesp\u00fcrt, markiert, spielerisch-k\u00fcnstlerisch konterkariert oder zu Zwecken der Verdeutlichung oder humoristischen Entfremdung drastisch \u00fcberh\u00f6ht?<\/em><\/p>\n<p><em>Wir wollen f\u00fcnf G\u00e4ste, die sich in der Schnittstelle zwischen Wissenschaft, Gesellschaft und Kunst bewegen, zu \u201eihren\u201c Stereotypen befragen.<\/em><\/p>\n<p><em>Moderation: Ninia Binias und Sabine Greiner<\/em><\/p>\n<p><strong>Freitag, 07. Juni 2019 <\/strong><\/p>\n<p>9:30\u201310:00 Vorstellung der studentischen Ausstellung <a href=\"https:\/\/www.potsdam.de\/event\/stereotypen-klischees-feindbilder-co\">\u201eVon Schubladen und anderen Stereotypen\u201c<\/a> unter Leitung von Prof. Dr. Eva Kimminich (Universit\u00e4t Potsdam)<\/p>\n<p><strong>Panel 2 Stereotype in wissenschaftlicher Kommunikation<\/strong><\/p>\n<p>10:00\u201310:30 Boris Wyssusek: Diagramme. Epistemische Effekte des Stereotypischen semi\/formaler nicht-diskursiver Darstellungsformen<\/p>\n<p>10:30\u201311:00 Armin Hempel: Was da drau\u00dfen wohl gedacht wird? Bek\u00e4mpfung, Verbreitung und Nutzbarmachung stereotyper Annahmen in der Wissenschaftskommunikation der Geisteswissenschaften<\/p>\n<p>11:00\u201311:30 Diskussion und Kaffeepause<\/p>\n<p><strong>Panel 3 Stereotype und das Problem der Repr\u00e4sentation<\/strong><\/p>\n<p>11:30\u201312:00 Michalis Valaouris: Ein mediterraner Planet. W\u00f6rter und Bilder f\u00fcr eine Welt ohne Zeichen<\/p>\n<p>12:00\u201312:30 Hannah E\u00dfler: \u201eObject recogntion failed\u201c: Ein Error-Report \u00fcber gescheitertes Erkennen und unm\u00f6gliche Figuration des K\u00f6rpers in der Performance \u201eCape Sound Stories\u201c<\/p>\n<p>12:30-13:00 Alessandra Salvin: House and Household in Third Millennium Mesopotamian Society: archaeological perspectives<\/p>\n<p>13:00\u201314:30 Diskussion und Mittagspause<\/p>\n<p><strong>\u00a0<\/strong><strong>Panel 4 Gender und Stereotype<\/strong><\/p>\n<p>14:30\u201315:00 Marlene Dirschauer: Virginia Woolfs <em>A Room of One&#8217;s Own<\/em> und die Komfortzone des literarischen Kanons<\/p>\n<p>15:00\u201315:30 David Cohen: &#8218;\u00c4ngstliches Frauengerede&#8216;. Geschlechterrollen und Textkritik in Aischylos&#8216; <em>Grabesspenderinnen<\/em><\/p>\n<p>(Achtung: der urspr\u00fcnglich vorgesehene Vortrag von Loreen Dalski &#8222;K\u00e4mpfer und Entdecker auf Zeit. Das kulturelle Narrativ des <em>erfolgreich Gescheiterten&#8220; <\/em>muss aus pers\u00f6nlichen Gr\u00fcnden leider entfallen)<em><br \/>\n<\/em><\/p>\n<p>15:30\u201316:00 Diskussion und Kaffeepause<\/p>\n<p><strong>\u00a0<\/strong><strong>Panel 5 Stereotype und Reshaping<\/strong><\/p>\n<p>16:00\u201316:30 Louis Mathias Berger und Jacob Veidt: Pluralisierung oder christliche Vereinnahmung? Aneignungsstrategien in Giovanni Pico della Mirandolas <em>Conclusiones sive theses DCCCC<\/em><\/p>\n<p>16:30\u201317:00 Hyosung Kim: The \u201aStereotyped\u2018 Bodies: Gong Okjin\u2019s <em>Dance of the Disabled <\/em>and the Reinvention of Traditional Korean Choreography<\/p>\n<p>17:00\u201317:30 Mar\u00eda Dumas: The Role of the City in Medieval French Romance: Exposing Spatial Stereotypes in Hue de Rotelande\u2019s <em>Ipomedon <\/em><\/p>\n<p>17:30\u201317:45 Diskussion der Beitr\u00e4ge<\/p>\n<p>17:45\u201318:30 Abschlussdiskussion und Verabschiedung<\/p>\n","protected":false},"excerpt":{"rendered":"<p>Donnerstag, 06. Juni 2019 15:00 Begr\u00fc\u00dfung und Einf\u00fchrung durch die Organisator*innen Panel 1 Topik und Stereotyp 15:15\u201315:45 Maria Hinzmann: Forschungstopoi versus Stereotype? Potentiale der Topik als Heuristik f\u00fcr die Vermittlung von Objekt- und Metasprache 15:45\u201316:15 Jule Thiemann: \u203aDitch the label!\u2039 Von der \u203aGastarbeiterliteratur\u2039 zur \u203aPostmigrantischen Literatur\u2039 16:15\u201316:45 Sanja Lazarevi\u0107 Radak: Deconstruction or Re-invention: Discourse Analysis &hellip; <a href=\"https:\/\/blogs.fu-berlin.de\/stereotypes\/programm\/\" class=\"more-link\"><span class=\"screen-reader-text\">\u201eProgramm\u201c<\/span> weiterlesen<\/a><\/p>\n","protected":false},"author":3617,"featured_media":0,"parent":0,"menu_order":0,"comment_status":"closed","ping_status":"open","template":"","meta":{"footnotes":""},"class_list":["post-3","page","type-page","status-publish","hentry"],"_links":{"self":[{"href":"https:\/\/blogs.fu-berlin.de\/stereotypes\/wp-json\/wp\/v2\/pages\/3","targetHints":{"allow":["GET"]}}],"collection":[{"href":"https:\/\/blogs.fu-berlin.de\/stereotypes\/wp-json\/wp\/v2\/pages"}],"about":[{"href":"https:\/\/blogs.fu-berlin.de\/stereotypes\/wp-json\/wp\/v2\/types\/page"}],"author":[{"embeddable":true,"href":"https:\/\/blogs.fu-berlin.de\/stereotypes\/wp-json\/wp\/v2\/users\/3617"}],"replies":[{"embeddable":true,"href":"https:\/\/blogs.fu-berlin.de\/stereotypes\/wp-json\/wp\/v2\/comments?post=3"}],"version-history":[{"count":7,"href":"https:\/\/blogs.fu-berlin.de\/stereotypes\/wp-json\/wp\/v2\/pages\/3\/revisions"}],"predecessor-version":[{"id":92,"href":"https:\/\/blogs.fu-berlin.de\/stereotypes\/wp-json\/wp\/v2\/pages\/3\/revisions\/92"}],"wp:attachment":[{"href":"https:\/\/blogs.fu-berlin.de\/stereotypes\/wp-json\/wp\/v2\/media?parent=3"}],"curies":[{"name":"wp","href":"https:\/\/api.w.org\/{rel}","templated":true}]}}

<p><strong>Donnerstag, 06. Juni 2019 </strong></p>
<p>15:00 Begrüßung und Einführung durch die Organisator*innen</p>
<p><strong>Panel 1 Topik und Stereotyp </strong></p>
<p>15:15–15:45 Maria Hinzmann: Forschungstopoi versus Stereotype? Potentiale der Topik als Heuristik für die Vermittlung von Objekt- und Metasprache</p>
<p>15:45–16:15 Jule Thiemann: ›Ditch the label!‹ Von der ›Gastarbeiterliteratur‹ zur ›Postmigrantischen Literatur‹</p>
<p>16:15–16:45 Sanja Lazarević Radak: Deconstruction or Re-invention: Discourse Analysis and Blind Spots in the ‘Balkan Studies’</p>
<p>16:45–17:30 Diskussion</p>
<p>18:15 <strong>Podiumsdiskussion „Spot the Stereotype!“</strong></p>
<p>&#8212;die Teilnahme an der Diskussion ist frei, wir bitten aber um <a href="https://www.eventbrite.com/e/spot-the-stereotype-podiumsdiskussion-tickets-60867187396">Anmeldung</a>&#8212;</p>
<p>mit Mona El Omari, Hans Peter Hahn, Luce deLire, Dirk Naguschewski und Matthias Warstat</p>
<p><em>Die Tagung „Spot the Stereotype!“ untersucht Stereotype innerhalb wissenschaftlicher Forschungszusammenhänge, -objekte und -traditionen. Positionierung und Wirkmacht von Stereotypen werden gerade dort interessant, wo die akademische Welt in andere lebensweltliche Bereiche übergeht: Wie werden Stereotype hier aufgespürt, markiert, spielerisch-künstlerisch konterkariert oder zu Zwecken der Verdeutlichung oder humoristischen Entfremdung drastisch überhöht?</em></p>
<p><em>Wir wollen fünf Gäste, die sich in der Schnittstelle zwischen Wissenschaft, Gesellschaft und Kunst bewegen, zu „ihren“ Stereotypen befragen.</em></p>
<p><em>Moderation: Ninia Binias und Sabine Greiner</em></p>
<p><strong>Freitag, 07. Juni 2019 </strong></p>
<p>9:30–10:00 Vorstellung der studentischen Ausstellung <a href="https://www.potsdam.de/event/stereotypen-klischees-feindbilder-co">„Von Schubladen und anderen Stereotypen“</a> unter Leitung von Prof. Dr. Eva Kimminich (Universität Potsdam)</p>
<p><strong>Panel 2 Stereotype in wissenschaftlicher Kommunikation</strong></p>
<p>10:00–10:30 Boris Wyssusek: Diagramme. Epistemische Effekte des Stereotypischen semi/formaler nicht-diskursiver Darstellungsformen</p>
<p>10:30–11:00 Armin Hempel: Was da draußen wohl gedacht wird? Bekämpfung, Verbreitung und Nutzbarmachung stereotyper Annahmen in der Wissenschaftskommunikation der Geisteswissenschaften</p>
<p>11:00–11:30 Diskussion und Kaffeepause</p>
<p><strong>Panel 3 Stereotype und das Problem der Repräsentation</strong></p>
<p>11:30–12:00 Michalis Valaouris: Ein mediterraner Planet. Wörter und Bilder für eine Welt ohne Zeichen</p>
<p>12:00–12:30 Hannah Eßler: „Object recogntion failed“: Ein Error-Report über gescheitertes Erkennen und unmögliche Figuration des Körpers in der Performance „Cape Sound Stories“</p>
<p>12:30-13:00 Alessandra Salvin: House and Household in Third Millennium Mesopotamian Society: archaeological perspectives</p>
<p>13:00–14:30 Diskussion und Mittagspause</p>
<p><strong> </strong><strong>Panel 4 Gender und Stereotype</strong></p>
<p>14:30–15:00 Marlene Dirschauer: Virginia Woolfs <em>A Room of One&#8217;s Own</em> und die Komfortzone des literarischen Kanons</p>
<p>15:00–15:30 David Cohen: &#8218;Ängstliches Frauengerede&#8216;. Geschlechterrollen und Textkritik in Aischylos&#8216; <em>Grabesspenderinnen</em></p>
<p>(Achtung: der ursprünglich vorgesehene Vortrag von Loreen Dalski &#8222;Kämpfer und Entdecker auf Zeit. Das kulturelle Narrativ des <em>erfolgreich Gescheiterten&#8220; </em>muss aus persönlichen Gründen leider entfallen)<em><br />
</em></p>
<p>15:30–16:00 Diskussion und Kaffeepause</p>
<p><strong> </strong><strong>Panel 5 Stereotype und Reshaping</strong></p>
<p>16:00–16:30 Louis Mathias Berger und Jacob Veidt: Pluralisierung oder christliche Vereinnahmung? Aneignungsstrategien in Giovanni Pico della Mirandolas <em>Conclusiones sive theses DCCCC</em></p>
<p>16:30–17:00 Hyosung Kim: The ‚Stereotyped‘ Bodies: Gong Okjin’s <em>Dance of the Disabled </em>and the Reinvention of Traditional Korean Choreography</p>
<p>17:00–17:30 María Dumas: The Role of the City in Medieval French Romance: Exposing Spatial Stereotypes in Hue de Rotelande’s <em>Ipomedon </em></p>
<p>17:30–17:45 Diskussion der Beiträge</p>
<p>17:45–18:30 Abschlussdiskussion und Verabschiedung</p>

<p>Donnerstag, 06. Juni 2019 15:00 Begrüßung und Einführung durch die Organisator*innen Panel 1 Topik und Stereotyp 15:15–15:45 Maria Hinzmann: Forschungstopoi versus Stereotype? Potentiale der Topik als Heuristik für die Vermittlung von Objekt- und Metasprache 15:45–16:15 Jule Thiemann: ›Ditch the label!‹ Von der ›Gastarbeiterliteratur‹ zur ›Postmigrantischen Literatur‹ 16:15–16:45 Sanja Lazarević Radak: Deconstruction or Re-invention: Discourse Analysis &hellip; <a href="https://blogs.fu-berlin.de/stereotypes/programm/" class="more-link"><span class="screen-reader-text">„Programm“</span> weiterlesen</a></p>
