{"id":26,"date":"2016-04-07T14:25:45","date_gmt":"2016-04-07T12:25:45","guid":{"rendered":"https:\/\/blogs.fu-berlin.de\/subjectstocyborgs\/?page_id=26"},"modified":"2016-04-07T16:06:31","modified_gmt":"2016-04-07T14:06:31","slug":"contact","status":"publish","type":"page","link":"https:\/\/blogs.fu-berlin.de\/subjectstocyborgs\/contact\/","title":{"rendered":"About me"},"content":{"rendered":"<p><a href=\"https:\/\/blogs.fu-berlin.de\/subjectstocyborgs\/files\/2016\/04\/Ulrike.jpg\"><img loading=\"lazy\" decoding=\"async\" class=\" size-medium wp-image-33 alignleft\" src=\"https:\/\/blogs.fu-berlin.de\/subjectstocyborgs\/files\/2016\/04\/Ulrike-252x300.jpg\" alt=\"Ulrike\" width=\"252\" height=\"300\" srcset=\"https:\/\/blogs.fu-berlin.de\/subjectstocyborgs\/files\/2016\/04\/Ulrike-252x300.jpg 252w, https:\/\/blogs.fu-berlin.de\/subjectstocyborgs\/files\/2016\/04\/Ulrike.jpg 742w\" sizes=\"auto, (max-width: 252px) 100vw, 252px\" \/><\/a>I am a political scientist with particular expertise in political theory and interests ranging from the history of ideas to the impact of the internet of individuals and society. In 2011 I completed my Phd in Political Science with a dissertation on &#8220;<a href=\"https:\/\/www.google.com\/url?sa=t&amp;rct=j&amp;q=&amp;esrc=s&amp;source=web&amp;cd=1&amp;ved=0ahUKEwijiojx1fzLAhXEjywKHTTjDZwQFgghMAA&amp;url=http%3A%2F%2Fwww.diss.fu-berlin.de%2Fdiss%2Fservlets%2FMCRFileNodeServlet%2FFUDISS_derivate_000000015560%2Fhoeppnerx2011x-xpowerxandxglobalization.pdf&amp;usg=AFQjCNHWspSxEuCePt-MCiztbLuTIw3NlQ&amp;sig2=xLX2wQBz58XiOiuhNqUXYQ\">Power and Globalization<\/a>&#8220;.\u00a0 I have taught classes in political theory (and some other areas) at the department for more than ten years, for example on <a href=\"https:\/\/blogs.fu-berlin.de\/menschundtechnik\">Political Theories of Men and Technology<\/a>, <a href=\"https:\/\/blogs.fu-berlin.de\/privatheit\/\">The Concept of Privacy<\/a> and a variety of subjects in the<a href=\"https:\/\/www.theoriewiki.org\"> history of ideas<\/a>.<\/p>\n<p>If you have any questions, concerns or would like to schedule an appointment, please write me a mail at u.hoeppner to my googlemail.com account.<\/p>\n<p>&nbsp;<\/p>\n<p>&nbsp;<\/p>\n<p>&nbsp;<\/p>\n<h2>Dienstanbieter:<\/h2>\n<p>Freie Universit\u00e4t Berlin, vertreten durch den <a href=\"https:\/\/www.fu-berlin.de\/einrichtungen\/organe\/praesidium\/praesident\/index.html\" target=\"_self\">Pr\u00e4sidenten<\/a>.<\/p>\n<h2>Anschrift:<\/h2>\n<p>Freie Universit\u00e4t Berlin<br \/>\nPr\u00e4sidium<br \/>\nKaiserswerther Str. 16\/18<br \/>\n14195 Berlin<\/p>\n<h2><strong>Umsatzsteueridentifikationsnummer:<\/strong><\/h2>\n<p>DE 811304768<\/p>\n<h2>Inhaltliche Verantwortung nach \u00a7 55 RfStV:<\/h2>\n<p>Dr. Ulrike H\u00f6ppner<\/p>\n<p>c\/0 Studienb\u00fcro Fachbereich Politik- und Sozialwissenschaften<br \/>\nIhnestr. 21, 14195 Berlin<br \/>\nE-Mail: ulhoe@zedat.fu-berlin.de<\/p>\n<h2>Rechtsform:<\/h2>\n<p>Die Freie Universit\u00e4t Berlin ist eine K\u00f6rperschaft des \u00f6ffentlichen Rechts gem. \u00a7\u00a7 1 und 2 Berliner Hochschulgesetz (BerlHG). Das Webangebot der Freien Universit\u00e4t Berlin unterliegt dem geltenden <a title=\"Freie Universit\u00e4t Berlin: Urheberrecht\/Copyright\" href=\"https:\/\/www.fu-berlin.de\/redaktion\/copyright\/index.html\">Urheberrecht<\/a>. Beachten Sie bitte auch unseren <a title=\"Haftungsausschluss - Disclaimer, FU Berlin\" href=\"https:\/\/www.fu-berlin.de\/redaktion\/disclaimer\/index.html\">Haftungsausschluss\/Disclaimer.<\/a><\/p>\n<h2>Aufsichtsbeh\u00f6rde<\/h2>\n<p>Aufsichtsbeh\u00f6rde ist die nach \u00a7 89 BerlHG zust\u00e4ndige Berliner Senatsverwaltung f\u00fcr Bildung, Wissenschaft und Forschung.<\/p>\n","protected":false},"excerpt":{"rendered":"<p>I am a political scientist with particular expertise in political theory and interests ranging from the history of ideas to the impact of the internet of individuals and society. In 2011 I completed my Phd in Political Science with a dissertation on &#8220;Power and Globalization&#8220;.\u00a0 I have taught classes in political theory (and some other [&hellip;]<\/p>\n","protected":false},"author":417,"featured_media":0,"parent":0,"menu_order":5,"comment_status":"open","ping_status":"closed","template":"","meta":{"footnotes":""},"class_list":["post-26","page","type-page","status-publish","hentry"],"_links":{"self":[{"href":"https:\/\/blogs.fu-berlin.de\/subjectstocyborgs\/wp-json\/wp\/v2\/pages\/26","targetHints":{"allow":["GET"]}}],"collection":[{"href":"https:\/\/blogs.fu-berlin.de\/subjectstocyborgs\/wp-json\/wp\/v2\/pages"}],"about":[{"href":"https:\/\/blogs.fu-berlin.de\/subjectstocyborgs\/wp-json\/wp\/v2\/types\/page"}],"author":[{"embeddable":true,"href":"https:\/\/blogs.fu-berlin.de\/subjectstocyborgs\/wp-json\/wp\/v2\/users\/417"}],"replies":[{"embeddable":true,"href":"https:\/\/blogs.fu-berlin.de\/subjectstocyborgs\/wp-json\/wp\/v2\/comments?post=26"}],"version-history":[{"count":5,"href":"https:\/\/blogs.fu-berlin.de\/subjectstocyborgs\/wp-json\/wp\/v2\/pages\/26\/revisions"}],"predecessor-version":[{"id":32,"href":"https:\/\/blogs.fu-berlin.de\/subjectstocyborgs\/wp-json\/wp\/v2\/pages\/26\/revisions\/32"}],"wp:attachment":[{"href":"https:\/\/blogs.fu-berlin.de\/subjectstocyborgs\/wp-json\/wp\/v2\/media?parent=26"}],"curies":[{"name":"wp","href":"https:\/\/api.w.org\/{rel}","templated":true}]}}