{"id":12,"date":"2012-03-03T00:20:37","date_gmt":"2012-03-02T23:20:37","guid":{"rendered":"https:\/\/blogs.fu-berlin.de\/symjapan\/?page_id=12"},"modified":"2014-04-15T06:37:16","modified_gmt":"2014-04-15T04:37:16","slug":"symposium2011","status":"publish","type":"page","link":"https:\/\/blogs.fu-berlin.de\/symjapan\/archiv\/symposium2011\/","title":{"rendered":"2011"},"content":{"rendered":"<p style=\"text-align: center\"><a name=\"oben\"><\/a><strong>Call for Papers und Programm<\/strong><\/p>\n<p style=\"text-align: right\"><a href=\"#programm\">direkt zum Programm<\/a><\/p>\n<p><strong>Call for Papers<\/strong><\/p>\n<p>Titel: <em>K\u00f6rper. Grenzen?<br \/>\n&#8211; Diskursive Praktiken des K\u00f6rperlichen in Japan &#8211;<\/em><\/p>\n<p>Von Sch\u00f6nheitschirurgie \u00fcber Rassenideologien, von Fragen des Alterns, der Sexualit\u00e4t bis hin zum rituellen Selbstmord \u2014 sie alle eint: der Bezug zum K\u00f6rper. Er ist Schlachtfeld verschiedenster Diskurse und sein Bild stets im Wandel. Wie werden K\u00f6rperbilder in Japan produziert und wahrgenommen? Wie stellt sich die Wechselwirkung zwischen Gesellschaft und K\u00f6rper dar? Wie weit k\u00f6nnen K\u00f6rper als Metapher, Einschreibungsfl\u00e4che oder ver\u00e4nderbare Konstruktionen gelesen werden? Die Fragen, die sich an den K\u00f6rper stellen lassen, decken Interdependenzen und Implikationen auf, die auch R\u00fcckschl\u00fcsse auf andere (Wissens-)Felder zulassen.<\/p>\n<p>Die Studentenschaft der Japanologie der Freien Universit\u00e4t Berlin ruft daher unter demThema \u201eK\u00f6rper. Grenzen? Diskursive Praktiken des K\u00f6rperlichen in Japan\u201c Studierende der Japanologie jeder Disziplin zum 1. Studentischen Symposium auf. Wir m\u00f6chten der Frage nachgehen wie K\u00f6rperlichkeit und ihre Grenzen auf multidisziplin\u00e4re Weise in japanischen Kontexten beschrieben, gedacht und<br \/>\nrepr\u00e4sentiert werden k\u00f6nnen.<\/p>\n<p>Das Symposium richtet sich an Studierende und Nachwuchswissenschaftler_Innen und soll Gelegenheit bieten Vortr\u00e4ge vor einem breiten Publikum zu halten und aktuelle oder zuk\u00fcnftige Forschungsthemen vorzustellen. Das Ziel ist die F\u00f6rderung des studentischen Austausches innerhalb der deutschen Japanologie.<\/p>\n<p>Interessierte Studierende werden gebeten bis zum 01.03.2011 ein Abstract (ca. 300-500 W\u00f6rter) sowie eine Kurzbiographie (letzte\/geplante Abschlussarbeit, Themenschwerpunkte) an symposium.berlin@gmail.com zu schicken. Die Vortragszeit sollte nicht mehr als 20 Minuten betragen. F\u00fcr jeden Vortrag sind zun\u00e4chst 10 Minuten Diskussionszeit vorgesehen.<\/p>\n<p><a id=\"programm\" name=\"programm\"><\/a><br \/>\n<strong>Programm<\/strong><br \/>\n30.04.2011, Ostasiatischen Seminar der FU Berlin<\/p>\n<p><strong>12:00 Begr\u00fc\u00dfung durch Prof. Dr. Irmela Hijiya-Kirschnereit und die Veranstalter<\/strong><\/p>\n<hr noshade=\"noshade\" size=\"1\" \/>\n<p>12:30: <strong>Markus R\u00fcsch<\/strong>: Yuasa Yasuos Theorie des K\u00f6rpers &#8211; ein fehlgeschlagener Beitrag zur Rolle der Philosophie als Wissenschaft?<\/p>\n<p>13:00: <strong>Hannah Janz<\/strong>: It\u014d Hiromi: Kategorisierung vs. pers\u00f6nliche Erfahrung &#8211; Eine Interpretation zwischen feministischer und queerer Theorie<\/p>\n<hr noshade=\"noshade\" size=\"1\" \/>\n<p><em>13:30: Mittagspause<\/em><\/p>\n<hr noshade=\"noshade\" size=\"1\" \/>\n<p>14:30: <strong>Christopher Scholz<\/strong>: &#8222;Kopf an Fu\u00df, Fu\u00df an Kopf.&#8220; &#8211; Transgressive K\u00f6rper in der Literatur Kanehara Hitomis<\/p>\n<p>15:00: <strong>Kevin Junk<\/strong>: Auf der Suche nach dem verlorenen K\u00f6rper: Mishima Yukios Gogo no eik\u014d<\/p>\n<hr noshade=\"noshade\" size=\"1\" \/>\n<p><em>15:30: Pause<\/em><\/p>\n<hr noshade=\"noshade\" size=\"1\" \/>\n<p>16:00: <strong>Oliver Hartmann<\/strong>: \u201eDie Geschichte vom Veilchen und der Sch\u00e4ferin\u201c. Wenn Musik und Film K\u00f6rperlichkeit erzeugen \u2013 Murakami Harukis Sputnik Sweetheart intermedial gelesen<\/p>\n<hr noshade=\"noshade\" size=\"1\" \/>\n<p><strong>16:30: Abschlu\u00dfdiskussion<\/strong><\/p>\n<p><a href=\"#oben\">nach oben<\/a><\/p>\n","protected":false},"excerpt":{"rendered":"<p>Call for Papers und Programm direkt zum Programm Call for Papers Titel: K\u00f6rper. Grenzen? &#8211; Diskursive Praktiken des K\u00f6rperlichen in Japan &#8211; Von Sch\u00f6nheitschirurgie \u00fcber Rassenideologien, von Fragen des Alterns, der Sexualit\u00e4t bis hin zum rituellen Selbstmord \u2014 sie alle eint: der Bezug zum K\u00f6rper. Er ist Schlachtfeld verschiedenster Diskurse und sein Bild stets im [&hellip;]<\/p>\n","protected":false},"author":760,"featured_media":0,"parent":235,"menu_order":8,"comment_status":"closed","ping_status":"closed","template":"","meta":{"footnotes":""},"class_list":["post-12","page","type-page","status-publish","hentry"],"_links":{"self":[{"href":"https:\/\/blogs.fu-berlin.de\/symjapan\/wp-json\/wp\/v2\/pages\/12","targetHints":{"allow":["GET"]}}],"collection":[{"href":"https:\/\/blogs.fu-berlin.de\/symjapan\/wp-json\/wp\/v2\/pages"}],"about":[{"href":"https:\/\/blogs.fu-berlin.de\/symjapan\/wp-json\/wp\/v2\/types\/page"}],"author":[{"embeddable":true,"href":"https:\/\/blogs.fu-berlin.de\/symjapan\/wp-json\/wp\/v2\/users\/760"}],"replies":[{"embeddable":true,"href":"https:\/\/blogs.fu-berlin.de\/symjapan\/wp-json\/wp\/v2\/comments?post=12"}],"version-history":[{"count":23,"href":"https:\/\/blogs.fu-berlin.de\/symjapan\/wp-json\/wp\/v2\/pages\/12\/revisions"}],"predecessor-version":[{"id":238,"href":"https:\/\/blogs.fu-berlin.de\/symjapan\/wp-json\/wp\/v2\/pages\/12\/revisions\/238"}],"up":[{"embeddable":true,"href":"https:\/\/blogs.fu-berlin.de\/symjapan\/wp-json\/wp\/v2\/pages\/235"}],"wp:attachment":[{"href":"https:\/\/blogs.fu-berlin.de\/symjapan\/wp-json\/wp\/v2\/media?parent=12"}],"curies":[{"name":"wp","href":"https:\/\/api.w.org\/{rel}","templated":true}]}}

<p style="text-align: center"><a name="oben"></a><strong>Call for Papers und Programm</strong></p>
<p style="text-align: right"><a href="#programm">direkt zum Programm</a></p>
<p><strong>Call for Papers</strong></p>
<p>Titel: <em>Körper. Grenzen?<br />
&#8211; Diskursive Praktiken des Körperlichen in Japan &#8211;</em></p>
<p>Von Schönheitschirurgie über Rassenideologien, von Fragen des Alterns, der Sexualität bis hin zum rituellen Selbstmord — sie alle eint: der Bezug zum Körper. Er ist Schlachtfeld verschiedenster Diskurse und sein Bild stets im Wandel. Wie werden Körperbilder in Japan produziert und wahrgenommen? Wie stellt sich die Wechselwirkung zwischen Gesellschaft und Körper dar? Wie weit können Körper als Metapher, Einschreibungsfläche oder veränderbare Konstruktionen gelesen werden? Die Fragen, die sich an den Körper stellen lassen, decken Interdependenzen und Implikationen auf, die auch Rückschlüsse auf andere (Wissens-)Felder zulassen.</p>
<p>Die Studentenschaft der Japanologie der Freien Universität Berlin ruft daher unter demThema „Körper. Grenzen? Diskursive Praktiken des Körperlichen in Japan“ Studierende der Japanologie jeder Disziplin zum 1. Studentischen Symposium auf. Wir möchten der Frage nachgehen wie Körperlichkeit und ihre Grenzen auf multidisziplinäre Weise in japanischen Kontexten beschrieben, gedacht und<br />
repräsentiert werden können.</p>
<p>Das Symposium richtet sich an Studierende und Nachwuchswissenschaftler_Innen und soll Gelegenheit bieten Vorträge vor einem breiten Publikum zu halten und aktuelle oder zukünftige Forschungsthemen vorzustellen. Das Ziel ist die Förderung des studentischen Austausches innerhalb der deutschen Japanologie.</p>
<p>Interessierte Studierende werden gebeten bis zum 01.03.2011 ein Abstract (ca. 300-500 Wörter) sowie eine Kurzbiographie (letzte/geplante Abschlussarbeit, Themenschwerpunkte) an symposium.berlin@gmail.com zu schicken. Die Vortragszeit sollte nicht mehr als 20 Minuten betragen. Für jeden Vortrag sind zunächst 10 Minuten Diskussionszeit vorgesehen.</p>
<p><a id="programm" name="programm"></a><br />
<strong>Programm</strong><br />
30.04.2011, Ostasiatischen Seminar der FU Berlin</p>
<p><strong>12:00 Begrüßung durch Prof. Dr. Irmela Hijiya-Kirschnereit und die Veranstalter</strong></p>
<hr noshade="noshade" size="1" />
<p>12:30: <strong>Markus Rüsch</strong>: Yuasa Yasuos Theorie des Körpers &#8211; ein fehlgeschlagener Beitrag zur Rolle der Philosophie als Wissenschaft?</p>
<p>13:00: <strong>Hannah Janz</strong>: Itō Hiromi: Kategorisierung vs. persönliche Erfahrung &#8211; Eine Interpretation zwischen feministischer und queerer Theorie</p>
<hr noshade="noshade" size="1" />
<p><em>13:30: Mittagspause</em></p>
<hr noshade="noshade" size="1" />
<p>14:30: <strong>Christopher Scholz</strong>: &#8222;Kopf an Fuß, Fuß an Kopf.&#8220; &#8211; Transgressive Körper in der Literatur Kanehara Hitomis</p>
<p>15:00: <strong>Kevin Junk</strong>: Auf der Suche nach dem verlorenen Körper: Mishima Yukios Gogo no eikō</p>
<hr noshade="noshade" size="1" />
<p><em>15:30: Pause</em></p>
<hr noshade="noshade" size="1" />
<p>16:00: <strong>Oliver Hartmann</strong>: „Die Geschichte vom Veilchen und der Schäferin“. Wenn Musik und Film Körperlichkeit erzeugen – Murakami Harukis Sputnik Sweetheart intermedial gelesen</p>
<hr noshade="noshade" size="1" />
<p><strong>16:30: Abschlußdiskussion</strong></p>
<p><a href="#oben">nach oben</a></p>

<p>Call for Papers und Programm direkt zum Programm Call for Papers Titel: Körper. Grenzen? &#8211; Diskursive Praktiken des Körperlichen in Japan &#8211; Von Schönheitschirurgie über Rassenideologien, von Fragen des Alterns, der Sexualität bis hin zum rituellen Selbstmord — sie alle eint: der Bezug zum Körper. Er ist Schlachtfeld verschiedenster Diskurse und sein Bild stets im [&hellip;]</p>
