{"id":12,"date":"2025-05-13T14:52:34","date_gmt":"2025-05-13T12:52:34","guid":{"rendered":"https:\/\/blogs.fu-berlin.de\/wurzelwerk\/?page_id=12"},"modified":"2025-06-13T08:35:27","modified_gmt":"2025-06-13T06:35:27","slug":"hof-holz-und-silberlaube","status":"publish","type":"page","link":"https:\/\/blogs.fu-berlin.de\/wurzelwerk\/hof-holz-und-silberlaube\/","title":{"rendered":"Hof Holz- und Silberlaube"},"content":{"rendered":"\n<div class=\"h5p-iframe-wrapper\"><iframe id=\"h5p-iframe-2\" class=\"h5p-iframe\" data-content-id=\"2\" style=\"height:1px\" src=\"about:blank\" frameBorder=\"0\" scrolling=\"no\" title=\"Baumgie\u00dfkalender Holz- und Silberlaube\"><\/iframe><\/div>\n\n\n\n<p><strong>BEDIENUNG<\/strong><\/p>\n\n\n\n<div class=\"wp-block-columns is-layout-flex wp-container-core-columns-is-layout-9d6595d7 wp-block-columns-is-layout-flex\">\n<div class=\"wp-block-column is-layout-flow wp-block-column-is-layout-flow\"><div class=\"wp-block-image\">\n<figure class=\"aligncenter size-full is-resized\"><img loading=\"lazy\" decoding=\"async\" src=\"https:\/\/blogs.fu-berlin.de\/wurzelwerk\/files\/2025\/06\/rth-legende-info.png\" alt=\"\" class=\"wp-image-73\" width=\"159\" height=\"98\" srcset=\"https:\/\/blogs.fu-berlin.de\/wurzelwerk\/files\/2025\/06\/rth-legende-info.png 474w, https:\/\/blogs.fu-berlin.de\/wurzelwerk\/files\/2025\/06\/rth-legende-info-300x187.png 300w\" sizes=\"auto, (max-width: 159px) 85vw, 159px\" \/><\/figure><\/div>\n\n\n<p class=\"has-text-align-center\">Infos zum Baum<\/p>\n<\/div>\n\n\n\n<div class=\"wp-block-column is-layout-flow wp-block-column-is-layout-flow\"><div class=\"wp-block-image\">\n<figure class=\"aligncenter size-full is-resized\"><img loading=\"lazy\" decoding=\"async\" src=\"https:\/\/blogs.fu-berlin.de\/wurzelwerk\/files\/2025\/06\/rth-legende-zoom.png\" alt=\"\" class=\"wp-image-84\" width=\"50\" height=\"98\" \/><\/figure><\/div>\n\n\n<p class=\"has-text-align-center\">Zoom in \/ Zoom out<\/p>\n<\/div>\n\n\n\n<div class=\"wp-block-column is-layout-flow wp-block-column-is-layout-flow\"><div class=\"wp-block-image\">\n<figure class=\"aligncenter size-full is-resized\"><img loading=\"lazy\" decoding=\"async\" src=\"https:\/\/blogs.fu-berlin.de\/wurzelwerk\/files\/2025\/06\/viewpoints.png\" alt=\"\" class=\"wp-image-100\" width=\"124\" height=\"62\" \/><\/figure><\/div>\n\n\n<p class=\"has-text-align-center\">Perspektiven von au\u00dfen<\/p>\n<\/div>\n<\/div>\n\n\n<div class=\"wp-block-image\">\n<figure class=\"aligncenter size-large is-resized\"><a href=\"https:\/\/blogs.fu-berlin.de\/wurzelwerk\/fabeckstrasse\/\"><img loading=\"lazy\" decoding=\"async\" src=\"https:\/\/blogs.fu-berlin.de\/wurzelwerk\/files\/2025\/05\/rth-fabeck-button-darkgreen-1024x316.png\" alt=\"\" class=\"wp-image-67\" width=\"265\" height=\"81\" srcset=\"https:\/\/blogs.fu-berlin.de\/wurzelwerk\/files\/2025\/05\/rth-fabeck-button-darkgreen-1024x316.png 1024w, https:\/\/blogs.fu-berlin.de\/wurzelwerk\/files\/2025\/05\/rth-fabeck-button-darkgreen-300x92.png 300w, https:\/\/blogs.fu-berlin.de\/wurzelwerk\/files\/2025\/05\/rth-fabeck-button-darkgreen-768x237.png 768w, https:\/\/blogs.fu-berlin.de\/wurzelwerk\/files\/2025\/05\/rth-fabeck-button-darkgreen-1200x370.png 1200w, https:\/\/blogs.fu-berlin.de\/wurzelwerk\/files\/2025\/05\/rth-fabeck-button-darkgreen.png 1405w\" sizes=\"auto, (max-width: 265px) 85vw, 265px\" \/><\/a><\/figure><\/div>\n\n\n<p class=\"has-text-align-center\"><a href=\"https:\/\/blogs.fu-berlin.de\/wurzelwerk\/fabeckstrasse\/\">Link zum Gie\u00dfkalender Fabeckstra\u00dfe<\/a><\/p>\n","protected":false},"excerpt":{"rendered":"<p>BEDIENUNG Infos zum Baum Zoom in \/ Zoom out Perspektiven von au\u00dfen Link zum Gie\u00dfkalender Fabeckstra\u00dfe<\/p>\n","protected":false},"author":3797,"featured_media":0,"parent":0,"menu_order":0,"comment_status":"closed","ping_status":"closed","template":"","meta":{"footnotes":""},"class_list":["post-12","page","type-page","status-publish","hentry"],"_links":{"self":[{"href":"https:\/\/blogs.fu-berlin.de\/wurzelwerk\/wp-json\/wp\/v2\/pages\/12","targetHints":{"allow":["GET"]}}],"collection":[{"href":"https:\/\/blogs.fu-berlin.de\/wurzelwerk\/wp-json\/wp\/v2\/pages"}],"about":[{"href":"https:\/\/blogs.fu-berlin.de\/wurzelwerk\/wp-json\/wp\/v2\/types\/page"}],"author":[{"embeddable":true,"href":"https:\/\/blogs.fu-berlin.de\/wurzelwerk\/wp-json\/wp\/v2\/users\/3797"}],"replies":[{"embeddable":true,"href":"https:\/\/blogs.fu-berlin.de\/wurzelwerk\/wp-json\/wp\/v2\/comments?post=12"}],"version-history":[{"count":13,"href":"https:\/\/blogs.fu-berlin.de\/wurzelwerk\/wp-json\/wp\/v2\/pages\/12\/revisions"}],"predecessor-version":[{"id":102,"href":"https:\/\/blogs.fu-berlin.de\/wurzelwerk\/wp-json\/wp\/v2\/pages\/12\/revisions\/102"}],"wp:attachment":[{"href":"https:\/\/blogs.fu-berlin.de\/wurzelwerk\/wp-json\/wp\/v2\/media?parent=12"}],"curies":[{"name":"wp","href":"https:\/\/api.w.org\/{rel}","templated":true}]}}