{"id":152,"date":"2015-06-18T14:05:51","date_gmt":"2015-06-18T14:05:51","guid":{"rendered":"https:\/\/blogs.fu-berlin.de\/zufo\/?page_id=152"},"modified":"2016-05-19T09:01:54","modified_gmt":"2016-05-19T09:01:54","slug":"spielpraxis","status":"publish","type":"page","link":"https:\/\/blogs.fu-berlin.de\/zufo\/programm\/spielpraxis\/","title":{"rendered":"Spielpraxis"},"content":{"rendered":"<p><span style=\"color: #99cc00\"><strong>Samstag, 18.7.2015<\/strong><\/span><\/p>\n<p><strong>Praxis-Stationen\u00a0<\/strong><\/p>\n<figure id=\"attachment_539\" aria-describedby=\"caption-attachment-539\" style=\"width: 300px\" class=\"wp-caption alignright\"><a href=\"https:\/\/blogs.fu-berlin.de\/zufo\/files\/2015\/09\/DSCF6394.jpg\"><img loading=\"lazy\" decoding=\"async\" class=\"wp-image-539 size-medium\" src=\"https:\/\/blogs.fu-berlin.de\/zufo\/files\/2015\/09\/DSCF6394-300x225.jpg\" alt=\"DSCF6394\" width=\"300\" height=\"225\" srcset=\"https:\/\/blogs.fu-berlin.de\/zufo\/files\/2015\/09\/DSCF6394-300x225.jpg 300w, https:\/\/blogs.fu-berlin.de\/zufo\/files\/2015\/09\/DSCF6394.jpg 800w\" sizes=\"auto, (max-width: 300px) 85vw, 300px\" \/><\/a><figcaption id=\"caption-attachment-539\" class=\"wp-caption-text\">\u00a9 Huddle* 2015 &#8211; Alumni Zukunftsforschung<\/figcaption><\/figure>\n<p>Absolventen_innen geben Einblicke in ihre\u00a0(ersten) Berufserfahrungen im weiten Feld der Zukunftsforschung . F\u00fcr welche T\u00e4tigkeiten ist ein Master in Zukunftsforschung unerl\u00e4sslich? Welche Schwerpunkte kann man mit einem zukunftstwissenschaftlichen Abschluss setzen? Und wo \u00fcberall kommen\u00a0 Zuk\u00fcnfte ins Spiel? Diese Fragen werden \u00a0an verschiedenen \u201eStationen\u201c diskutiert.<\/p>\n<p>Orga: <a href=\"https:\/\/www.kapitel21-zukunftsforschung.de\/\" target=\"_blank\">Kapitel 21: Zukunftsforschung<\/a> \/Kai Gondlach und Julian Kattinger<\/p>\n<ul>\n<li>Josefa Kny, Norbert Elias Center for Transformation Design &amp; Research\/Uni Flensburg, 2. Zyklus<\/li>\n<li>Eva Nitsch, Lehrkraft f\u00fcr besondere Aufgaben, Lehrstuhl f\u00fcr P\u00e4dagogische Psychologie, Universit\u00e4t Vechta, 2. Zyklus<\/li>\n<li>Kai Gondlach, Senior Research Fellow 2b AHEAD ThinkTank, 2. Zyklus<\/li>\n<li>Bita Daryan, VW AG, 2. Zyklus<\/li>\n<li>Rebecca Heil, Bayer MaterialScience, 2. Zyklus<\/li>\n<li>Frederik Eichelbaum, Hypermorgen &amp; zipster, 1. Zyklus<\/li>\n<li>Gabriele v.\u00a0Ramin\u00a0und Kristina Edge,\u00a0<a href=\"https:\/\/zukunft-im-alter.org\/\">zukunft-im-alter.org<\/a>, 3. Zyklus<\/li>\n<li>Tobias Jetzke, VDI\/VDE, 2. Zyklus<\/li>\n<li>Anita Mehnert, Internationale Klimaschutzinitiative\u00a0(IKI), 2. Zyklus<\/li>\n<\/ul>\n<p>&nbsp;<\/p>\n<p><strong>Workshop(s)<\/strong><\/p>\n<p><strong>Design Thinking\/Gamification im Foresight-Prozess \u2013 Entwicklung von Zukunftsspielen (Weigend) (f\u00fcr 15-20 Personen)<\/strong><\/p>\n<figure id=\"attachment_595\" aria-describedby=\"caption-attachment-595\" style=\"width: 500px\" class=\"wp-caption aligncenter\"><a href=\"https:\/\/blogs.fu-berlin.de\/zufo\/files\/2015\/06\/Huddle_Fotos_Auswahl.jpg\"><img loading=\"lazy\" decoding=\"async\" class=\"wp-image-595\" src=\"https:\/\/blogs.fu-berlin.de\/zufo\/files\/2015\/06\/Huddle_Fotos_Auswahl-1024x640.jpg\" alt=\"\" width=\"500\" height=\"313\" srcset=\"https:\/\/blogs.fu-berlin.de\/zufo\/files\/2015\/06\/Huddle_Fotos_Auswahl-1024x640.jpg 1024w, https:\/\/blogs.fu-berlin.de\/zufo\/files\/2015\/06\/Huddle_Fotos_Auswahl-300x188.jpg 300w\" sizes=\"auto, (max-width: 500px) 85vw, 500px\" \/><\/a><figcaption id=\"caption-attachment-595\" class=\"wp-caption-text\">\u00a9 Huddle* 2015 Spielimpressionen<\/figcaption><\/figure>\n<p>&nbsp;<\/p>\n<p>&nbsp;<\/p>\n","protected":false},"excerpt":{"rendered":"<p>Samstag, 18.7.2015 Praxis-Stationen\u00a0 Absolventen_innen geben Einblicke in ihre\u00a0(ersten) Berufserfahrungen im weiten Feld der Zukunftsforschung . F\u00fcr welche T\u00e4tigkeiten ist ein Master in Zukunftsforschung unerl\u00e4sslich? Welche Schwerpunkte kann man mit einem zukunftstwissenschaftlichen Abschluss setzen? Und wo \u00fcberall kommen\u00a0 Zuk\u00fcnfte ins Spiel? Diese Fragen werden \u00a0an verschiedenen \u201eStationen\u201c diskutiert. Orga: Kapitel 21: Zukunftsforschung \/Kai Gondlach und Julian &hellip; <a href=\"https:\/\/blogs.fu-berlin.de\/zufo\/programm\/spielpraxis\/\" class=\"more-link\"><span class=\"screen-reader-text\">\u201eSpielpraxis\u201c<\/span> weiterlesen<\/a><\/p>\n","protected":false},"author":951,"featured_media":0,"parent":5,"menu_order":8,"comment_status":"closed","ping_status":"closed","template":"","meta":{"footnotes":""},"class_list":["post-152","page","type-page","status-publish","hentry"],"_links":{"self":[{"href":"https:\/\/blogs.fu-berlin.de\/zufo\/wp-json\/wp\/v2\/pages\/152","targetHints":{"allow":["GET"]}}],"collection":[{"href":"https:\/\/blogs.fu-berlin.de\/zufo\/wp-json\/wp\/v2\/pages"}],"about":[{"href":"https:\/\/blogs.fu-berlin.de\/zufo\/wp-json\/wp\/v2\/types\/page"}],"author":[{"embeddable":true,"href":"https:\/\/blogs.fu-berlin.de\/zufo\/wp-json\/wp\/v2\/users\/951"}],"replies":[{"embeddable":true,"href":"https:\/\/blogs.fu-berlin.de\/zufo\/wp-json\/wp\/v2\/comments?post=152"}],"version-history":[{"count":16,"href":"https:\/\/blogs.fu-berlin.de\/zufo\/wp-json\/wp\/v2\/pages\/152\/revisions"}],"predecessor-version":[{"id":600,"href":"https:\/\/blogs.fu-berlin.de\/zufo\/wp-json\/wp\/v2\/pages\/152\/revisions\/600"}],"up":[{"embeddable":true,"href":"https:\/\/blogs.fu-berlin.de\/zufo\/wp-json\/wp\/v2\/pages\/5"}],"wp:attachment":[{"href":"https:\/\/blogs.fu-berlin.de\/zufo\/wp-json\/wp\/v2\/media?parent=152"}],"curies":[{"name":"wp","href":"https:\/\/api.w.org\/{rel}","templated":true}]}}