{"id":455,"date":"2015-07-24T08:50:16","date_gmt":"2015-07-24T08:50:16","guid":{"rendered":"https:\/\/blogs.fu-berlin.de\/zufo\/?page_id=455"},"modified":"2018-05-16T09:31:14","modified_gmt":"2018-05-16T09:31:14","slug":"spielkritik","status":"publish","type":"page","link":"https:\/\/blogs.fu-berlin.de\/zufo\/spielkritik\/","title":{"rendered":"Spielkritik"},"content":{"rendered":"<p>Das Huddle 2015 wurde von den Studierenden sowie von teilnehmenden Alumni und Lehrenden insgesamt sehr positiv bewertet, v.a. bot die Veranstaltung\u00a0neben neuen Impulsen, Input und Ideen viel Zeit zur Vernetzung.\u00a0Alle waren sich einig, dass das Veranstaltungsformat auch in Zukunft seine Fortsetzung finden sollte.<\/p>\n<p>Detaillierte Ergebnisse der Teilnehmendenbefragung\u00a0\u00a0sind in der von Michaela F\u00fchrer und Ina Kr\u00fcger durchgef\u00fchrten <a href=\"https:\/\/blogs.fu-berlin.de\/zufo\/files\/2015\/09\/Evaluation-Huddle-2015.pdf\">Evaluation<\/a> zu finden.<\/p>\n<div class=\"storify\">Einen kleinen R\u00fcckblick mit Twittermeldungen und mehr rund um die Veranstaltung bietet die\u00a0<a href=\"\/\/storify.com\/steg__mann\/getting-started\" target=\"_blank\" rel=\"noopener\">&#8222;Geschichte&#8220; des &#8222;Huddle* 2015 Zukunftsforschung an der Freien Universit\u00e4t Berlin&#8220;<\/a>\u00a0auf storify.<\/div>\n","protected":false},"excerpt":{"rendered":"<p>Das Huddle 2015 wurde von den Studierenden sowie von teilnehmenden Alumni und Lehrenden insgesamt sehr positiv bewertet, v.a. bot die Veranstaltung\u00a0neben neuen Impulsen, Input und Ideen viel Zeit zur Vernetzung.\u00a0Alle waren sich einig, dass das Veranstaltungsformat auch in Zukunft seine Fortsetzung finden sollte. Detaillierte Ergebnisse der Teilnehmendenbefragung\u00a0\u00a0sind in der von Michaela F\u00fchrer und Ina Kr\u00fcger &hellip; <a href=\"https:\/\/blogs.fu-berlin.de\/zufo\/spielkritik\/\" class=\"more-link\"><span class=\"screen-reader-text\">\u201eSpielkritik\u201c<\/span> weiterlesen<\/a><\/p>\n","protected":false},"author":951,"featured_media":0,"parent":0,"menu_order":5,"comment_status":"closed","ping_status":"closed","template":"","meta":{"footnotes":""},"class_list":["post-455","page","type-page","status-publish","hentry"],"_links":{"self":[{"href":"https:\/\/blogs.fu-berlin.de\/zufo\/wp-json\/wp\/v2\/pages\/455","targetHints":{"allow":["GET"]}}],"collection":[{"href":"https:\/\/blogs.fu-berlin.de\/zufo\/wp-json\/wp\/v2\/pages"}],"about":[{"href":"https:\/\/blogs.fu-berlin.de\/zufo\/wp-json\/wp\/v2\/types\/page"}],"author":[{"embeddable":true,"href":"https:\/\/blogs.fu-berlin.de\/zufo\/wp-json\/wp\/v2\/users\/951"}],"replies":[{"embeddable":true,"href":"https:\/\/blogs.fu-berlin.de\/zufo\/wp-json\/wp\/v2\/comments?post=455"}],"version-history":[{"count":18,"href":"https:\/\/blogs.fu-berlin.de\/zufo\/wp-json\/wp\/v2\/pages\/455\/revisions"}],"predecessor-version":[{"id":685,"href":"https:\/\/blogs.fu-berlin.de\/zufo\/wp-json\/wp\/v2\/pages\/455\/revisions\/685"}],"wp:attachment":[{"href":"https:\/\/blogs.fu-berlin.de\/zufo\/wp-json\/wp\/v2\/media?parent=455"}],"curies":[{"name":"wp","href":"https:\/\/api.w.org\/{rel}","templated":true}]}}